000
CDUS41 KBUF 252141
CLIART


CLIMATE REPORT
NATIONAL WEATHER SERVICE BUFFALO NY
439 PM EST TUE NOV 25 2014


...................................

...THE WATERTOWN NY CLIMATE SUMMARY FOR NOVEMBER 25 2014...
VALID TODAY AS OF 0400 PM LOCAL TIME.

CLIMATE NORMAL PERIOD 1981 TO 2010
CLIMATE RECORD PERIOD 1949 TO 2014


WEATHER ITEM   OBSERVED TIME   RECORD YEAR NORMAL DEPARTURE LAST
                VALUE   (LST)  VALUE       VALUE  FROM      YEAR
                                                  NORMAL
..................................................................
TEMPERATURE (F)
 TODAY
  MAXIMUM         48    309 AM  64    2001  43      5       36
  MINIMUM         39    437 PM   7    2013  27     12        7
  AVERAGE         44                        35      9       22

PRECIPITATION (IN)
  TODAY            T             1.02 1987   0.12  -0.12      T
  MONTH TO DATE    2.53                      3.14  -0.61     2.39
  SINCE SEP 1      7.73                     10.51  -2.78     9.78
  SINCE JAN 1     39.99                     32.31   7.68    31.58

DEGREE DAYS
 HEATING
  TODAY           21                        30     -9       43
  MONTH TO DATE  603                       644    -41      674
  SINCE SEP 1   1142                      1368   -226     1319
  SINCE JUL 1   1192                      1440   -248     1362

 COOLING
  TODAY            0                         0      0        0
  MONTH TO DATE    0                         0      0        0
  SINCE SEP 1     73                        38     35       48
  SINCE JAN 1    433                       362     71      481
..................................................................


WIND (MPH)
  HIGHEST WIND SPEED    30   HIGHEST WIND DIRECTION    SW (230)
  HIGHEST GUST SPEED    43   HIGHEST GUST DIRECTION    SW (230)
  AVERAGE WIND SPEED    16.5


SKY COVER
  AVERAGE SKY COVER 1.0


WEATHER CONDITIONS
 THE FOLLOWING WEATHER WAS RECORDED TODAY.
  NO SIGNIFICANT WEATHER WAS OBSERVED.


RELATIVE HUMIDITY (PERCENT)
 HIGHEST    67           300 PM
 LOWEST     49          1200 PM
 AVERAGE    58

..........................................................


THE WATERTOWN NY CLIMATE NORMALS FOR TOMORROW
                         NORMAL    RECORD    YEAR
 MAXIMUM TEMPERATURE (F)   43        65      1979
 MINIMUM TEMPERATURE (F)   26         2      1949


SUNRISE AND SUNSET
NOVEMBER 25 2014......SUNRISE   712 AM EST   SUNSET   430 PM EST
NOVEMBER 26 2014......SUNRISE   713 AM EST   SUNSET   430 PM EST


-  INDICATES NEGATIVE NUMBERS.
R  INDICATES RECORD WAS SET OR TIED.
MM INDICATES DATA IS MISSING.
T  INDICATES TRACE AMOUNT.

$$
