000
CDUS41 KBUF 120958
CLIART


CLIMATE REPORT
NATIONAL WEATHER SERVICE BUFFALO NY
458 AM EST THU JAN 12 2017


...................................

...THE WATERTOWN NY CLIMATE SUMMARY FOR JANUARY 11 2017...

CLIMATE NORMAL PERIOD 1981 TO 2010
CLIMATE RECORD PERIOD 1949 TO 2017


WEATHER ITEM   OBSERVED TIME   RECORD YEAR NORMAL DEPARTURE LAST
                VALUE   (LST)  VALUE       VALUE  FROM      YEAR
                                                  NORMAL
..................................................................
TEMPERATURE (F)
 YESTERDAY
  MAXIMUM         49   1123 PM  63    1975  29     20       30
  MINIMUM         36    131 AM -35    1981  10     26       18
  AVERAGE         43                        20     23       24

PRECIPITATION (IN)
  YESTERDAY        0.05          0.88 1997   0.09  -0.04     0.01
  MONTH TO DATE    1.04                      1.02   0.02     0.83
  SINCE DEC 1      3.23                      4.17  -0.94     3.27
  SINCE JAN 1      1.04                      1.02   0.02     0.83

DEGREE DAYS
 HEATING
  YESTERDAY       22                        45    -23       41
  MONTH TO DATE  471                       491    -20      433
  SINCE DEC 1   1588                      1688   -100     1213
  SINCE JUL 1   2930                      3287   -357     2580

 COOLING
  YESTERDAY        0                         0      0        0
  MONTH TO DATE    0                         0      0        0
  SINCE DEC 1      0                         0      0        0
  SINCE JAN 1      0                         0      0        0
..................................................................


WIND (MPH)
  HIGHEST WIND SPEED    33   HIGHEST WIND DIRECTION    SW (230)
  HIGHEST GUST SPEED    48   HIGHEST GUST DIRECTION    SW (220)
  AVERAGE WIND SPEED    15.0


SKY COVER
  AVERAGE SKY COVER 0.4


WEATHER CONDITIONS
 THE FOLLOWING WEATHER WAS RECORDED YESTERDAY.
  LIGHT RAIN
  FOG


RELATIVE HUMIDITY (PERCENT)
 HIGHEST    79           300 AM
 LOWEST     49           700 PM
 AVERAGE    64

..........................................................


THE WATERTOWN NY CLIMATE NORMALS FOR TODAY
                         NORMAL    RECORD    YEAR
 MAXIMUM TEMPERATURE (F)   29        53      2013
 MINIMUM TEMPERATURE (F)   10       -34      1968


SUNRISE AND SUNSET
JANUARY 12 2017.......SUNRISE   737 AM EST   SUNSET   449 PM EST
JANUARY 13 2017.......SUNRISE   736 AM EST   SUNSET   450 PM EST


-  INDICATES NEGATIVE NUMBERS.
R  INDICATES RECORD WAS SET OR TIED.
MM INDICATES DATA IS MISSING.
T  INDICATES TRACE AMOUNT.




$$
