025
CDUS41 KBUF 141027
CLIART


CLIMATE REPORT
NATIONAL WEATHER SERVICE BUFFALO NY
626 AM EDT THU MAY 14 2015


...................................

...THE WATERTOWN NY CLIMATE SUMMARY FOR MAY 13 2015...

CLIMATE NORMAL PERIOD 1981 TO 2010
CLIMATE RECORD PERIOD 1949 TO 2015


WEATHER ITEM   OBSERVED TIME   RECORD YEAR NORMAL DEPARTURE LAST
                VALUE   (LST)  VALUE       VALUE  FROM      YEAR
                                                  NORMAL
..................................................................
TEMPERATURE (F)
 YESTERDAY
  MAXIMUM         59    141 PM  82    2014  65     -6       82
  MINIMUM         38   1159 PM  22    2005  43     -5       54
  AVERAGE         49                        54     -5       68

PRECIPITATION (IN)
  YESTERDAY        T             1.51 2002   0.09  -0.09     0.28
  MONTH TO DATE    0.64                      1.20  -0.56     1.62
  SINCE MAR 1      3.16                      6.40  -3.24     9.66
  SINCE JAN 1      6.25                     11.28  -5.03    16.76

DEGREE DAYS
 HEATING
  YESTERDAY       16                        11      5        0
  MONTH TO DATE   79                       173    -94      141
  SINCE MAR 1   1887                      1875     12     2065
  SINCE JUL 1   7407                      7316     91     7736

 COOLING
  YESTERDAY        0                         0      0        3
  MONTH TO DATE   17                         0     17        8
  SINCE MAR 1     17                         1     16        8
  SINCE JAN 1     17                         1     16        8
..................................................................


WIND (MPH)
  HIGHEST WIND SPEED    20   HIGHEST WIND DIRECTION     W (260)
  HIGHEST GUST SPEED    25   HIGHEST GUST DIRECTION     W (260)
  AVERAGE WIND SPEED     9.7


SKY COVER
  AVERAGE SKY COVER 0.6


WEATHER CONDITIONS
 THE FOLLOWING WEATHER WAS RECORDED YESTERDAY.
  LIGHT RAIN
  FOG


RELATIVE HUMIDITY (PERCENT)
 HIGHEST    93           500 AM
 LOWEST     37           100 PM
 AVERAGE    65

..........................................................


THE WATERTOWN NY CLIMATE NORMALS FOR TODAY
                         NORMAL    RECORD    YEAR
 MAXIMUM TEMPERATURE (F)   65        85      1974
 MINIMUM TEMPERATURE (F)   43        27      1965


SUNRISE AND SUNSET
MAY 14 2015...........SUNRISE   539 AM EDT   SUNSET   822 PM EDT
MAY 15 2015...........SUNRISE   538 AM EDT   SUNSET   823 PM EDT


-  INDICATES NEGATIVE NUMBERS.
R  INDICATES RECORD WAS SET OR TIED.
MM INDICATES DATA IS MISSING.
T  INDICATES TRACE AMOUNT.




$$
