000
CDUS41 KBUF 141024
CLIART


CLIMATE REPORT
NATIONAL WEATHER SERVICE BUFFALO NY
623 AM EDT SAT OCT 14 2017


...................................

...THE WATERTOWN NY CLIMATE SUMMARY FOR OCTOBER 13 2017...

CLIMATE NORMAL PERIOD 1981 TO 2010
CLIMATE RECORD PERIOD 1949 TO 2017


WEATHER ITEM   OBSERVED TIME   RECORD YEAR NORMAL DEPARTURE LAST
                VALUE   (LST)  VALUE       VALUE  FROM      YEAR
                                                  NORMAL
..................................................................
TEMPERATURE (F)
 YESTERDAY
  MAXIMUM         62    609 PM  84    1983  59      3       60
  MINIMUM         44    249 AM  22    2012  39      5       34
  AVERAGE         53                        49      4       47

PRECIPITATION (IN)
  YESTERDAY        T             1.23 2005   0.12  -0.12     0.28
  MONTH TO DATE    5.51                      1.64   3.87     1.55
  SINCE SEP 1      6.80                      5.36   1.44     4.00
  SINCE JAN 1     37.53                     27.16  10.37    23.03

DEGREE DAYS
 HEATING
  YESTERDAY       12                        16     -4       18
  MONTH TO DATE   95                       182    -87      126
  SINCE SEP 1    242                       384   -142      270
  SINCE JUL 1    312                       456   -144      281

 COOLING
  YESTERDAY        0                         0      0        0
  MONTH TO DATE    5                         0      5        0
  SINCE SEP 1     58                        35     23       47
  SINCE JAN 1    388                       359     29      561
..................................................................


WIND (MPH)
  HIGHEST WIND SPEED    16   HIGHEST WIND DIRECTION     S (200)
  HIGHEST GUST SPEED    25   HIGHEST GUST DIRECTION     S (190)
  AVERAGE WIND SPEED     6.8


SKY COVER
  AVERAGE SKY COVER 0.8


WEATHER CONDITIONS
 THE FOLLOWING WEATHER WAS RECORDED YESTERDAY.
  HAZE


RELATIVE HUMIDITY (PERCENT)
 HIGHEST   100          1200 AM
 LOWEST     47          1000 AM
 AVERAGE    74

..........................................................


THE WATERTOWN NY CLIMATE NORMALS FOR TODAY
                         NORMAL    RECORD    YEAR
 MAXIMUM TEMPERATURE (F)   59        83      2014
 MINIMUM TEMPERATURE (F)   39        22      1991


SUNRISE AND SUNSET
OCTOBER 14 2017.......SUNRISE   718 AM EDT   SUNSET   622 PM EDT
OCTOBER 15 2017.......SUNRISE   719 AM EDT   SUNSET   620 PM EDT


-  INDICATES NEGATIVE NUMBERS.
R  INDICATES RECORD WAS SET OR TIED.
MM INDICATES DATA IS MISSING.
T  INDICATES TRACE AMOUNT.




$$
