000
CDUS41 KBUF 221023
CLIART


CLIMATE REPORT
NATIONAL WEATHER SERVICE BUFFALO NY
620 AM EDT SUN MAY 22 2016


...................................

...THE WATERTOWN NY CLIMATE SUMMARY FOR MAY 21 2016...

CLIMATE NORMAL PERIOD 1981 TO 2010
CLIMATE RECORD PERIOD 1949 TO 2016


WEATHER ITEM   OBSERVED TIME   RECORD YEAR NORMAL DEPARTURE LAST
                VALUE   (LST)  VALUE       VALUE  FROM      YEAR
                                                  NORMAL
..................................................................
TEMPERATURE (F)
 YESTERDAY
  MAXIMUM         69    952 AM  83    2012  67      2       61
                                      1953
  MINIMUM         37    407 AM  30    1964  45     -8       43
  AVERAGE         53                        56     -3       52

PRECIPITATION (IN)
  YESTERDAY        0.00          0.44 1996   0.10  -0.10     0.00
  MONTH TO DATE    1.40                      2.02  -0.62     0.65
  SINCE MAR 1      5.19                      7.22  -2.03     3.17
  SINCE JAN 1     11.00                     12.10  -1.10     6.26

DEGREE DAYS
 HEATING
  YESTERDAY       12                         9      3       13
  MONTH TO DATE  309                       255     54      155
  SINCE MAR 1   1977                      1957     20     1963
  SINCE JUL 1   6625                      7398   -773     7483

 COOLING
  YESTERDAY        0                         0      0        0
  MONTH TO DATE    0                         0      0       18
  SINCE MAR 1      0                         1     -1       18
  SINCE JAN 1      0                         1     -1       18
..................................................................


WIND (MPH)
  HIGHEST WIND SPEED    10   HIGHEST WIND DIRECTION    SW (210)
  HIGHEST GUST SPEED    16   HIGHEST GUST DIRECTION    SW (220)
  AVERAGE WIND SPEED     4.4


SKY COVER
  AVERAGE SKY COVER 0.2


WEATHER CONDITIONS
 THE FOLLOWING WEATHER WAS RECORDED YESTERDAY.
  NO SIGNIFICANT WEATHER WAS OBSERVED.


RELATIVE HUMIDITY (PERCENT)
 HIGHEST    92           400 AM
 LOWEST     39           900 AM
 AVERAGE    66

..........................................................


THE WATERTOWN NY CLIMATE NORMALS FOR TODAY
                         NORMAL    RECORD    YEAR
 MAXIMUM TEMPERATURE (F)   68        86      1955
 MINIMUM TEMPERATURE (F)   45        30      1990


SUNRISE AND SUNSET
MAY 22 2016...........SUNRISE   531 AM EDT   SUNSET   831 PM EDT
MAY 23 2016...........SUNRISE   530 AM EDT   SUNSET   832 PM EDT


-  INDICATES NEGATIVE NUMBERS.
R  INDICATES RECORD WAS SET OR TIED.
MM INDICATES DATA IS MISSING.
T  INDICATES TRACE AMOUNT.




$$
