000
CDUS41 KBUF 241011
CLIART


CLIMATE REPORT
NATIONAL WEATHER SERVICE BUFFALO NY
510 AM EST TUE FEB 24 2015


...................................

...THE WATERTOWN NY CLIMATE SUMMARY FOR FEBRUARY 23 2015...

CLIMATE NORMAL PERIOD 1981 TO 2010
CLIMATE RECORD PERIOD 1949 TO 2015


WEATHER ITEM   OBSERVED TIME   RECORD YEAR NORMAL DEPARTURE LAST
                VALUE   (LST)  VALUE       VALUE  FROM      YEAR
                                                  NORMAL
..................................................................
TEMPERATURE (F)
 YESTERDAY
  MAXIMUM         10   1229 AM  59    1984  34    -24       36
  MINIMUM         -3   1159 PM -29    1972  12    -15       24
  AVERAGE          4                        23    -19       30

PRECIPITATION (IN)
  YESTERDAY        T             1.23 1985   0.08  -0.08     0.00
  MONTH TO DATE    1.16                      1.81  -0.65     2.99
  SINCE DEC 1      4.75                      7.62  -2.87     9.09
  SINCE JAN 1      3.03                      4.47  -1.44     6.68

DEGREE DAYS
 HEATING
  YESTERDAY       61                        42     19       35
  MONTH TO DATE 1340                      1024    316     1068
  SINCE DEC 1   3864                      3636    228     3827
  SINCE JUL 1   5217                      5235    -18     5402

 COOLING
  YESTERDAY        0                         0      0        0
  MONTH TO DATE    0                         0      0        0
  SINCE DEC 1      0                         0      0        0
  SINCE JAN 1      0                         0      0        0
..................................................................


WIND (MPH)
  HIGHEST WIND SPEED    17   HIGHEST WIND DIRECTION     W (260)
  HIGHEST GUST SPEED    24   HIGHEST GUST DIRECTION     W (290)
  AVERAGE WIND SPEED    10.1


SKY COVER
  AVERAGE SKY COVER 0.3


WEATHER CONDITIONS
 THE FOLLOWING WEATHER WAS RECORDED YESTERDAY.
  LIGHT SNOW
  HAZE


RELATIVE HUMIDITY (PERCENT)
 HIGHEST    75           600 AM
 LOWEST     46           100 PM
 AVERAGE    61

..........................................................


THE WATERTOWN NY CLIMATE NORMALS FOR TODAY
                         NORMAL    RECORD    YEAR
 MAXIMUM TEMPERATURE (F)   34        53      1975
 MINIMUM TEMPERATURE (F)   13       -19      1993


SUNRISE AND SUNSET
FEBRUARY 24 2015......SUNRISE   650 AM EST   SUNSET   546 PM EST
FEBRUARY 25 2015......SUNRISE   648 AM EST   SUNSET   547 PM EST


-  INDICATES NEGATIVE NUMBERS.
R  INDICATES RECORD WAS SET OR TIED.
MM INDICATES DATA IS MISSING.
T  INDICATES TRACE AMOUNT.




$$
