000
CDUS41 KBUF 230706
CLIART


CLIMATE REPORT
NATIONAL WEATHER SERVICE BUFFALO NY
305 AM EDT MON MAR 23 2015


...................................

...THE WATERTOWN NY CLIMATE SUMMARY FOR MARCH 22 2015...

CLIMATE NORMAL PERIOD 1981 TO 2010
CLIMATE RECORD PERIOD 1949 TO 2015


WEATHER ITEM   OBSERVED TIME   RECORD YEAR NORMAL DEPARTURE LAST
                VALUE   (LST)  VALUE       VALUE  FROM      YEAR
                                                  NORMAL
..................................................................
TEMPERATURE (F)
 YESTERDAY
  MAXIMUM         25   1230 AM  70    2012  43    -18       42
  MINIMUM         13    842 AM   0    1988  23    -10       28
  AVERAGE         19                        33    -14       35

PRECIPITATION (IN)
  YESTERDAY        0.00          0.74 1999   0.07  -0.07     0.02
  MONTH TO DATE    0.43                      1.62  -1.19     1.18
  SINCE MAR 1      0.43                      1.62  -1.19     1.18
  SINCE JAN 1      3.52                      6.50  -2.98     8.28

DEGREE DAYS
 HEATING
  YESTERDAY       46                        32     14       30
  MONTH TO DATE  848                       799     49      976
  SINCE MAR 1    848                       799     49      976
  SINCE JUL 1   6368                      6240    128     6647

 COOLING
  YESTERDAY        0                         0      0        0
  MONTH TO DATE    0                         0      0        0
  SINCE MAR 1      0                         0      0        0
  SINCE JAN 1      0                         0      0        0
..................................................................


WIND (MPH)
  HIGHEST WIND SPEED    22   HIGHEST WIND DIRECTION     W (260)
  HIGHEST GUST SPEED    27   HIGHEST GUST DIRECTION     W (270)
  AVERAGE WIND SPEED    11.6


SKY COVER
  AVERAGE SKY COVER 0.4


WEATHER CONDITIONS
 THE FOLLOWING WEATHER WAS RECORDED YESTERDAY.
  NO SIGNIFICANT WEATHER WAS OBSERVED.


RELATIVE HUMIDITY (PERCENT)
 HIGHEST    68          1200 AM
 LOWEST     42          1000 AM
 AVERAGE    55

..........................................................


THE WATERTOWN NY CLIMATE NORMALS FOR TODAY
                         NORMAL    RECORD    YEAR
 MAXIMUM TEMPERATURE (F)   43        73      1979
 MINIMUM TEMPERATURE (F)   24         1      1992


SUNRISE AND SUNSET
MARCH 23 2015.........SUNRISE   702 AM EDT   SUNSET   720 PM EDT
MARCH 24 2015.........SUNRISE   700 AM EDT   SUNSET   721 PM EDT


-  INDICATES NEGATIVE NUMBERS.
R  INDICATES RECORD WAS SET OR TIED.
MM INDICATES DATA IS MISSING.
T  INDICATES TRACE AMOUNT.




$$
