000
CDUS41 KBUF 150705
CLIART


CLIMATE REPORT
NATIONAL WEATHER SERVICE BUFFALO NY
305 AM EDT MON SEP 15 2014


...................................

...THE WATERTOWN NY CLIMATE SUMMARY FOR SEPTEMBER 14 2014...

CLIMATE NORMAL PERIOD 1981 TO 2010
CLIMATE RECORD PERIOD 1949 TO 2014


WEATHER ITEM   OBSERVED TIME   RECORD YEAR NORMAL DEPARTURE LAST
                VALUE   (LST)  VALUE       VALUE  FROM      YEAR
                                                  NORMAL
..................................................................
TEMPERATURE (F)
 YESTERDAY
  MAXIMUM         58    255 PM  90    1961  71    -13       62
  MINIMUM         40   1137 PM  32    1986  49     -9       48
  AVERAGE         49                        60    -11       55

PRECIPITATION (IN)
  YESTERDAY        0.00          2.53 1979   0.12  -0.12     0.00
  MONTH TO DATE    1.04                      1.55  -0.51     1.28
  SINCE SEP 1      1.04                      1.55  -0.51     1.28
  SINCE JAN 1     33.30                     23.35   9.95    23.08

DEGREE DAYS
 HEATING
  YESTERDAY       16                         6     10       10
  MONTH TO DATE   57                        60     -3       62
  SINCE SEP 1     57                        60     -3       62
  SINCE JUL 1    107                       132    -25      105

 COOLING
  YESTERDAY        0                         1     -1        0
  MONTH TO DATE   52                        24     28       48
  SINCE SEP 1     52                        24     28       48
  SINCE JAN 1    412                       348     64      481
..................................................................


WIND (MPH)
  HIGHEST WIND SPEED    12   HIGHEST WIND DIRECTION     N (20)
  HIGHEST GUST SPEED    15   HIGHEST GUST DIRECTION     W (260)
  AVERAGE WIND SPEED     4.6


SKY COVER
  AVERAGE SKY COVER 0.5


WEATHER CONDITIONS
 THE FOLLOWING WEATHER WAS RECORDED YESTERDAY.
  NO SIGNIFICANT WEATHER WAS OBSERVED.


RELATIVE HUMIDITY (PERCENT)
 HIGHEST    85          1000 PM
 LOWEST     55           200 PM
 AVERAGE    70

..........................................................


THE WATERTOWN NY CLIMATE NORMALS FOR TODAY
                         NORMAL    RECORD    YEAR
 MAXIMUM TEMPERATURE (F)   71        83      1971
 MINIMUM TEMPERATURE (F)   49        33      1988


SUNRISE AND SUNSET
SEPTEMBER 15 2014.....SUNRISE   643 AM EDT   SUNSET   714 PM EDT
SEPTEMBER 16 2014.....SUNRISE   644 AM EDT   SUNSET   713 PM EDT


-  INDICATES NEGATIVE NUMBERS.
R  INDICATES RECORD WAS SET OR TIED.
MM INDICATES DATA IS MISSING.
T  INDICATES TRACE AMOUNT.




$$
