000
CDUS41 KBUF 301036
CLIART


CLIMATE REPORT
NATIONAL WEATHER SERVICE BUFFALO NY
535 AM EST WED NOV 30 2016


...................................

...THE WATERTOWN NY CLIMATE SUMMARY FOR NOVEMBER 29 2016...

CLIMATE NORMAL PERIOD 1981 TO 2010
CLIMATE RECORD PERIOD 1949 TO 2016


WEATHER ITEM   OBSERVED TIME   RECORD YEAR NORMAL DEPARTURE LAST
                VALUE   (LST)  VALUE       VALUE  FROM      YEAR
                                                  NORMAL
..................................................................
TEMPERATURE (F)
 YESTERDAY
  MAXIMUM         56    239 PM  68    2005  41     15       37
  MINIMUM         44    232 AM   1    1974  25     19       20
  AVERAGE         50                        33     17       29

PRECIPITATION (IN)
  YESTERDAY        T             2.97 1963   0.12  -0.12     0.00
  MONTH TO DATE    1.25                      3.64  -2.39     2.11
  SINCE SEP 1      9.15                     11.01  -1.86     8.24
  SINCE JAN 1     28.18                     32.81  -4.63    25.59

DEGREE DAYS
 HEATING
  YESTERDAY       15                        32    -17       36
  MONTH TO DATE  706                       770    -64      622
  SINCE SEP 1   1315                      1494   -179     1277
  SINCE JUL 1   1326                      1566   -240     1332

 COOLING
  YESTERDAY        0                         0      0        0
  MONTH TO DATE    0                         0      0        0
  SINCE SEP 1     52                        38     14       82
  SINCE JAN 1    566                       362    204      388
..................................................................


WIND (MPH)
  HIGHEST WIND SPEED    24   HIGHEST WIND DIRECTION     S (170)
  HIGHEST GUST SPEED    39   HIGHEST GUST DIRECTION     S (180)
  AVERAGE WIND SPEED     8.7


SKY COVER
  AVERAGE SKY COVER 0.5


WEATHER CONDITIONS
 THE FOLLOWING WEATHER WAS RECORDED YESTERDAY.
  LIGHT RAIN


RELATIVE HUMIDITY (PERCENT)
 HIGHEST    86           700 PM
 LOWEST     53          1200 AM
 AVERAGE    70

..........................................................


THE WATERTOWN NY CLIMATE NORMALS FOR TODAY
                         NORMAL    RECORD    YEAR
 MAXIMUM TEMPERATURE (F)   41        66      2006
 MINIMUM TEMPERATURE (F)   25         1      2013


SUNRISE AND SUNSET
NOVEMBER 30 2016......SUNRISE   718 AM EST   SUNSET   428 PM EST
DECEMBER  1 2016......SUNRISE   719 AM EST   SUNSET   427 PM EST


-  INDICATES NEGATIVE NUMBERS.
R  INDICATES RECORD WAS SET OR TIED.
MM INDICATES DATA IS MISSING.
T  INDICATES TRACE AMOUNT.




$$
