000
CDUS41 KBUF 112029
CLIART


CLIMATE REPORT
NATIONAL WEATHER SERVICE BUFFALO NY
429 PM EDT THU MAY 11 2017


...................................

...THE WATERTOWN NY CLIMATE SUMMARY FOR MAY 11 2017...
VALID TODAY AS OF 0400 PM LOCAL TIME.

CLIMATE NORMAL PERIOD 1981 TO 2010
CLIMATE RECORD PERIOD 1949 TO 2017


WEATHER ITEM   OBSERVED TIME   RECORD YEAR NORMAL DEPARTURE LAST
                VALUE   (LST)  VALUE       VALUE  FROM      YEAR
                                                  NORMAL
..................................................................
TEMPERATURE (F)
 TODAY
  MAXIMUM         61    259 PM  84    1979  65     -4       72
  MINIMUM         32    338 AM  23    1966  42    -10       31
  AVERAGE         47                        53     -6       52

PRECIPITATION (IN)
  TODAY            0.00          1.58 1952   0.09  -0.09     0.00
  MONTH TO DATE    3.56                      1.01   2.55     0.95
  SINCE MAR 1      9.98                      6.21   3.77     4.74
  SINCE JAN 1     13.61                     11.09   2.52    10.55

DEGREE DAYS
 HEATING
  TODAY           18                        12      6       13
  MONTH TO DATE  203                       150     53      177
  SINCE MAR 1   1898                      1852     46     1845
  SINCE JUL 1   6509                      7293   -784     6493

 COOLING
  TODAY            0                         0      0        0
  MONTH TO DATE    0                         0      0        0
  SINCE MAR 1      7                         1      6        0
  SINCE JAN 1      7                         1      6        0
..................................................................


WIND (MPH)
  HIGHEST WIND SPEED    18   HIGHEST WIND DIRECTION     N (20)
  HIGHEST GUST SPEED    23   HIGHEST GUST DIRECTION     N (360)
  AVERAGE WIND SPEED     8.1


SKY COVER
  AVERAGE SKY COVER 0.3


WEATHER CONDITIONS
 THE FOLLOWING WEATHER WAS RECORDED TODAY.
  NO SIGNIFICANT WEATHER WAS OBSERVED.


RELATIVE HUMIDITY (PERCENT)
 HIGHEST   100          1200 AM
 LOWEST     47          1200 PM
 AVERAGE    74

..........................................................


THE WATERTOWN NY CLIMATE NORMALS FOR TOMORROW
                         NORMAL    RECORD    YEAR
 MAXIMUM TEMPERATURE (F)   65        82      2016
 MINIMUM TEMPERATURE (F)   42        27      2005


SUNRISE AND SUNSET
MAY 11 2017...........SUNRISE   542 AM EDT   SUNSET   819 PM EDT
MAY 12 2017...........SUNRISE   541 AM EDT   SUNSET   820 PM EDT


-  INDICATES NEGATIVE NUMBERS.
R  INDICATES RECORD WAS SET OR TIED.
MM INDICATES DATA IS MISSING.
T  INDICATES TRACE AMOUNT.




$$
