887
CDUS41 KBUF 120705
CLIART


CLIMATE REPORT
NATIONAL WEATHER SERVICE BUFFALO NY
205 AM EST TUE DEC 12 2017


...................................

...THE WATERTOWN NY CLIMATE SUMMARY FOR DECEMBER 11 2017...

CLIMATE NORMAL PERIOD 1981 TO 2010
CLIMATE RECORD PERIOD 1949 TO 2017


WEATHER ITEM   OBSERVED TIME   RECORD YEAR NORMAL DEPARTURE LAST
                VALUE   (LST)  VALUE       VALUE  FROM      YEAR
                                                  NORMAL
..................................................................
TEMPERATURE (F)
 YESTERDAY
  MAXIMUM         30   1254 AM  60    1979  36     -6       30
  MINIMUM         16    834 AM -15    1988  20     -4       22
  AVERAGE         23                        28     -5       26

PRECIPITATION (IN)
  YESTERDAY        T             1.40 1952   0.10  -0.10      T
  MONTH TO DATE    0.84                      1.21  -0.37     0.75
  SINCE DEC 1      0.84                      1.21  -0.37     0.75
  SINCE JAN 1     47.73                     34.14  13.59    29.08

DEGREE DAYS
 HEATING
  YESTERDAY       42                        37      5       39
  MONTH TO DATE  340                       384    -44      359
  SINCE DEC 1    340                       384    -44      359
  SINCE JUL 1   1699                      1983   -284     1701

 COOLING
  YESTERDAY        0                         0      0        0
  MONTH TO DATE    0                         0      0        0
  SINCE DEC 1      0                         0      0        0
  SINCE JAN 1    389                       362     27      566
..................................................................


WIND (MPH)
  HIGHEST WIND SPEED    17   HIGHEST WIND DIRECTION     W (290)
  HIGHEST GUST SPEED    21   HIGHEST GUST DIRECTION     W (290)
  AVERAGE WIND SPEED     5.5


SKY COVER
  AVERAGE SKY COVER 0.9


WEATHER CONDITIONS
 THE FOLLOWING WEATHER WAS RECORDED YESTERDAY.
  LIGHT SNOW
  FOG
  HAZE


RELATIVE HUMIDITY (PERCENT)
 HIGHEST    85          1200 AM
 LOWEST     52           100 PM
 AVERAGE    69

..........................................................


THE WATERTOWN NY CLIMATE NORMALS FOR TODAY
                         NORMAL    RECORD    YEAR
 MAXIMUM TEMPERATURE (F)   36        60      1979
 MINIMUM TEMPERATURE (F)   19       -19      1988


SUNRISE AND SUNSET
DECEMBER 12 2017......SUNRISE   730 AM EST   SUNSET   426 PM EST
DECEMBER 13 2017......SUNRISE   730 AM EST   SUNSET   426 PM EST


-  INDICATES NEGATIVE NUMBERS.
R  INDICATES RECORD WAS SET OR TIED.
MM INDICATES DATA IS MISSING.
T  INDICATES TRACE AMOUNT.




$$
