618
CDUS41 KBUF 130705
CLIART


CLIMATE REPORT
NATIONAL WEATHER SERVICE BUFFALO NY
205 AM EST TUE FEB 13 2018


...................................

...THE WATERTOWN NY CLIMATE SUMMARY FOR FEBRUARY 12 2018...

CLIMATE NORMAL PERIOD 1981 TO 2010
CLIMATE RECORD PERIOD 1949 TO 2018


WEATHER ITEM   OBSERVED TIME   RECORD YEAR NORMAL DEPARTURE LAST
                VALUE   (LST)  VALUE       VALUE  FROM      YEAR
                                                  NORMAL
..................................................................
TEMPERATURE (F)
 YESTERDAY
  MAXIMUM         31   1203 AM  59    1999  31      0       33
  MINIMUM         10   1157 PM -27    2014  10      0       18
  AVERAGE         21                        20      1       26

PRECIPITATION (IN)
  YESTERDAY        0.00          0.73 2009   0.08  -0.08     0.48
  MONTH TO DATE    0.65                      0.94  -0.29     1.06
  SINCE DEC 1      4.70                      6.75  -2.05     5.03
  SINCE JAN 1      2.91                      3.60  -0.69     2.84

DEGREE DAYS
 HEATING
  YESTERDAY       44                        45     -1       39
  MONTH TO DATE  522                       547    -25      480
  SINCE DEC 1   3379                      3159    220     2769
  SINCE JUL 1   4738                      4758    -20     4111

 COOLING
  YESTERDAY        0                         0      0        0
  MONTH TO DATE    0                         0      0        0
  SINCE DEC 1      0                         0      0        0
  SINCE JAN 1      0                         0      0        0
..................................................................


WIND (MPH)
  HIGHEST WIND SPEED    23   HIGHEST WIND DIRECTION     W (290)
  HIGHEST GUST SPEED    27   HIGHEST GUST DIRECTION     W (290)
  AVERAGE WIND SPEED    10.7


SKY COVER
  AVERAGE SKY COVER 0.3


WEATHER CONDITIONS
 THE FOLLOWING WEATHER WAS RECORDED YESTERDAY.
  NO SIGNIFICANT WEATHER WAS OBSERVED.


RELATIVE HUMIDITY (PERCENT)
 HIGHEST    88           500 AM
 LOWEST     55           500 PM
 AVERAGE    72

..........................................................


THE WATERTOWN NY CLIMATE NORMALS FOR TODAY
                         NORMAL    RECORD    YEAR
 MAXIMUM TEMPERATURE (F)   31        57      1984
 MINIMUM TEMPERATURE (F)   10       -32      2015


SUNRISE AND SUNSET
FEBRUARY 13 2018......SUNRISE   706 AM EST   SUNSET   531 PM EST
FEBRUARY 14 2018......SUNRISE   705 AM EST   SUNSET   532 PM EST


-  INDICATES NEGATIVE NUMBERS.
R  INDICATES RECORD WAS SET OR TIED.
MM INDICATES DATA IS MISSING.
T  INDICATES TRACE AMOUNT.




$$
