000
CDUS41 KBUF 181022
CLIART


CLIMATE REPORT
NATIONAL WEATHER SERVICE BUFFALO NY
619 AM EDT SAT MAR 18 2017


...................................

...THE WATERTOWN NY CLIMATE SUMMARY FOR MARCH 17 2017...

CLIMATE NORMAL PERIOD 1981 TO 2010
CLIMATE RECORD PERIOD 1949 TO 2017


WEATHER ITEM   OBSERVED TIME   RECORD YEAR NORMAL DEPARTURE LAST
                VALUE   (LST)  VALUE       VALUE  FROM      YEAR
                                                  NORMAL
..................................................................
TEMPERATURE (F)
 YESTERDAY
  MAXIMUM         33    447 PM  66    2012  41     -8       52
  MINIMUM         -5R   530 AM  -3    1961  21    -26       34
  AVERAGE         14                        31    -17       43

PRECIPITATION (IN)
  YESTERDAY        0.00          0.26 1993   0.07  -0.07      T
  MONTH TO DATE    1.48                      1.26   0.22     1.18
  SINCE MAR 1      1.48                      1.26   0.22     1.18
  SINCE JAN 1      5.11                      6.14  -1.03     6.99

DEGREE DAYS
 HEATING
  YESTERDAY       51                        34     17       22
  MONTH TO DATE  711                       635     76      513
  SINCE MAR 1    711                       635     76      513
  SINCE JUL 1   5322                      6076   -754     5161

 COOLING
  YESTERDAY        0                         0      0        0
  MONTH TO DATE    0                         0      0        0
  SINCE MAR 1      0                         0      0        0
  SINCE JAN 1      0                         0      0        0
..................................................................


WIND (MPH)
  HIGHEST WIND SPEED    12   HIGHEST WIND DIRECTION     W (260)
  HIGHEST GUST SPEED    15   HIGHEST GUST DIRECTION     W (290)
  AVERAGE WIND SPEED     3.6


SKY COVER
  AVERAGE SKY COVER 0.0


WEATHER CONDITIONS
 THE FOLLOWING WEATHER WAS RECORDED YESTERDAY.
  NO SIGNIFICANT WEATHER WAS OBSERVED.


RELATIVE HUMIDITY (PERCENT)
 HIGHEST    96           400 AM
 LOWEST     31          1200 PM
 AVERAGE    64

..........................................................


THE WATERTOWN NY CLIMATE NORMALS FOR TODAY
                         NORMAL    RECORD    YEAR
 MAXIMUM TEMPERATURE (F)   41        74      2012
 MINIMUM TEMPERATURE (F)   21       -23      1993


SUNRISE AND SUNSET
MARCH 18 2017.........SUNRISE   710 AM EDT   SUNSET   714 PM EDT
MARCH 19 2017.........SUNRISE   709 AM EDT   SUNSET   716 PM EDT


-  INDICATES NEGATIVE NUMBERS.
R  INDICATES RECORD WAS SET OR TIED.
MM INDICATES DATA IS MISSING.
T  INDICATES TRACE AMOUNT.




$$
