000
CDUS41 KBUF 300705
CLIART


CLIMATE REPORT
NATIONAL WEATHER SERVICE BUFFALO NY
305 AM EDT SUN APR 30 2017


...................................

...THE WATERTOWN NY CLIMATE SUMMARY FOR APRIL 29 2017...

CLIMATE NORMAL PERIOD 1981 TO 2010
CLIMATE RECORD PERIOD 1949 TO 2017


WEATHER ITEM   OBSERVED TIME   RECORD YEAR NORMAL DEPARTURE LAST
                VALUE   (LST)  VALUE       VALUE  FROM      YEAR
                                                  NORMAL
..................................................................
TEMPERATURE (F)
 YESTERDAY
  MAXIMUM         61    308 AM  86    1990  60      1       59
  MINIMUM         39    908 PM  22    2001  38      1       32
  AVERAGE         50                        49      1       46

PRECIPITATION (IN)
  YESTERDAY        T             0.84 1956   0.10  -0.10     0.00
  MONTH TO DATE    3.99                      2.80   1.19     1.14
  SINCE MAR 1      6.34                      5.10   1.24     3.79
  SINCE JAN 1      9.97                      9.98  -0.01     9.60

DEGREE DAYS
 HEATING
  YESTERDAY       15                        16     -1       19
  MONTH TO DATE  498                       620   -122      739
  SINCE MAR 1   1672                      1686    -14     1650
  SINCE JUL 1   6283                      7127   -844     6298

 COOLING
  YESTERDAY        0                         0      0        0
  MONTH TO DATE    7                         0      7        0
  SINCE MAR 1      7                         0      7        0
  SINCE JAN 1      7                         0      7        0
..................................................................


WIND (MPH)
  HIGHEST WIND SPEED    22   HIGHEST WIND DIRECTION    SW (230)
  HIGHEST GUST SPEED    31   HIGHEST GUST DIRECTION    SW (220)
  AVERAGE WIND SPEED     9.3


SKY COVER
  AVERAGE SKY COVER 0.6


WEATHER CONDITIONS
 THE FOLLOWING WEATHER WAS RECORDED YESTERDAY.
  NO SIGNIFICANT WEATHER WAS OBSERVED.


RELATIVE HUMIDITY (PERCENT)
 HIGHEST    89           100 AM
 LOWEST     61           100 PM
 AVERAGE    75

..........................................................


THE WATERTOWN NY CLIMATE NORMALS FOR TODAY
                         NORMAL    RECORD    YEAR
 MAXIMUM TEMPERATURE (F)   61        87      1970
 MINIMUM TEMPERATURE (F)   38        23      2012


SUNRISE AND SUNSET
APRIL 30 2017.........SUNRISE   557 AM EDT   SUNSET   806 PM EDT
MAY  1 2017...........SUNRISE   555 AM EDT   SUNSET   808 PM EDT


-  INDICATES NEGATIVE NUMBERS.
R  INDICATES RECORD WAS SET OR TIED.
MM INDICATES DATA IS MISSING.
T  INDICATES TRACE AMOUNT.




$$
