000
CDUS41 KBUF 230705
CLIART


CLIMATE REPORT
NATIONAL WEATHER SERVICE BUFFALO NY
305 AM EDT WED AUG 23 2017


...................................

...THE WATERTOWN NY CLIMATE SUMMARY FOR AUGUST 22 2017...

CLIMATE NORMAL PERIOD 1981 TO 2010
CLIMATE RECORD PERIOD 1949 TO 2017


WEATHER ITEM   OBSERVED TIME   RECORD YEAR NORMAL DEPARTURE LAST
                VALUE   (LST)  VALUE       VALUE  FROM      YEAR
                                                  NORMAL
..................................................................
TEMPERATURE (F)
 YESTERDAY
  MAXIMUM         84   1224 PM  88    1974  78      6       71
  MINIMUM         64   1157 PM  34    1988  56      8       49
  AVERAGE         74                        66      8       60

PRECIPITATION (IN)
  YESTERDAY        2.12          2.29 2014   0.11   2.01     0.00
  MONTH TO DATE    4.02                      2.26   1.76     2.83
  SINCE JUN 1     14.98                      7.76   7.22     6.83
  SINCE JAN 1     30.65                     20.91   9.74    17.83

DEGREE DAYS
 HEATING
  YESTERDAY        0                         2     -2        5
  MONTH TO DATE    7                        25    -18        5
  SINCE JUN 1    120                       158    -38      108
  SINCE JUL 1     18                        51    -33       10

 COOLING
  YESTERDAY        9                         3      6        0
  MONTH TO DATE  106                        87     19      187
  SINCE JUN 1    310                       288     22      436
  SINCE JAN 1    329                       299     30      466
..................................................................


WIND (MPH)
  HIGHEST WIND SPEED    33   HIGHEST WIND DIRECTION    SW (230)
  HIGHEST GUST SPEED    42   HIGHEST GUST DIRECTION    SW (230)
  AVERAGE WIND SPEED    10.6


SKY COVER
  AVERAGE SKY COVER 0.3


WEATHER CONDITIONS
 THE FOLLOWING WEATHER WAS RECORDED YESTERDAY.
  THUNDERSTORM
  HEAVY RAIN
  RAIN
  LIGHT RAIN
  FOG
  FOG W/VISIBILITY <= 1/4 MILE
  HAZE


RELATIVE HUMIDITY (PERCENT)
 HIGHEST   100           700 PM
 LOWEST     69          1000 AM
 AVERAGE    85

..........................................................


THE WATERTOWN NY CLIMATE NORMALS FOR TODAY
                         NORMAL    RECORD    YEAR
 MAXIMUM TEMPERATURE (F)   77        85      1954
 MINIMUM TEMPERATURE (F)   55        38      1973


SUNRISE AND SUNSET
AUGUST 23 2017........SUNRISE   617 AM EDT   SUNSET   755 PM EDT
AUGUST 24 2017........SUNRISE   619 AM EDT   SUNSET   753 PM EDT


-  INDICATES NEGATIVE NUMBERS.
R  INDICATES RECORD WAS SET OR TIED.
MM INDICATES DATA IS MISSING.
T  INDICATES TRACE AMOUNT.




$$
