000
CDUS41 KBUF 110705
CLIART


CLIMATE REPORT
NATIONAL WEATHER SERVICE BUFFALO NY
305 AM EDT THU SEP 11 2014


...................................

...THE WATERTOWN NY CLIMATE SUMMARY FOR SEPTEMBER 10 2014...

CLIMATE NORMAL PERIOD 1981 TO 2010
CLIMATE RECORD PERIOD 1949 TO 2014


WEATHER ITEM   OBSERVED TIME   RECORD YEAR NORMAL DEPARTURE LAST
                VALUE   (LST)  VALUE       VALUE  FROM      YEAR
                                                  NORMAL
..................................................................
TEMPERATURE (F)
 YESTERDAY
  MAXIMUM         76    331 PM  90    1959  73      3       86
  MINIMUM         62    444 AM  34    1975  51     11       65
  AVERAGE         69                        62      7       76

PRECIPITATION (IN)
  YESTERDAY        T             1.71 1981   0.11  -0.11     0.26
  MONTH TO DATE    0.46                      1.08  -0.62     1.12
  SINCE SEP 1      0.46                      1.08  -0.62     1.12
  SINCE JAN 1     32.72                     22.88   9.84    22.92

DEGREE DAYS
 HEATING
  YESTERDAY        0                         5     -5        0
  MONTH TO DATE    8                        38    -30       44
  SINCE SEP 1      8                        38    -30       44
  SINCE JUL 1     58                       110    -52       87

 COOLING
  YESTERDAY        4                         2      2       11
  MONTH TO DATE   52                        20     32       28
  SINCE SEP 1     52                        20     32       28
  SINCE JAN 1    412                       344     68      461
..................................................................


WIND (MPH)
  HIGHEST WIND SPEED    21   HIGHEST WIND DIRECTION     S (170)
  HIGHEST GUST SPEED    34   HIGHEST GUST DIRECTION     S (180)
  AVERAGE WIND SPEED     8.1


SKY COVER
  AVERAGE SKY COVER 0.2


WEATHER CONDITIONS
 THE FOLLOWING WEATHER WAS RECORDED YESTERDAY.
  LIGHT RAIN


RELATIVE HUMIDITY (PERCENT)
 HIGHEST    72           500 AM
 LOWEST     57           700 PM
 AVERAGE    65

..........................................................


THE WATERTOWN NY CLIMATE NORMALS FOR TODAY
                         NORMAL    RECORD    YEAR
 MAXIMUM TEMPERATURE (F)   72        89      2013
                                             1961
 MINIMUM TEMPERATURE (F)   50        31      1967


SUNRISE AND SUNSET
SEPTEMBER 11 2014.....SUNRISE   639 AM EDT   SUNSET   722 PM EDT
SEPTEMBER 12 2014.....SUNRISE   640 AM EDT   SUNSET   720 PM EDT


-  INDICATES NEGATIVE NUMBERS.
R  INDICATES RECORD WAS SET OR TIED.
MM INDICATES DATA IS MISSING.
T  INDICATES TRACE AMOUNT.




$$
