000
CDUS41 KBUF 160705
CLIART


CLIMATE REPORT
NATIONAL WEATHER SERVICE BUFFALO NY
305 AM EDT FRI JUN 16 2017


...................................

...THE WATERTOWN NY CLIMATE SUMMARY FOR JUNE 15 2017...

CLIMATE NORMAL PERIOD 1981 TO 2010
CLIMATE RECORD PERIOD 1949 TO 2017


WEATHER ITEM   OBSERVED TIME   RECORD YEAR NORMAL DEPARTURE LAST
                VALUE   (LST)  VALUE       VALUE  FROM      YEAR
                                                  NORMAL
..................................................................
TEMPERATURE (F)
 YESTERDAY
  MAXIMUM         81   1247 PM  90    1949  74      7       78
  MINIMUM         45    418 AM  36    1965  53     -8       44
  AVERAGE         63                        64     -1       61

PRECIPITATION (IN)
  YESTERDAY        0.11          0.74 1969   0.10   0.01     0.00
  MONTH TO DATE    1.44                      1.51  -0.07     2.52
  SINCE JUN 1      1.44                      1.51  -0.07     2.52
  SINCE JAN 1     17.11                     14.66   2.45    13.52

DEGREE DAYS
 HEATING
  YESTERDAY        2                         3     -1        4
  MONTH TO DATE   85                        73     12       85
  SINCE JUN 1     85                        73     12       85
  SINCE JUL 1   6734                      7549   -815     6725

 COOLING
  YESTERDAY        0                         2     -2        0
  MONTH TO DATE   26                        19      7        7
  SINCE JUN 1     26                        19      7        7
  SINCE JAN 1     45                        30     15       37
..................................................................


WIND (MPH)
  HIGHEST WIND SPEED    14   HIGHEST WIND DIRECTION     W (250)
  HIGHEST GUST SPEED    22   HIGHEST GUST DIRECTION     W (260)
  AVERAGE WIND SPEED     5.3


SKY COVER
  AVERAGE SKY COVER 0.3


WEATHER CONDITIONS
 THE FOLLOWING WEATHER WAS RECORDED YESTERDAY.
  RAIN
  LIGHT RAIN
  FOG


RELATIVE HUMIDITY (PERCENT)
 HIGHEST    93           400 AM
 LOWEST     42          1100 AM
 AVERAGE    68

..........................................................


THE WATERTOWN NY CLIMATE NORMALS FOR TODAY
                         NORMAL    RECORD    YEAR
 MAXIMUM TEMPERATURE (F)   75        94      1949
 MINIMUM TEMPERATURE (F)   53        38      1980


SUNRISE AND SUNSET
JUNE 16 2017..........SUNRISE   521 AM EDT   SUNSET   849 PM EDT
JUNE 17 2017..........SUNRISE   521 AM EDT   SUNSET   850 PM EDT


-  INDICATES NEGATIVE NUMBERS.
R  INDICATES RECORD WAS SET OR TIED.
MM INDICATES DATA IS MISSING.
T  INDICATES TRACE AMOUNT.




$$
