000
CDUS41 KBUF 231017
CLIART


CLIMATE REPORT
NATIONAL WEATHER SERVICE BUFFALO NY
617 AM EDT TUE AUG 23 2016


...................................

...THE WATERTOWN NY CLIMATE SUMMARY FOR AUGUST 22 2016...

CLIMATE NORMAL PERIOD 1981 TO 2010
CLIMATE RECORD PERIOD 1949 TO 2016


WEATHER ITEM   OBSERVED TIME   RECORD YEAR NORMAL DEPARTURE LAST
                VALUE   (LST)  VALUE       VALUE  FROM      YEAR
                                                  NORMAL
..................................................................
TEMPERATURE (F)
 YESTERDAY
  MAXIMUM         71    458 PM  88    1974  78     -7       75
  MINIMUM         49    530 AM  34    1988  56     -7       51
  AVERAGE         60                        66     -6       63

PRECIPITATION (IN)
  YESTERDAY        0.00          2.29 2014   0.11  -0.11     0.00
  MONTH TO DATE    2.83                      2.26   0.57     2.62
  SINCE JUN 1      6.83                      7.76  -0.93     9.92
  SINCE JAN 1     17.83                     20.91  -3.08    17.32

DEGREE DAYS
 HEATING
  YESTERDAY        5                         2      3        2
  MONTH TO DATE    5                        25    -20        7
  SINCE JUN 1    108                       158    -50      161
  SINCE JUL 1     10                        51    -41       45

 COOLING
  YESTERDAY        0                         3     -3        0
  MONTH TO DATE  187                        87    100       95
  SINCE JUN 1    436                       288    148      249
  SINCE JAN 1    466                       299    167      295
..................................................................


WIND (MPH)
  HIGHEST WIND SPEED    17   HIGHEST WIND DIRECTION    SW (220)
  HIGHEST GUST SPEED    23   HIGHEST GUST DIRECTION    SW (230)
  AVERAGE WIND SPEED     7.5


SKY COVER
  AVERAGE SKY COVER 0.2


WEATHER CONDITIONS
 THE FOLLOWING WEATHER WAS RECORDED YESTERDAY.
  NO SIGNIFICANT WEATHER WAS OBSERVED.


RELATIVE HUMIDITY (PERCENT)
 HIGHEST    93           600 AM
 LOWEST     40          1200 PM
 AVERAGE    67

..........................................................


THE WATERTOWN NY CLIMATE NORMALS FOR TODAY
                         NORMAL    RECORD    YEAR
 MAXIMUM TEMPERATURE (F)   77        85      1954
 MINIMUM TEMPERATURE (F)   55        38      1973


SUNRISE AND SUNSET
AUGUST 23 2016........SUNRISE   618 AM EDT   SUNSET   755 PM EDT
AUGUST 24 2016........SUNRISE   619 AM EDT   SUNSET   753 PM EDT


-  INDICATES NEGATIVE NUMBERS.
R  INDICATES RECORD WAS SET OR TIED.
MM INDICATES DATA IS MISSING.
T  INDICATES TRACE AMOUNT.

$$
