000
CDUS41 KBUF 081014
CLIART


CLIMATE REPORT
NATIONAL WEATHER SERVICE BUFFALO NY
614 AM EDT TUE AUG 8 2017


...................................

...THE WATERTOWN NY CLIMATE SUMMARY FOR AUGUST 7 2017...

CLIMATE NORMAL PERIOD 1981 TO 2010
CLIMATE RECORD PERIOD 1949 TO 2017


WEATHER ITEM   OBSERVED TIME   RECORD YEAR NORMAL DEPARTURE LAST
                VALUE   (LST)  VALUE       VALUE  FROM      YEAR
                                                  NORMAL
..................................................................
TEMPERATURE (F)
 YESTERDAY
  MAXIMUM         76    312 PM  94    1965  79     -3       82
  MINIMUM         61   1159 PM  40    2004  58      3       55
  AVERAGE         69                        68      1       69

PRECIPITATION (IN)
  YESTERDAY        0.23          2.57 1962   0.09   0.14     0.00
  MONTH TO DATE    1.23                      0.70   0.53     0.53
  SINCE JUN 1     12.19                      6.20   5.99     4.53
  SINCE JAN 1     27.86                     19.35   8.51    15.53

DEGREE DAYS
 HEATING
  YESTERDAY        0                         1     -1        0
  MONTH TO DATE    4                         7     -3        0
  SINCE JUN 1    117                       140    -23      103
  SINCE JUL 1     15                        33    -18        5

 COOLING
  YESTERDAY        4                         4      0        4
  MONTH TO DATE   33                        31      2       67
  SINCE JUN 1    237                       232      5      316
  SINCE JAN 1    256                       243     13      346
..................................................................


WIND (MPH)
  HIGHEST WIND SPEED    14   HIGHEST WIND DIRECTION     W (280)
  HIGHEST GUST SPEED    18   HIGHEST GUST DIRECTION     W (270)
  AVERAGE WIND SPEED     5.6


SKY COVER
  AVERAGE SKY COVER 0.5


WEATHER CONDITIONS
 THE FOLLOWING WEATHER WAS RECORDED YESTERDAY.
  THUNDERSTORM
  RAIN
  LIGHT RAIN
  FOG
  FOG W/VISIBILITY <= 1/4 MILE


RELATIVE HUMIDITY (PERCENT)
 HIGHEST   100           700 PM
 LOWEST     64           100 PM
 AVERAGE    82

..........................................................


THE WATERTOWN NY CLIMATE NORMALS FOR TODAY
                         NORMAL    RECORD    YEAR
 MAXIMUM TEMPERATURE (F)   79        92      1966
 MINIMUM TEMPERATURE (F)   58        43      2009
                                             1989


SUNRISE AND SUNSET
AUGUST  8 2017........SUNRISE   600 AM EDT   SUNSET   818 PM EDT
AUGUST  9 2017........SUNRISE   601 AM EDT   SUNSET   817 PM EDT


-  INDICATES NEGATIVE NUMBERS.
R  INDICATES RECORD WAS SET OR TIED.
MM INDICATES DATA IS MISSING.
T  INDICATES TRACE AMOUNT.




$$
