000
CDUS41 KBUF 200705
CLIART


CLIMATE REPORT
NATIONAL WEATHER SERVICE BUFFALO NY
305 AM EDT WED APR 20 2016


...................................

...THE WATERTOWN NY CLIMATE SUMMARY FOR APRIL 19 2016...

CLIMATE NORMAL PERIOD 1981 TO 2010
CLIMATE RECORD PERIOD 1949 TO 2016


WEATHER ITEM   OBSERVED TIME   RECORD YEAR NORMAL DEPARTURE LAST
                VALUE   (LST)  VALUE       VALUE  FROM      YEAR
                                                  NORMAL
..................................................................
TEMPERATURE (F)
 YESTERDAY
  MAXIMUM         60    215 PM  86    2008  56      4       65
  MINIMUM         30   1159 PM  19    2001  35     -5       31
  AVERAGE         45                        45      0       48

PRECIPITATION (IN)
  YESTERDAY        0.02          0.82 1963   0.09  -0.07     0.00
  MONTH TO DATE    0.83                      1.85  -1.02     1.18
  SINCE MAR 1      3.48                      4.15  -0.67     2.01
  SINCE JAN 1      9.29                      9.03   0.26     5.10

DEGREE DAYS
 HEATING
  YESTERDAY       20                        20      0       17
  MONTH TO DATE  518                       445     73      394
  SINCE MAR 1   1429                      1511    -82     1575
  SINCE JUL 1   6077                      6952   -875     7095

 COOLING
  YESTERDAY        0                         0      0        0
  MONTH TO DATE    0                         0      0        0
  SINCE MAR 1      0                         0      0        0
  SINCE JAN 1      0                         0      0        0
..................................................................


WIND (MPH)
  HIGHEST WIND SPEED    21   HIGHEST WIND DIRECTION    NW (310)
  HIGHEST GUST SPEED    29   HIGHEST GUST DIRECTION    NW (320)
  AVERAGE WIND SPEED     8.9


SKY COVER
  AVERAGE SKY COVER 0.3


WEATHER CONDITIONS
 THE FOLLOWING WEATHER WAS RECORDED YESTERDAY.
  LIGHT RAIN
  FOG


RELATIVE HUMIDITY (PERCENT)
 HIGHEST    92           100 AM
 LOWEST     26           200 PM
 AVERAGE    59

..........................................................


THE WATERTOWN NY CLIMATE NORMALS FOR TODAY
                         NORMAL    RECORD    YEAR
 MAXIMUM TEMPERATURE (F)   57        83      1957
 MINIMUM TEMPERATURE (F)   35        20      1969


SUNRISE AND SUNSET
APRIL 20 2016.........SUNRISE   612 AM EDT   SUNSET   755 PM EDT
APRIL 21 2016.........SUNRISE   610 AM EDT   SUNSET   756 PM EDT


-  INDICATES NEGATIVE NUMBERS.
R  INDICATES RECORD WAS SET OR TIED.
MM INDICATES DATA IS MISSING.
T  INDICATES TRACE AMOUNT.




$$
