000
CDUS41 KBUF 081018
CLIART


CLIMATE REPORT
NATIONAL WEATHER SERVICE BUFFALO NY
618 AM EDT SUN OCT 8 2017


...................................

...THE WATERTOWN NY CLIMATE SUMMARY FOR OCTOBER 7 2017...

CLIMATE NORMAL PERIOD 1981 TO 2010
CLIMATE RECORD PERIOD 1949 TO 2017


WEATHER ITEM   OBSERVED TIME   RECORD YEAR NORMAL DEPARTURE LAST
                VALUE   (LST)  VALUE       VALUE  FROM      YEAR
                                                  NORMAL
..................................................................
TEMPERATURE (F)
 YESTERDAY
  MAXIMUM         76    301 PM  83    1955  62     14       76
  MINIMUM         59    325 AM  19    1999  41     18       43
  AVERAGE         68                        51     17       60

PRECIPITATION (IN)
  YESTERDAY        0.17          1.22 2013   0.13   0.04     0.00
  MONTH TO DATE    1.41                      0.89   0.52     0.85
  SINCE SEP 1      2.70                      4.61  -1.91     3.30
  SINCE JAN 1     33.43                     26.41   7.02    22.33

DEGREE DAYS
 HEATING
  YESTERDAY        0                        14    -14        5
  MONTH TO DATE   55                        91    -36       41
  SINCE SEP 1    202                       293    -91      185
  SINCE JUL 1    272                       365    -93      196

 COOLING
  YESTERDAY        3                         0      3        0
  MONTH TO DATE    4                         0      4        0
  SINCE SEP 1     57                        35     22       47
  SINCE JAN 1    387                       359     28      561
..................................................................


WIND (MPH)
  HIGHEST WIND SPEED    20   HIGHEST WIND DIRECTION    SW (210)
  HIGHEST GUST SPEED    33   HIGHEST GUST DIRECTION     S (200)
  AVERAGE WIND SPEED     7.1


SKY COVER
  AVERAGE SKY COVER 0.5


WEATHER CONDITIONS
 THE FOLLOWING WEATHER WAS RECORDED YESTERDAY.
  HEAVY RAIN
  LIGHT RAIN
  FOG


RELATIVE HUMIDITY (PERCENT)
 HIGHEST   100           200 AM
 LOWEST     54           800 PM
 AVERAGE    77

..........................................................


THE WATERTOWN NY CLIMATE NORMALS FOR TODAY
                         NORMAL    RECORD    YEAR
 MAXIMUM TEMPERATURE (F)   61        78      1970
 MINIMUM TEMPERATURE (F)   41        22      1974


SUNRISE AND SUNSET
OCTOBER  8 2017.......SUNRISE   710 AM EDT   SUNSET   632 PM EDT
OCTOBER  9 2017.......SUNRISE   712 AM EDT   SUNSET   630 PM EDT


-  INDICATES NEGATIVE NUMBERS.
R  INDICATES RECORD WAS SET OR TIED.
MM INDICATES DATA IS MISSING.
T  INDICATES TRACE AMOUNT.

$$
