000
CDUS41 KBUF 180706
CLIART


CLIMATE REPORT
NATIONAL WEATHER SERVICE BUFFALO NY
305 AM EDT SUN SEP 18 2016


...................................

...THE WATERTOWN NY CLIMATE SUMMARY FOR SEPTEMBER 17 2016...

CLIMATE NORMAL PERIOD 1981 TO 2010
CLIMATE RECORD PERIOD 1949 TO 2016


WEATHER ITEM   OBSERVED TIME   RECORD YEAR NORMAL DEPARTURE LAST
                VALUE   (LST)  VALUE       VALUE  FROM      YEAR
                                                  NORMAL
..................................................................
TEMPERATURE (F)
 YESTERDAY
  MAXIMUM         77    145 PM  85    1955  70      7       78
  MINIMUM         62    615 AM  29    1990  48     14       50
  AVERAGE         70                        59     11       64

PRECIPITATION (IN)
  YESTERDAY        0.22          1.05 1962   0.13   0.09     0.00
  MONTH TO DATE    1.89                      1.93  -0.04     2.47
  SINCE SEP 1      1.89                      1.93  -0.04     2.47
  SINCE JAN 1     20.92                     23.73  -2.81    19.82

DEGREE DAYS
 HEATING
  YESTERDAY        0                         7     -7        1
  MONTH TO DATE   58                        80    -22       18
  SINCE SEP 1     58                        80    -22       18
  SINCE JUL 1     69                       152    -83       73

 COOLING
  YESTERDAY        5                         1      4        0
  MONTH TO DATE   40                        27     13       72
  SINCE SEP 1     40                        27     13       72
  SINCE JAN 1    554                       351    203      378
..................................................................


WIND (MPH)
  HIGHEST WIND SPEED    18   HIGHEST WIND DIRECTION     S (200)
  HIGHEST GUST SPEED    32   HIGHEST GUST DIRECTION     S (200)
  AVERAGE WIND SPEED     9.7


SKY COVER
  AVERAGE SKY COVER 0.4


WEATHER CONDITIONS
 THE FOLLOWING WEATHER WAS RECORDED YESTERDAY.
  HEAVY RAIN
  RAIN
  LIGHT RAIN
  FOG


RELATIVE HUMIDITY (PERCENT)
 HIGHEST    87           900 PM
 LOWEST     60          1200 PM
 AVERAGE    74

..........................................................


THE WATERTOWN NY CLIMATE NORMALS FOR TODAY
                         NORMAL    RECORD    YEAR
 MAXIMUM TEMPERATURE (F)   70        86      1955
 MINIMUM TEMPERATURE (F)   48        26      1990


SUNRISE AND SUNSET
SEPTEMBER 18 2016.....SUNRISE   647 AM EDT   SUNSET   708 PM EDT
SEPTEMBER 19 2016.....SUNRISE   648 AM EDT   SUNSET   706 PM EDT


-  INDICATES NEGATIVE NUMBERS.
R  INDICATES RECORD WAS SET OR TIED.
MM INDICATES DATA IS MISSING.
T  INDICATES TRACE AMOUNT.




$$
