000
CDUS41 KBUF 230705
CLIART


CLIMATE REPORT
NATIONAL WEATHER SERVICE BUFFALO NY
305 AM EDT WED JUL 23 2014


...................................

...THE WATERTOWN NY CLIMATE SUMMARY FOR JULY 22 2014...

CLIMATE NORMAL PERIOD 1981 TO 2010
CLIMATE RECORD PERIOD 1949 TO 2014


WEATHER ITEM   OBSERVED TIME   RECORD YEAR NORMAL DEPARTURE LAST
                VALUE   (LST)  VALUE       VALUE  FROM      YEAR
                                                  NORMAL
..................................................................
TEMPERATURE (F)
 YESTERDAY
  MAXIMUM         85    435 PM  94    1955  80      5       82
  MINIMUM         59    517 AM  46    1997  59      0       52
  AVERAGE         72                        69      3       67

PRECIPITATION (IN)
  YESTERDAY        0.00          0.72 1960   0.09  -0.09     0.00
  MONTH TO DATE    3.49                      1.83   1.66     1.72
  SINCE JUN 1      6.40                      4.68   1.72     7.76
  SINCE JAN 1     25.00                     17.83   7.17    18.38

DEGREE DAYS
 HEATING
  YESTERDAY        0                         1     -1        0
  MONTH TO DATE   13                        23    -10        0
  SINCE JUN 1     75                       130    -55      103
  SINCE JUL 1     13                        23    -10        0

 COOLING
  YESTERDAY        7                         5      2        2
  MONTH TO DATE  105                        99      6      206
  SINCE JUN 1    217                       161     56      280
  SINCE JAN 1    240                       172     68      312
..................................................................


WIND (MPH)
  HIGHEST WIND SPEED    14   HIGHEST WIND DIRECTION     W (260)
  HIGHEST GUST SPEED    17   HIGHEST GUST DIRECTION    SW (230)
  AVERAGE WIND SPEED     4.9


SKY COVER
  AVERAGE SKY COVER 0.0


WEATHER CONDITIONS
 THE FOLLOWING WEATHER WAS RECORDED YESTERDAY.
  FOG
  HAZE


RELATIVE HUMIDITY (PERCENT)
 HIGHEST    90           300 AM
 LOWEST     44           400 PM
 AVERAGE    67

..........................................................


THE WATERTOWN NY CLIMATE NORMALS FOR TODAY
                         NORMAL    RECORD    YEAR
 MAXIMUM TEMPERATURE (F)   80        93      1964
 MINIMUM TEMPERATURE (F)   59        39      1981


SUNRISE AND SUNSET
JULY 23 2014..........SUNRISE   543 AM EDT   SUNSET   838 PM EDT
JULY 24 2014..........SUNRISE   544 AM EDT   SUNSET   837 PM EDT


-  INDICATES NEGATIVE NUMBERS.
R  INDICATES RECORD WAS SET OR TIED.
MM INDICATES DATA IS MISSING.
T  INDICATES TRACE AMOUNT.




$$
