000
CDUS41 KBUF 120705
CLIART


CLIMATE REPORT
NATIONAL WEATHER SERVICE BUFFALO NY
305 AM EDT SAT AUG 12 2017


...................................

...THE WATERTOWN NY CLIMATE SUMMARY FOR AUGUST 11 2017...

CLIMATE NORMAL PERIOD 1981 TO 2010
CLIMATE RECORD PERIOD 1949 TO 2017


WEATHER ITEM   OBSERVED TIME   RECORD YEAR NORMAL DEPARTURE LAST
                VALUE   (LST)  VALUE       VALUE  FROM      YEAR
                                                  NORMAL
..................................................................
TEMPERATURE (F)
 YESTERDAY
  MAXIMUM         78   1226 PM  92    1970  79     -1       90
  MINIMUM         64    325 AM  42    1972  57      7       67
  AVERAGE         71                        68      3       79

PRECIPITATION (IN)
  YESTERDAY        0.00          1.15 1955   0.11  -0.11     0.00
  MONTH TO DATE    1.23                      1.12   0.11     0.53
  SINCE JUN 1     12.19                      6.62   5.57     4.53
  SINCE JAN 1     27.86                     19.77   8.09    15.53

DEGREE DAYS
 HEATING
  YESTERDAY        0                         1     -1        0
  MONTH TO DATE    4                        11     -7        0
  SINCE JUN 1    117                       144    -27      103
  SINCE JUL 1     15                        37    -22        5

 COOLING
  YESTERDAY        6                         4      2       14
  MONTH TO DATE   50                        47      3      101
  SINCE JUN 1    254                       248      6      350
  SINCE JAN 1    273                       259     14      380
..................................................................


WIND (MPH)
  HIGHEST WIND SPEED    12   HIGHEST WIND DIRECTION     S (200)
  HIGHEST GUST SPEED    17   HIGHEST GUST DIRECTION     S (200)
  AVERAGE WIND SPEED     5.3


SKY COVER
  AVERAGE SKY COVER 0.2


WEATHER CONDITIONS
 THE FOLLOWING WEATHER WAS RECORDED YESTERDAY.
  THUNDERSTORM
  FOG
  HAZE


RELATIVE HUMIDITY (PERCENT)
 HIGHEST    84          1200 AM
 LOWEST     64          1200 PM
 AVERAGE    74

..........................................................


THE WATERTOWN NY CLIMATE NORMALS FOR TODAY
                         NORMAL    RECORD    YEAR
 MAXIMUM TEMPERATURE (F)   79        90      2016
 MINIMUM TEMPERATURE (F)   57        39      2006


SUNRISE AND SUNSET
AUGUST 12 2017........SUNRISE   605 AM EDT   SUNSET   812 PM EDT
AUGUST 13 2017........SUNRISE   606 AM EDT   SUNSET   811 PM EDT


-  INDICATES NEGATIVE NUMBERS.
R  INDICATES RECORD WAS SET OR TIED.
MM INDICATES DATA IS MISSING.
T  INDICATES TRACE AMOUNT.




$$
