608
CDUS41 KBUF 201022
CLIART


CLIMATE REPORT
NATIONAL WEATHER SERVICE BUFFALO NY
522 AM EST MON FEB 20 2017


...................................

...THE WATERTOWN NY CLIMATE SUMMARY FOR FEBRUARY 19 2017...

CLIMATE NORMAL PERIOD 1981 TO 2010
CLIMATE RECORD PERIOD 1949 TO 2017


WEATHER ITEM   OBSERVED TIME   RECORD YEAR NORMAL DEPARTURE LAST
                VALUE   (LST)  VALUE       VALUE  FROM      YEAR
                                                  NORMAL
..................................................................
TEMPERATURE (F)
 YESTERDAY
  MAXIMUM         46   1228 PM  60    1994  33     13       40
  MINIMUM         35    718 AM -35    2007  11     24      -11
  AVERAGE         41                        22     19       15

PRECIPITATION (IN)
  YESTERDAY        0.00          1.15 1972   0.08  -0.08      T
  MONTH TO DATE    1.11                      1.49  -0.38     2.18
  SINCE DEC 1      5.08                      7.30  -2.22     6.14
  SINCE JAN 1      2.89                      4.15  -1.26     3.70

DEGREE DAYS
 HEATING
  YESTERDAY       24                        43    -19       50
  MONTH TO DATE  754                       854   -100      851
  SINCE DEC 1   3043                      3466   -423     2918
  SINCE JUL 1   4385                      5065   -680     4285

 COOLING
  YESTERDAY        0                         0      0        0
  MONTH TO DATE    0                         0      0        0
  SINCE DEC 1      0                         0      0        0
  SINCE JAN 1      0                         0      0        0
..................................................................


WIND (MPH)
  HIGHEST WIND SPEED    17   HIGHEST WIND DIRECTION     N (360)
  HIGHEST GUST SPEED    22   HIGHEST GUST DIRECTION     N (10)
  AVERAGE WIND SPEED     8.7


SKY COVER
  AVERAGE SKY COVER 0.3


WEATHER CONDITIONS
 THE FOLLOWING WEATHER WAS RECORDED YESTERDAY.
  FOG


RELATIVE HUMIDITY (PERCENT)
 HIGHEST    92           100 AM
 LOWEST     70           200 PM
 AVERAGE    81

..........................................................


THE WATERTOWN NY CLIMATE NORMALS FOR TODAY
                         NORMAL    RECORD    YEAR
 MAXIMUM TEMPERATURE (F)   33        62      1994
 MINIMUM TEMPERATURE (F)   11       -16      1950


SUNRISE AND SUNSET
FEBRUARY 20 2017......SUNRISE   655 AM EST   SUNSET   541 PM EST
FEBRUARY 21 2017......SUNRISE   654 AM EST   SUNSET   542 PM EST


-  INDICATES NEGATIVE NUMBERS.
R  INDICATES RECORD WAS SET OR TIED.
MM INDICATES DATA IS MISSING.
T  INDICATES TRACE AMOUNT.

$$
