000
CDUS41 KBUF 131020
CLIART


CLIMATE REPORT
NATIONAL WEATHER SERVICE BUFFALO NY
519 AM EST MON NOV 13 2017


...................................

...THE WATERTOWN NY CLIMATE SUMMARY FOR NOVEMBER 12 2017...

CLIMATE NORMAL PERIOD 1981 TO 2010
CLIMATE RECORD PERIOD 1949 TO 2017


WEATHER ITEM   OBSERVED TIME   RECORD YEAR NORMAL DEPARTURE LAST
                VALUE   (LST)  VALUE       VALUE  FROM      YEAR
                                                  NORMAL
..................................................................
TEMPERATURE (F)
 YESTERDAY
  MAXIMUM         42    215 PM  70    2012  48     -6       47
                                      1964
  MINIMUM         26    322 AM  15    1997  31     -5       19
  AVERAGE         34                        40     -6       33

PRECIPITATION (IN)
  YESTERDAY        0.00          1.08 1963   0.12  -0.12     0.00
  MONTH TO DATE    1.69                      1.46   0.23     0.66
  SINCE SEP 1     14.74                      8.83   5.91     8.56
  SINCE JAN 1     45.47                     30.63  14.84    27.59

DEGREE DAYS
 HEATING
  YESTERDAY       31                        25      6       32
  MONTH TO DATE  304                       282     22      261
  SINCE SEP 1    768                      1006   -238      870
  SINCE JUL 1    838                      1078   -240      881

 COOLING
  YESTERDAY        0                         0      0        0
  MONTH TO DATE    0                         0      0        0
  SINCE SEP 1     59                        38     21       52
  SINCE JAN 1    389                       362     27      566
..................................................................


WIND (MPH)
  HIGHEST WIND SPEED     9   HIGHEST WIND DIRECTION     S (160)
  HIGHEST GUST SPEED    13   HIGHEST GUST DIRECTION    SE (140)
  AVERAGE WIND SPEED     3.3


SKY COVER
  AVERAGE SKY COVER 0.7


WEATHER CONDITIONS
 THE FOLLOWING WEATHER WAS RECORDED YESTERDAY.
  NO SIGNIFICANT WEATHER WAS OBSERVED.


RELATIVE HUMIDITY (PERCENT)
 HIGHEST    75           100 AM
 LOWEST     38           300 PM
 AVERAGE    57

..........................................................


THE WATERTOWN NY CLIMATE NORMALS FOR TODAY
                         NORMAL    RECORD    YEAR
 MAXIMUM TEMPERATURE (F)   48        64      2005
                                             1992
 MINIMUM TEMPERATURE (F)   31        11      1997


SUNRISE AND SUNSET
NOVEMBER 13 2017......SUNRISE   657 AM EST   SUNSET   440 PM EST
NOVEMBER 14 2017......SUNRISE   658 AM EST   SUNSET   439 PM EST


-  INDICATES NEGATIVE NUMBERS.
R  INDICATES RECORD WAS SET OR TIED.
MM INDICATES DATA IS MISSING.
T  INDICATES TRACE AMOUNT.




$$
