966
CDUS41 KBUF 210705
CLIART


CLIMATE REPORT
NATIONAL WEATHER SERVICE BUFFALO NY
305 AM EDT THU SEP 21 2017


...................................

...THE WATERTOWN NY CLIMATE SUMMARY FOR SEPTEMBER 20 2017...

CLIMATE NORMAL PERIOD 1981 TO 2010
CLIMATE RECORD PERIOD 1949 TO 2017


WEATHER ITEM   OBSERVED TIME   RECORD YEAR NORMAL DEPARTURE LAST
                VALUE   (LST)  VALUE       VALUE  FROM      YEAR
                                                  NORMAL
..................................................................
TEMPERATURE (F)
 YESTERDAY
  MAXIMUM         80    345 PM  88    1983  69     11       77
  MINIMUM         55    417 AM  27    1993  47      8       53
  AVERAGE         68                        58     10       65

PRECIPITATION (IN)
  YESTERDAY        0.00          0.94 1988   0.13  -0.13     0.00
  MONTH TO DATE    1.13                      2.33  -1.20     2.24
  SINCE SEP 1      1.13                      2.33  -1.20     2.24
  SINCE JAN 1     31.86                     24.13   7.73    21.27

DEGREE DAYS
 HEATING
  YESTERDAY        0                         8     -8        0
  MONTH TO DATE  102                       103     -1       58
  SINCE SEP 1    102                       103     -1       58
  SINCE JUL 1    172                       175     -3       69

 COOLING
  YESTERDAY        3                         1      2        0
  MONTH TO DATE   19                        30    -11       47
  SINCE SEP 1     19                        30    -11       47
  SINCE JAN 1    349                       354     -5      561
..................................................................


WIND (MPH)
  HIGHEST WIND SPEED    16   HIGHEST WIND DIRECTION    NE (30)
  HIGHEST GUST SPEED    21   HIGHEST GUST DIRECTION    NE (40)
  AVERAGE WIND SPEED     5.0


SKY COVER
  AVERAGE SKY COVER 0.3


WEATHER CONDITIONS
 THE FOLLOWING WEATHER WAS RECORDED YESTERDAY.
  FOG
  FOG W/VISIBILITY <= 1/4 MILE


RELATIVE HUMIDITY (PERCENT)
 HIGHEST   100          1200 AM
 LOWEST     54           300 PM
 AVERAGE    77

..........................................................


THE WATERTOWN NY CLIMATE NORMALS FOR TODAY
                         NORMAL    RECORD    YEAR
 MAXIMUM TEMPERATURE (F)   68        88      1965
 MINIMUM TEMPERATURE (F)   47        27      1973


SUNRISE AND SUNSET
SEPTEMBER 21 2017.....SUNRISE   650 AM EDT   SUNSET   703 PM EDT
SEPTEMBER 22 2017.....SUNRISE   652 AM EDT   SUNSET   701 PM EDT


-  INDICATES NEGATIVE NUMBERS.
R  INDICATES RECORD WAS SET OR TIED.
MM INDICATES DATA IS MISSING.
T  INDICATES TRACE AMOUNT.




$$
