000
CDUS41 KBUF 240705
CLIART


CLIMATE REPORT
NATIONAL WEATHER SERVICE BUFFALO NY
305 AM EDT MON AUG 24 2015


...................................

...THE WATERTOWN NY CLIMATE SUMMARY FOR AUGUST 23 2015...

CLIMATE NORMAL PERIOD 1981 TO 2010
CLIMATE RECORD PERIOD 1949 TO 2015


WEATHER ITEM   OBSERVED TIME   RECORD YEAR NORMAL DEPARTURE LAST
                VALUE   (LST)  VALUE       VALUE  FROM      YEAR
                                                  NORMAL
..................................................................
TEMPERATURE (F)
 YESTERDAY
  MAXIMUM         79    449 PM  85    1954  77      2       76
  MINIMUM         53    525 AM  38    1973  55     -2       58
  AVERAGE         66                        66      0       67

PRECIPITATION (IN)
  YESTERDAY        0.00          1.15 1964   0.09  -0.09     0.03
  MONTH TO DATE    2.62                      2.35   0.27     5.10
  SINCE JUN 1      9.92                      7.85   2.07    13.04
  SINCE JAN 1     17.32                     21.00  -3.68    31.64

DEGREE DAYS
 HEATING
  YESTERDAY        0                         2     -2        0
  MONTH TO DATE    7                        27    -20       21
  SINCE JUN 1    161                       160      1      102
  SINCE JUL 1     45                        53     -8       40

 COOLING
  YESTERDAY        1                         3     -2        2
  MONTH TO DATE   96                        90      6       66
  SINCE JUN 1    250                       291    -41      301
  SINCE JAN 1    296                       302     -6      324
..................................................................


WIND (MPH)
  HIGHEST WIND SPEED    10   HIGHEST WIND DIRECTION     W (260)
  HIGHEST GUST SPEED    15   HIGHEST GUST DIRECTION     W (260)
  AVERAGE WIND SPEED     2.2


SKY COVER
  AVERAGE SKY COVER 0.5


WEATHER CONDITIONS
 THE FOLLOWING WEATHER WAS RECORDED YESTERDAY.
  FOG


RELATIVE HUMIDITY (PERCENT)
 HIGHEST   100           500 AM
 LOWEST     50           100 PM
 AVERAGE    75

..........................................................


THE WATERTOWN NY CLIMATE NORMALS FOR TODAY
                         NORMAL    RECORD    YEAR
 MAXIMUM TEMPERATURE (F)   77        85      2012
                                             2007
 MINIMUM TEMPERATURE (F)   55        39      2003


SUNRISE AND SUNSET
AUGUST 24 2015........SUNRISE   618 AM EDT   SUNSET   754 PM EDT
AUGUST 25 2015........SUNRISE   619 AM EDT   SUNSET   753 PM EDT


-  INDICATES NEGATIVE NUMBERS.
R  INDICATES RECORD WAS SET OR TIED.
MM INDICATES DATA IS MISSING.
T  INDICATES TRACE AMOUNT.




$$
