000
CDUS41 KBUF 021028
CLIART


CLIMATE REPORT
NATIONAL WEATHER SERVICE BUFFALO NY
526 AM EST SAT DEC 2 2017


...................................

...THE WATERTOWN NY CLIMATE SUMMARY FOR DECEMBER 1 2017...

CLIMATE NORMAL PERIOD 1981 TO 2010
CLIMATE RECORD PERIOD 1949 TO 2017


WEATHER ITEM   OBSERVED TIME   RECORD YEAR NORMAL DEPARTURE LAST
                VALUE   (LST)  VALUE       VALUE  FROM      YEAR
                                                  NORMAL
..................................................................
TEMPERATURE (F)
 YESTERDAY
  MAXIMUM         44    113 PM  64    1998  40      4       54
  MINIMUM         29   1159 PM -11    1989  24      5       40
  AVERAGE         37                        32      5       47

PRECIPITATION (IN)
  YESTERDAY        0.00          1.81 2010   0.11  -0.11     0.21
  MONTH TO DATE    0.00                      0.11  -0.11     0.21
  SINCE DEC 1      0.00                      0.11  -0.11     0.21
  SINCE JAN 1     46.89                     33.04  13.85    28.54

DEGREE DAYS
 HEATING
  YESTERDAY       28                        33     -5       18
  MONTH TO DATE   28                        33     -5       18
  SINCE DEC 1     28                        33     -5       18
  SINCE JUL 1   1387                      1632   -245     1360

 COOLING
  YESTERDAY        0                         0      0        0
  MONTH TO DATE    0                         0      0        0
  SINCE DEC 1      0                         0      0        0
  SINCE JAN 1    389                       362     27      566
..................................................................


WIND (MPH)
  HIGHEST WIND SPEED    15   HIGHEST WIND DIRECTION     W (280)
  HIGHEST GUST SPEED    20   HIGHEST GUST DIRECTION     W (260)
  AVERAGE WIND SPEED     6.9


SKY COVER
  AVERAGE SKY COVER 1.0


WEATHER CONDITIONS
 THE FOLLOWING WEATHER WAS RECORDED YESTERDAY.
  NO SIGNIFICANT WEATHER WAS OBSERVED.


RELATIVE HUMIDITY (PERCENT)
 HIGHEST    89          1100 PM
 LOWEST     53           200 PM
 AVERAGE    71

..........................................................


THE WATERTOWN NY CLIMATE NORMALS FOR TODAY
                         NORMAL    RECORD    YEAR
 MAXIMUM TEMPERATURE (F)   40        60      1982
 MINIMUM TEMPERATURE (F)   24       -11      1976


SUNRISE AND SUNSET
DECEMBER  2 2017......SUNRISE   720 AM EST   SUNSET   427 PM EST
DECEMBER  3 2017......SUNRISE   721 AM EST   SUNSET   427 PM EST


-  INDICATES NEGATIVE NUMBERS.
R  INDICATES RECORD WAS SET OR TIED.
MM INDICATES DATA IS MISSING.
T  INDICATES TRACE AMOUNT.




$$
