000
CDUS41 KBUF 210705
CLIART


CLIMATE REPORT
NATIONAL WEATHER SERVICE BUFFALO NY
205 AM EST SAT FEB 21 2015


...................................

...THE WATERTOWN NY CLIMATE SUMMARY FOR FEBRUARY 20 2015...

CLIMATE NORMAL PERIOD 1981 TO 2010
CLIMATE RECORD PERIOD 1949 TO 2015


WEATHER ITEM   OBSERVED TIME   RECORD YEAR NORMAL DEPARTURE LAST
                VALUE   (LST)  VALUE       VALUE  FROM      YEAR
                                                  NORMAL
..................................................................
TEMPERATURE (F)
 YESTERDAY
  MAXIMUM         10    713 PM  62    1994  33    -23       41
  MINIMUM         -6    542 AM -16    1950  11    -17       28
  AVERAGE          2                        22    -20       35

PRECIPITATION (IN)
  YESTERDAY        0.01          0.70 1981   0.08  -0.07     0.12
  MONTH TO DATE    1.08                      1.57  -0.49     2.13
  SINCE DEC 1      4.67                      7.38  -2.71     8.23
  SINCE JAN 1      2.95                      4.23  -1.28     5.82

DEGREE DAYS
 HEATING
  YESTERDAY       63                        43     20       30
  MONTH TO DATE 1180                       897    283      984
  SINCE DEC 1   3704                      3509    195     3743
  SINCE JUL 1   5057                      5108    -51     5318

 COOLING
  YESTERDAY        0                         0      0        0
  MONTH TO DATE    0                         0      0        0
  SINCE DEC 1      0                         0      0        0
  SINCE JAN 1      0                         0      0        0
..................................................................


WIND (MPH)
  HIGHEST WIND SPEED    17   HIGHEST WIND DIRECTION     W (260)
  HIGHEST GUST SPEED    23   HIGHEST GUST DIRECTION     W (270)
  AVERAGE WIND SPEED    10.4


SKY COVER
  AVERAGE SKY COVER 0.5


WEATHER CONDITIONS
 THE FOLLOWING WEATHER WAS RECORDED YESTERDAY.
  SNOW
  LIGHT SNOW
  FOG
  HAZE


RELATIVE HUMIDITY (PERCENT)
 HIGHEST    73           700 PM
 LOWEST     56          1200 AM
 AVERAGE    65

..........................................................


THE WATERTOWN NY CLIMATE NORMALS FOR TODAY
                         NORMAL    RECORD    YEAR
 MAXIMUM TEMPERATURE (F)   33        63      1997
 MINIMUM TEMPERATURE (F)   12       -20      1972


SUNRISE AND SUNSET
FEBRUARY 21 2015......SUNRISE   654 AM EST   SUNSET   542 PM EST
FEBRUARY 22 2015......SUNRISE   653 AM EST   SUNSET   543 PM EST


-  INDICATES NEGATIVE NUMBERS.
R  INDICATES RECORD WAS SET OR TIED.
MM INDICATES DATA IS MISSING.
T  INDICATES TRACE AMOUNT.




$$
