000
CDUS41 KBUF 240705
CLIART


CLIMATE REPORT
NATIONAL WEATHER SERVICE BUFFALO NY
305 AM EDT SUN JUL 24 2016


...................................

...THE WATERTOWN NY CLIMATE SUMMARY FOR JULY 23 2016...

CLIMATE NORMAL PERIOD 1981 TO 2010
CLIMATE RECORD PERIOD 1949 TO 2016


WEATHER ITEM   OBSERVED TIME   RECORD YEAR NORMAL DEPARTURE LAST
                VALUE   (LST)  VALUE       VALUE  FROM      YEAR
                                                  NORMAL
..................................................................
TEMPERATURE (F)
 YESTERDAY
  MAXIMUM         85   1239 PM  93    1964  80      5       75
  MINIMUM         61   1154 PM  39    1981  59      2       58
  AVERAGE         73                        69      4       67

PRECIPITATION (IN)
  YESTERDAY        0.00          0.73 1962   0.09  -0.09     0.00
  MONTH TO DATE    0.32                      1.92  -1.60     1.34
  SINCE JUN 1      3.92                      4.77  -0.85     7.05
  SINCE JAN 1     14.92                     17.92  -3.00    14.45

DEGREE DAYS
 HEATING
  YESTERDAY        0                         1     -1        0
  MONTH TO DATE    5                        24    -19       38
  SINCE JUN 1    103                       131    -28      154
  SINCE JUL 1      5                        24    -19       38

 COOLING
  YESTERDAY        8                         5      3        2
  MONTH TO DATE  141                       104     37       70
  SINCE JUN 1    188                       166     22      101
  SINCE JAN 1    218                       177     41      147
..................................................................


WIND (MPH)
  HIGHEST WIND SPEED    21   HIGHEST WIND DIRECTION    SW (220)
  HIGHEST GUST SPEED    27   HIGHEST GUST DIRECTION    SW (230)
  AVERAGE WIND SPEED     7.3


SKY COVER
  AVERAGE SKY COVER 0.2


WEATHER CONDITIONS
 THE FOLLOWING WEATHER WAS RECORDED YESTERDAY.
  NO SIGNIFICANT WEATHER WAS OBSERVED.


RELATIVE HUMIDITY (PERCENT)
 HIGHEST    93          1200 AM
 LOWEST     48           100 PM
 AVERAGE    71

..........................................................


THE WATERTOWN NY CLIMATE NORMALS FOR TODAY
                         NORMAL    RECORD    YEAR
 MAXIMUM TEMPERATURE (F)   80        90      1973
 MINIMUM TEMPERATURE (F)   59        43      2004


SUNRISE AND SUNSET
JULY 24 2016..........SUNRISE   544 AM EDT   SUNSET   836 PM EDT
JULY 25 2016..........SUNRISE   545 AM EDT   SUNSET   835 PM EDT


-  INDICATES NEGATIVE NUMBERS.
R  INDICATES RECORD WAS SET OR TIED.
MM INDICATES DATA IS MISSING.
T  INDICATES TRACE AMOUNT.




$$
