000
CDUS41 KBUF 151014
CLIART


CLIMATE REPORT
NATIONAL WEATHER SERVICE BUFFALO NY
613 AM EDT FRI AUG 15 2014


...................................

...THE WATERTOWN NY CLIMATE SUMMARY FOR AUGUST 14 2014...

CLIMATE NORMAL PERIOD 1981 TO 2010
CLIMATE RECORD PERIOD 1949 TO 2014


WEATHER ITEM   OBSERVED TIME   RECORD YEAR NORMAL DEPARTURE LAST
                VALUE   (LST)  VALUE       VALUE  FROM      YEAR
                                                  NORMAL
..................................................................
TEMPERATURE (F)
 YESTERDAY
  MAXIMUM         63   1235 PM  94    2002  79    -16       72
  MINIMUM         55    619 AM  39    1961  57     -2       49
  AVERAGE         59                        68     -9       61

PRECIPITATION (IN)
  YESTERDAY        0.20          1.97 1984   0.11   0.09     0.01
  MONTH TO DATE    1.74                      1.43   0.31     1.70
  SINCE JUN 1      9.68                      6.93   2.75    10.79
  SINCE JAN 1     28.28                     20.08   8.20    21.41

DEGREE DAYS
 HEATING
  YESTERDAY        6                         1      5        4
  MONTH TO DATE    8                        14     -6       17
  SINCE JUN 1     89                       147    -58      131
  SINCE JUL 1     27                        40    -13       28

 COOLING
  YESTERDAY        0                         4     -4        0
  MONTH TO DATE   48                        59    -11       39
  SINCE JUN 1    283                       260     23      337
  SINCE JAN 1    306                       271     35      369
..................................................................


WIND (MPH)
  HIGHEST WIND SPEED    25   HIGHEST WIND DIRECTION     W (260)
  HIGHEST GUST SPEED    33   HIGHEST GUST DIRECTION     W (260)
  AVERAGE WIND SPEED    12.3


SKY COVER
  AVERAGE SKY COVER 1.0


WEATHER CONDITIONS
 THE FOLLOWING WEATHER WAS RECORDED YESTERDAY.
  RAIN
  LIGHT RAIN


RELATIVE HUMIDITY (PERCENT)
 HIGHEST    72           700 PM
 LOWEST     57           800 AM
 AVERAGE    65

..........................................................


THE WATERTOWN NY CLIMATE NORMALS FOR TODAY
                         NORMAL    RECORD    YEAR
 MAXIMUM TEMPERATURE (F)   78        93      1978
 MINIMUM TEMPERATURE (F)   57        41      1972


SUNRISE AND SUNSET
AUGUST 15 2014........SUNRISE   608 AM EDT   SUNSET   808 PM EDT
AUGUST 16 2014........SUNRISE   609 AM EDT   SUNSET   807 PM EDT


-  INDICATES NEGATIVE NUMBERS.
R  INDICATES RECORD WAS SET OR TIED.
MM INDICATES DATA IS MISSING.
T  INDICATES TRACE AMOUNT.




$$
