288
CDUS41 KBUF 180705
CLIART


CLIMATE REPORT
NATIONAL WEATHER SERVICE BUFFALO NY
305 AM EDT THU MAY 18 2017


...................................

...THE WATERTOWN NY CLIMATE SUMMARY FOR MAY 17 2017...

CLIMATE NORMAL PERIOD 1981 TO 2010
CLIMATE RECORD PERIOD 1949 TO 2017


WEATHER ITEM   OBSERVED TIME   RECORD YEAR NORMAL DEPARTURE LAST
                VALUE   (LST)  VALUE       VALUE  FROM      YEAR
                                                  NORMAL
..................................................................
TEMPERATURE (F)
 YESTERDAY
  MAXIMUM         83R   208 PM  82    1989  66     17       59
  MINIMUM         52   1213 AM  29    1984  44      8       37
  AVERAGE         68                        55     13       48

PRECIPITATION (IN)
  YESTERDAY        0.00          0.76 1991   0.10  -0.10     0.00
  MONTH TO DATE    3.91                      1.60   2.31     1.40
  SINCE MAR 1     10.33                      6.80   3.53     5.19
  SINCE JAN 1     13.96                     11.68   2.28    11.00

DEGREE DAYS
 HEATING
  YESTERDAY        0                        10    -10       17
  MONTH TO DATE  268                       216     52      254
  SINCE MAR 1   1963                      1918     45     1922
  SINCE JUL 1   6574                      7359   -785     6570

 COOLING
  YESTERDAY        3                         0      3        0
  MONTH TO DATE    3                         0      3        0
  SINCE MAR 1     10                         1      9        0
  SINCE JAN 1     10                         1      9        0
..................................................................


WIND (MPH)
  HIGHEST WIND SPEED    23   HIGHEST WIND DIRECTION    SW (230)
  HIGHEST GUST SPEED    33   HIGHEST GUST DIRECTION    SW (220)
  AVERAGE WIND SPEED    10.2


SKY COVER
  AVERAGE SKY COVER 0.1


WEATHER CONDITIONS
 THE FOLLOWING WEATHER WAS RECORDED YESTERDAY.
  NO SIGNIFICANT WEATHER WAS OBSERVED.


RELATIVE HUMIDITY (PERCENT)
 HIGHEST    89          1200 AM
 LOWEST     48           600 PM
 AVERAGE    69

..........................................................


THE WATERTOWN NY CLIMATE NORMALS FOR TODAY
                         NORMAL    RECORD    YEAR
 MAXIMUM TEMPERATURE (F)   67        86      1949
 MINIMUM TEMPERATURE (F)   44        28      1981


SUNRISE AND SUNSET
MAY 18 2017...........SUNRISE   535 AM EDT   SUNSET   827 PM EDT
MAY 19 2017...........SUNRISE   534 AM EDT   SUNSET   828 PM EDT


-  INDICATES NEGATIVE NUMBERS.
R  INDICATES RECORD WAS SET OR TIED.
MM INDICATES DATA IS MISSING.
T  INDICATES TRACE AMOUNT.




$$
