000
CDUS41 KBUF 120705
CLIART


CLIMATE REPORT
NATIONAL WEATHER SERVICE BUFFALO NY
305 AM EDT FRI AUG 12 2016


...................................

...THE WATERTOWN NY CLIMATE SUMMARY FOR AUGUST 11 2016...

CLIMATE NORMAL PERIOD 1981 TO 2010
CLIMATE RECORD PERIOD 1949 TO 2016


WEATHER ITEM   OBSERVED TIME   RECORD YEAR NORMAL DEPARTURE LAST
                VALUE   (LST)  VALUE       VALUE  FROM      YEAR
                                                  NORMAL
..................................................................
TEMPERATURE (F)
 YESTERDAY
  MAXIMUM         90    407 PM  92    1970  79     11       79
  MINIMUM         67    325 AM  42    1972  57     10       59
  AVERAGE         79                        68     11       69

PRECIPITATION (IN)
  YESTERDAY        0.00          1.15 1955   0.11  -0.11     0.55
  MONTH TO DATE    0.53                      1.12  -0.59     1.33
  SINCE JUN 1      4.53                      6.62  -2.09     8.63
  SINCE JAN 1     15.53                     19.77  -4.24    16.03

DEGREE DAYS
 HEATING
  YESTERDAY        0                         1     -1        0
  MONTH TO DATE    0                        11    -11        5
  SINCE JUN 1    103                       144    -41      159
  SINCE JUL 1      5                        37    -32       43

 COOLING
  YESTERDAY       14                         4     10        4
  MONTH TO DATE  101                        47     54       29
  SINCE JUN 1    350                       248    102      183
  SINCE JAN 1    380                       259    121      229
..................................................................


WIND (MPH)
  HIGHEST WIND SPEED    15   HIGHEST WIND DIRECTION     W (260)
  HIGHEST GUST SPEED    19   HIGHEST GUST DIRECTION     W (260)
  AVERAGE WIND SPEED     6.2


SKY COVER
  AVERAGE SKY COVER 0.0


WEATHER CONDITIONS
 THE FOLLOWING WEATHER WAS RECORDED YESTERDAY.
  FOG
  HAZE


RELATIVE HUMIDITY (PERCENT)
 HIGHEST    84           200 AM
 LOWEST     38           300 PM
 AVERAGE    61

..........................................................


THE WATERTOWN NY CLIMATE NORMALS FOR TODAY
                         NORMAL    RECORD    YEAR
 MAXIMUM TEMPERATURE (F)   79        87      2002
 MINIMUM TEMPERATURE (F)   57        39      2006


SUNRISE AND SUNSET
AUGUST 12 2016........SUNRISE   605 AM EDT   SUNSET   812 PM EDT
AUGUST 13 2016........SUNRISE   606 AM EDT   SUNSET   811 PM EDT


-  INDICATES NEGATIVE NUMBERS.
R  INDICATES RECORD WAS SET OR TIED.
MM INDICATES DATA IS MISSING.
T  INDICATES TRACE AMOUNT.




$$
