000
CDUS41 KBUF 260705
CLIART


CLIMATE REPORT
NATIONAL WEATHER SERVICE BUFFALO NY
305 AM EDT FRI JUN 26 2015


...................................

...THE WATERTOWN NY CLIMATE SUMMARY FOR JUNE 25 2015...

CLIMATE NORMAL PERIOD 1981 TO 2010
CLIMATE RECORD PERIOD 1949 TO 2015


WEATHER ITEM   OBSERVED TIME   RECORD YEAR NORMAL DEPARTURE LAST
                VALUE   (LST)  VALUE       VALUE  FROM      YEAR
                                                  NORMAL
..................................................................
TEMPERATURE (F)
 YESTERDAY
  MAXIMUM         75   1212 PM  90    1953  77     -2       72
  MINIMUM         50    449 AM  35    1979  55     -5       68
  AVERAGE         63                        66     -3       70

PRECIPITATION (IN)
  YESTERDAY        0.03          1.12 1976   0.09  -0.06     0.43
  MONTH TO DATE    4.41                      2.41   2.00     2.90
  SINCE JUN 1      4.41                      2.41   2.00     2.90
  SINCE JAN 1     11.81                     15.56  -3.75    21.50

DEGREE DAYS
 HEATING
  YESTERDAY        2                         2      0        0
  MONTH TO DATE   94                        98     -4       62
  SINCE JUN 1     94                        98     -4       62
  SINCE JUL 1   7639                      7574     65     7923

 COOLING
  YESTERDAY        0                         3     -3        5
  MONTH TO DATE   31                        44    -13       67
  SINCE JUN 1     31                        44    -13       67
  SINCE JAN 1     77                        55     22       90
..................................................................


WIND (MPH)
  HIGHEST WIND SPEED    10   HIGHEST WIND DIRECTION     W (260)
  HIGHEST GUST SPEED    13   HIGHEST GUST DIRECTION    NW (300)
  AVERAGE WIND SPEED     3.4


SKY COVER
  AVERAGE SKY COVER 0.5


WEATHER CONDITIONS
 THE FOLLOWING WEATHER WAS RECORDED YESTERDAY.
  LIGHT RAIN


RELATIVE HUMIDITY (PERCENT)
 HIGHEST    93           800 PM
 LOWEST     57          1100 AM
 AVERAGE    75

..........................................................


THE WATERTOWN NY CLIMATE NORMALS FOR TODAY
                         NORMAL    RECORD    YEAR
 MAXIMUM TEMPERATURE (F)   77        91      1995
 MINIMUM TEMPERATURE (F)   56        38      1965


SUNRISE AND SUNSET
JUNE 26 2015..........SUNRISE   523 AM EDT   SUNSET   851 PM EDT
JUNE 27 2015..........SUNRISE   523 AM EDT   SUNSET   851 PM EDT


-  INDICATES NEGATIVE NUMBERS.
R  INDICATES RECORD WAS SET OR TIED.
MM INDICATES DATA IS MISSING.
T  INDICATES TRACE AMOUNT.




$$
