704
CDUS41 KBUF 141026
CLIART


CLIMATE REPORT
NATIONAL WEATHER SERVICE BUFFALO NY
525 AM EST TUE FEB 14 2017


...................................

...THE WATERTOWN NY CLIMATE SUMMARY FOR FEBRUARY 13 2017...

CLIMATE NORMAL PERIOD 1981 TO 2010
CLIMATE RECORD PERIOD 1949 TO 2017


WEATHER ITEM   OBSERVED TIME   RECORD YEAR NORMAL DEPARTURE LAST
                VALUE   (LST)  VALUE       VALUE  FROM      YEAR
                                                  NORMAL
..................................................................
TEMPERATURE (F)
 YESTERDAY
  MAXIMUM         29    251 PM  57    1984  31     -2       13
  MINIMUM         19    237 AM -32    2015  10      9      -22
  AVERAGE         24                        20      4       -4

PRECIPITATION (IN)
  YESTERDAY        0.01          1.32 1971   0.08  -0.07      T
  MONTH TO DATE    1.07                      1.02   0.05     0.78
  SINCE DEC 1      5.04                      6.83  -1.79     4.74
  SINCE JAN 1      2.85                      3.68  -0.83     2.30

DEGREE DAYS
 HEATING
  YESTERDAY       41                        45     -4       69
  MONTH TO DATE  521                       592    -71      511
  SINCE DEC 1   2810                      3204   -394     2578
  SINCE JUL 1   4152                      4803   -651     3945

 COOLING
  YESTERDAY        0                         0      0        0
  MONTH TO DATE    0                         0      0        0
  SINCE DEC 1      0                         0      0        0
  SINCE JAN 1      0                         0      0        0
..................................................................


WIND (MPH)
  HIGHEST WIND SPEED    18   HIGHEST WIND DIRECTION    NW (320)
  HIGHEST GUST SPEED    26   HIGHEST GUST DIRECTION    NW (320)
  AVERAGE WIND SPEED     8.8


SKY COVER
  AVERAGE SKY COVER 1.0


WEATHER CONDITIONS
 THE FOLLOWING WEATHER WAS RECORDED YESTERDAY.
  LIGHT SNOW
  FOG
  HAZE


RELATIVE HUMIDITY (PERCENT)
 HIGHEST   100           100 AM
 LOWEST     68          1200 PM
 AVERAGE    84

..........................................................


THE WATERTOWN NY CLIMATE NORMALS FOR TODAY
                         NORMAL    RECORD    YEAR
 MAXIMUM TEMPERATURE (F)   31        56      1984
 MINIMUM TEMPERATURE (F)   10       -37      2016


SUNRISE AND SUNSET
FEBRUARY 14 2017......SUNRISE   704 AM EST   SUNSET   533 PM EST
FEBRUARY 15 2017......SUNRISE   703 AM EST   SUNSET   534 PM EST


-  INDICATES NEGATIVE NUMBERS.
R  INDICATES RECORD WAS SET OR TIED.
MM INDICATES DATA IS MISSING.
T  INDICATES TRACE AMOUNT.




$$
