000
CDUS41 KBUF 170705
CLIART


CLIMATE REPORT
NATIONAL WEATHER SERVICE BUFFALO NY
305 AM EDT FRI OCT 17 2014


...................................

...THE WATERTOWN NY CLIMATE SUMMARY FOR OCTOBER 16 2014...

CLIMATE NORMAL PERIOD 1981 TO 2010
CLIMATE RECORD PERIOD 1949 TO 2014


WEATHER ITEM   OBSERVED TIME   RECORD YEAR NORMAL DEPARTURE LAST
                VALUE   (LST)  VALUE       VALUE  FROM      YEAR
                                                  NORMAL
..................................................................
TEMPERATURE (F)
 YESTERDAY
  MAXIMUM         74   1108 AM  79    1989  58     16       66
  MINIMUM         57    751 PM  21    1994  38     19       60
  AVERAGE         66                        48     18       63

PRECIPITATION (IN)
  YESTERDAY        0.48          2.29 1955   0.11   0.37     0.16
  MONTH TO DATE    2.37                      1.98   0.39     1.93
  SINCE SEP 1      3.95                      5.70  -1.75     4.75
  SINCE JAN 1     36.21                     27.50   8.71    26.55

DEGREE DAYS
 HEATING
  YESTERDAY        0                        17    -17        2
  MONTH TO DATE  130                       232   -102      128
  SINCE SEP 1    306                       434   -128      359
  SINCE JUL 1    356                       506   -150      402

 COOLING
  YESTERDAY        1                         0      1        0
  MONTH TO DATE   17                         0     17        0
  SINCE SEP 1     73                        35     38       48
  SINCE JAN 1    433                       359     74      481
..................................................................


WIND (MPH)
  HIGHEST WIND SPEED    15   HIGHEST WIND DIRECTION     W (260)
  HIGHEST GUST SPEED    22   HIGHEST GUST DIRECTION    SW (220)
  AVERAGE WIND SPEED     5.5


SKY COVER
  AVERAGE SKY COVER 0.9


WEATHER CONDITIONS
 THE FOLLOWING WEATHER WAS RECORDED YESTERDAY.
  HEAVY RAIN
  RAIN
  LIGHT RAIN
  FOG
  HAZE


RELATIVE HUMIDITY (PERCENT)
 HIGHEST    90           200 PM
 LOWEST     73          1100 AM
 AVERAGE    82

..........................................................


THE WATERTOWN NY CLIMATE NORMALS FOR TODAY
                         NORMAL    RECORD    YEAR
 MAXIMUM TEMPERATURE (F)   58        78      1980
 MINIMUM TEMPERATURE (F)   38        20      1997


SUNRISE AND SUNSET
OCTOBER 17 2014.......SUNRISE   721 AM EDT   SUNSET   617 PM EDT
OCTOBER 18 2014.......SUNRISE   722 AM EDT   SUNSET   615 PM EDT


-  INDICATES NEGATIVE NUMBERS.
R  INDICATES RECORD WAS SET OR TIED.
MM INDICATES DATA IS MISSING.
T  INDICATES TRACE AMOUNT.




$$
