902
CDUS41 KBUF 230705
CLIART


CLIMATE REPORT
NATIONAL WEATHER SERVICE BUFFALO NY
305 AM EDT FRI SEP 23 2016


...................................

...THE WATERTOWN NY CLIMATE SUMMARY FOR SEPTEMBER 22 2016...

CLIMATE NORMAL PERIOD 1981 TO 2010
CLIMATE RECORD PERIOD 1949 TO 2016


WEATHER ITEM   OBSERVED TIME   RECORD YEAR NORMAL DEPARTURE LAST
                VALUE   (LST)  VALUE       VALUE  FROM      YEAR
                                                  NORMAL
..................................................................
TEMPERATURE (F)
 YESTERDAY
  MAXIMUM         81    150 PM  91    1965  68     13       71
  MINIMUM         48    523 AM  28    1974  46      2       45
  AVERAGE         65                        57      8       58

PRECIPITATION (IN)
  YESTERDAY        0.06          1.08 1967   0.15  -0.09     0.00
  MONTH TO DATE    2.30                      2.62  -0.32     2.71
  SINCE SEP 1      2.30                      2.62  -0.32     2.71
  SINCE JAN 1     21.33                     24.42  -3.09    20.06

DEGREE DAYS
 HEATING
  YESTERDAY        0                         9     -9        7
  MONTH TO DATE   62                       120    -58       47
  SINCE SEP 1     62                       120    -58       47
  SINCE JUL 1     73                       192   -119      102

 COOLING
  YESTERDAY        0                         1     -1        0
  MONTH TO DATE   47                        32     15       79
  SINCE SEP 1     47                        32     15       79
  SINCE JAN 1    561                       356    205      385
..................................................................


WIND (MPH)
  HIGHEST WIND SPEED    18   HIGHEST WIND DIRECTION     W (260)
  HIGHEST GUST SPEED    23   HIGHEST GUST DIRECTION     W (270)
  AVERAGE WIND SPEED     3.7


SKY COVER
  AVERAGE SKY COVER 0.1


WEATHER CONDITIONS
 THE FOLLOWING WEATHER WAS RECORDED YESTERDAY.
  RAIN
  LIGHT RAIN


RELATIVE HUMIDITY (PERCENT)
 HIGHEST    93           200 AM
 LOWEST     39          1100 AM
 AVERAGE    66

..........................................................


THE WATERTOWN NY CLIMATE NORMALS FOR TODAY
                         NORMAL    RECORD    YEAR
 MAXIMUM TEMPERATURE (F)   68        86      1964
 MINIMUM TEMPERATURE (F)   46        26      1974


SUNRISE AND SUNSET
SEPTEMBER 23 2016.....SUNRISE   653 AM EDT   SUNSET   659 PM EDT
SEPTEMBER 24 2016.....SUNRISE   654 AM EDT   SUNSET   657 PM EDT


-  INDICATES NEGATIVE NUMBERS.
R  INDICATES RECORD WAS SET OR TIED.
MM INDICATES DATA IS MISSING.
T  INDICATES TRACE AMOUNT.




$$
