138
CDUS41 KBUF 101025
CLIART


CLIMATE REPORT
NATIONAL WEATHER SERVICE BUFFALO NY
524 AM EST SUN DEC 10 2017


...................................

...THE WATERTOWN NY CLIMATE SUMMARY FOR DECEMBER 9 2017...

CLIMATE NORMAL PERIOD 1981 TO 2010
CLIMATE RECORD PERIOD 1949 TO 2017


WEATHER ITEM   OBSERVED TIME   RECORD YEAR NORMAL DEPARTURE LAST
                VALUE   (LST)  VALUE       VALUE  FROM      YEAR
                                                  NORMAL
..................................................................
TEMPERATURE (F)
 YESTERDAY
  MAXIMUM         38    253 PM  63    1966  37      1       29
  MINIMUM         22    711 PM  -8    2000  21      1       20
  AVERAGE         30                        29      1       25

PRECIPITATION (IN)
  YESTERDAY        T             1.17 1975   0.11  -0.11      T
  MONTH TO DATE    0.82                      0.99  -0.17     0.75
  SINCE DEC 1      0.82                      0.99  -0.17     0.75
  SINCE JAN 1     47.71                     33.92  13.79    29.08

DEGREE DAYS
 HEATING
  YESTERDAY       35                        36     -1       40
  MONTH TO DATE  260                       310    -50      272
  SINCE DEC 1    260                       310    -50      272
  SINCE JUL 1   1619                      1909   -290     1614

 COOLING
  YESTERDAY        0                         0      0        0
  MONTH TO DATE    0                         0      0        0
  SINCE DEC 1      0                         0      0        0
  SINCE JAN 1    389                       362     27      566
..................................................................


WIND (MPH)
  HIGHEST WIND SPEED    10   HIGHEST WIND DIRECTION     S (190)
  HIGHEST GUST SPEED    17   HIGHEST GUST DIRECTION     S (180)
  AVERAGE WIND SPEED     4.6


SKY COVER
  AVERAGE SKY COVER 0.6


WEATHER CONDITIONS
 THE FOLLOWING WEATHER WAS RECORDED YESTERDAY.
  LIGHT SNOW
  FOG


RELATIVE HUMIDITY (PERCENT)
 HIGHEST    92           700 PM
 LOWEST     48           300 PM
 AVERAGE    70

..........................................................


THE WATERTOWN NY CLIMATE NORMALS FOR TODAY
                         NORMAL    RECORD    YEAR
 MAXIMUM TEMPERATURE (F)   37        57      1952
 MINIMUM TEMPERATURE (F)   20       -15      1968


SUNRISE AND SUNSET
DECEMBER 10 2017......SUNRISE   728 AM EST   SUNSET   426 PM EST
DECEMBER 11 2017......SUNRISE   729 AM EST   SUNSET   426 PM EST


-  INDICATES NEGATIVE NUMBERS.
R  INDICATES RECORD WAS SET OR TIED.
MM INDICATES DATA IS MISSING.
T  INDICATES TRACE AMOUNT.

$$
