000
CDUS41 KBUF 220705
CLIART


CLIMATE REPORT
NATIONAL WEATHER SERVICE BUFFALO NY
205 AM EST SUN FEB 22 2015


...................................

...THE WATERTOWN NY CLIMATE SUMMARY FOR FEBRUARY 21 2015...

CLIMATE NORMAL PERIOD 1981 TO 2010
CLIMATE RECORD PERIOD 1949 TO 2015


WEATHER ITEM   OBSERVED TIME   RECORD YEAR NORMAL DEPARTURE LAST
                VALUE   (LST)  VALUE       VALUE  FROM      YEAR
                                                  NORMAL
..................................................................
TEMPERATURE (F)
 YESTERDAY
  MAXIMUM         25   1159 PM  63    1997  33     -8       48
  MINIMUM         -2    112 AM -20    1972  12    -14       36
  AVERAGE         12                        22    -10       42

PRECIPITATION (IN)
  YESTERDAY        0.04          0.86 2014   0.08  -0.04     0.86
  MONTH TO DATE    1.12                      1.65  -0.53     2.99
  SINCE DEC 1      4.71                      7.46  -2.75     9.09
  SINCE JAN 1      2.99                      4.31  -1.32     6.68

DEGREE DAYS
 HEATING
  YESTERDAY       53                        43     10       23
  MONTH TO DATE 1233                       940    293     1007
  SINCE DEC 1   3757                      3552    205     3766
  SINCE JUL 1   5110                      5151    -41     5341

 COOLING
  YESTERDAY        0                         0      0        0
  MONTH TO DATE    0                         0      0        0
  SINCE DEC 1      0                         0      0        0
  SINCE JAN 1      0                         0      0        0
..................................................................


WIND (MPH)
  HIGHEST WIND SPEED    20   HIGHEST WIND DIRECTION     S (190)
  HIGHEST GUST SPEED    27   HIGHEST GUST DIRECTION     S (200)
  AVERAGE WIND SPEED     8.7


SKY COVER
  AVERAGE SKY COVER 0.9


WEATHER CONDITIONS
 THE FOLLOWING WEATHER WAS RECORDED YESTERDAY.
  SNOW
  LIGHT SNOW
  HAZE


RELATIVE HUMIDITY (PERCENT)
 HIGHEST    84           700 PM
 LOWEST     36          1100 AM
 AVERAGE    60

..........................................................


THE WATERTOWN NY CLIMATE NORMALS FOR TODAY
                         NORMAL    RECORD    YEAR
 MAXIMUM TEMPERATURE (F)   33        63      1981
 MINIMUM TEMPERATURE (F)   12       -22      1972


SUNRISE AND SUNSET
FEBRUARY 22 2015......SUNRISE   653 AM EST   SUNSET   543 PM EST
FEBRUARY 23 2015......SUNRISE   651 AM EST   SUNSET   544 PM EST


-  INDICATES NEGATIVE NUMBERS.
R  INDICATES RECORD WAS SET OR TIED.
MM INDICATES DATA IS MISSING.
T  INDICATES TRACE AMOUNT.




$$
