000
CDUS41 KBUF 102028
CLIART


CLIMATE REPORT
NATIONAL WEATHER SERVICE BUFFALO NY
427 PM EDT SAT JUN 10 2017


...................................

...THE WATERTOWN NY CLIMATE SUMMARY FOR JUNE 10 2017...
VALID TODAY AS OF 0400 PM LOCAL TIME.

CLIMATE NORMAL PERIOD 1981 TO 2010
CLIMATE RECORD PERIOD 1949 TO 2017


WEATHER ITEM   OBSERVED TIME   RECORD YEAR NORMAL DEPARTURE LAST
                VALUE   (LST)  VALUE       VALUE  FROM      YEAR
                                                  NORMAL
..................................................................
TEMPERATURE (F)
 TODAY
  MAXIMUM         78    259 PM  88    1974  73      5       66
  MINIMUM         58    548 AM  31    1988  51      7       36
  AVERAGE         68                        62      6       51

PRECIPITATION (IN)
  TODAY            T             1.01 1951   0.10  -0.10     0.00
  MONTH TO DATE    1.30                      1.01   0.29     2.09
  SINCE JUN 1      1.30                      1.01   0.29     2.09
  SINCE JAN 1     16.97                     14.16   2.81    13.09

DEGREE DAYS
 HEATING
  TODAY            0                         4     -4       14
  MONTH TO DATE   78                        54     24       45
  SINCE JUN 1     78                        54     24       45
  SINCE JUL 1   6727                      7530   -803     6685

 COOLING
  TODAY            3                         1      2        0
  MONTH TO DATE    3                        10     -7        7
  SINCE JUN 1      3                        10     -7        7
  SINCE JAN 1     22                        21      1       37
..................................................................


WIND (MPH)
  HIGHEST WIND SPEED    15   HIGHEST WIND DIRECTION     W (260)
  HIGHEST GUST SPEED    19   HIGHEST GUST DIRECTION     W (260)
  AVERAGE WIND SPEED     7.5


SKY COVER
  AVERAGE SKY COVER 0.3


WEATHER CONDITIONS
 THE FOLLOWING WEATHER WAS RECORDED TODAY.
  NO SIGNIFICANT WEATHER WAS OBSERVED.


RELATIVE HUMIDITY (PERCENT)
 HIGHEST    93           600 AM
 LOWEST     56           300 PM
 AVERAGE    75

..........................................................


THE WATERTOWN NY CLIMATE NORMALS FOR TOMORROW
                         NORMAL    RECORD    YEAR
 MAXIMUM TEMPERATURE (F)   73        92      2012
 MINIMUM TEMPERATURE (F)   51        31      1972


SUNRISE AND SUNSET
JUNE 10 2017..........SUNRISE   521 AM EDT   SUNSET   846 PM EDT
JUNE 11 2017..........SUNRISE   521 AM EDT   SUNSET   847 PM EDT


-  INDICATES NEGATIVE NUMBERS.
R  INDICATES RECORD WAS SET OR TIED.
MM INDICATES DATA IS MISSING.
T  INDICATES TRACE AMOUNT.




$$
