645
CDUS41 KBUF 191024
CLIART


CLIMATE REPORT
NATIONAL WEATHER SERVICE BUFFALO NY
624 AM EDT SUN MAR 19 2017


...................................

...THE WATERTOWN NY CLIMATE SUMMARY FOR MARCH 18 2017...

CLIMATE NORMAL PERIOD 1981 TO 2010
CLIMATE RECORD PERIOD 1949 TO 2017


WEATHER ITEM   OBSERVED TIME   RECORD YEAR NORMAL DEPARTURE LAST
                VALUE   (LST)  VALUE       VALUE  FROM      YEAR
                                                  NORMAL
..................................................................
TEMPERATURE (F)
 YESTERDAY
  MAXIMUM         46    105 PM  74    2012  41      5       42
  MINIMUM          4    259 AM -23    1993  21    -17       24
  AVERAGE         25                        31     -6       33

PRECIPITATION (IN)
  YESTERDAY        0.00          0.60 1989   0.07  -0.07     0.02
  MONTH TO DATE    1.48                      1.33   0.15     1.20
  SINCE MAR 1      1.48                      1.33   0.15     1.20
  SINCE JAN 1      5.11                      6.21  -1.10     7.01

DEGREE DAYS
 HEATING
  YESTERDAY       40                        34      6       32
  MONTH TO DATE  751                       669     82      545
  SINCE MAR 1    751                       669     82      545
  SINCE JUL 1   5362                      6110   -748     5193

 COOLING
  YESTERDAY        0                         0      0        0
  MONTH TO DATE    0                         0      0        0
  SINCE MAR 1      0                         0      0        0
  SINCE JAN 1      0                         0      0        0
..................................................................


WIND (MPH)
  HIGHEST WIND SPEED    13   HIGHEST WIND DIRECTION    NE (50)
  HIGHEST GUST SPEED    17   HIGHEST GUST DIRECTION     E (70)
  AVERAGE WIND SPEED     5.7


SKY COVER
  AVERAGE SKY COVER 0.4


WEATHER CONDITIONS
 THE FOLLOWING WEATHER WAS RECORDED YESTERDAY.
  NO SIGNIFICANT WEATHER WAS OBSERVED.


RELATIVE HUMIDITY (PERCENT)
 HIGHEST    80           200 AM
 LOWEST     25          1200 PM
 AVERAGE    53

..........................................................


THE WATERTOWN NY CLIMATE NORMALS FOR TODAY
                         NORMAL    RECORD    YEAR
 MAXIMUM TEMPERATURE (F)   42        73      2012
 MINIMUM TEMPERATURE (F)   22       -19      1993


SUNRISE AND SUNSET
MARCH 19 2017.........SUNRISE   709 AM EDT   SUNSET   716 PM EDT
MARCH 20 2017.........SUNRISE   707 AM EDT   SUNSET   717 PM EDT


-  INDICATES NEGATIVE NUMBERS.
R  INDICATES RECORD WAS SET OR TIED.
MM INDICATES DATA IS MISSING.
T  INDICATES TRACE AMOUNT.




$$
