000
CDUS41 KBUF 280705
CLIART


CLIMATE REPORT
NATIONAL WEATHER SERVICE BUFFALO NY
305 AM EDT SUN AUG 28 2016


...................................

...THE WATERTOWN NY CLIMATE SUMMARY FOR AUGUST 27 2016...

CLIMATE NORMAL PERIOD 1981 TO 2010
CLIMATE RECORD PERIOD 1949 TO 2016


WEATHER ITEM   OBSERVED TIME   RECORD YEAR NORMAL DEPARTURE LAST
                VALUE   (LST)  VALUE       VALUE  FROM      YEAR
                                                  NORMAL
..................................................................
TEMPERATURE (F)
 YESTERDAY
  MAXIMUM         80    419 PM  90    1993  77      3       71
  MINIMUM         58    434 AM  30    1969  54      4       50
  AVERAGE         69                        66      3       61

PRECIPITATION (IN)
  YESTERDAY        0.00          1.05 1972   0.10  -0.10     0.00
  MONTH TO DATE    2.86                      2.75   0.11     2.65
  SINCE JUN 1      6.86                      8.25  -1.39     9.95
  SINCE JAN 1     17.86                     21.40  -3.54    17.35

DEGREE DAYS
 HEATING
  YESTERDAY        0                         2     -2        4
  MONTH TO DATE    6                        35    -29       12
  SINCE JUN 1    109                       168    -59      166
  SINCE JUL 1     11                        61    -50       50

 COOLING
  YESTERDAY        4                         3      1        0
  MONTH TO DATE  220                       102    118       98
  SINCE JUN 1    469                       303    166      252
  SINCE JAN 1    499                       314    185      298
..................................................................


WIND (MPH)
  HIGHEST WIND SPEED    14   HIGHEST WIND DIRECTION     W (270)
  HIGHEST GUST SPEED    16   HIGHEST GUST DIRECTION     W (270)
  AVERAGE WIND SPEED     4.4


SKY COVER
  AVERAGE SKY COVER 0.1


WEATHER CONDITIONS
 THE FOLLOWING WEATHER WAS RECORDED YESTERDAY.
  FOG


RELATIVE HUMIDITY (PERCENT)
 HIGHEST    93           200 AM
 LOWEST     42           300 PM
 AVERAGE    68

..........................................................


THE WATERTOWN NY CLIMATE NORMALS FOR TODAY
                         NORMAL    RECORD    YEAR
 MAXIMUM TEMPERATURE (F)   77        90      1973
 MINIMUM TEMPERATURE (F)   54        38      1982


SUNRISE AND SUNSET
AUGUST 28 2016........SUNRISE   623 AM EDT   SUNSET   746 PM EDT
AUGUST 29 2016........SUNRISE   624 AM EDT   SUNSET   744 PM EDT


-  INDICATES NEGATIVE NUMBERS.
R  INDICATES RECORD WAS SET OR TIED.
MM INDICATES DATA IS MISSING.
T  INDICATES TRACE AMOUNT.




$$
