000
CDUS41 KBUF 230705
CLIART


CLIMATE REPORT
NATIONAL WEATHER SERVICE BUFFALO NY
305 AM EDT TUE SEP 23 2014


...................................

...THE WATERTOWN NY CLIMATE SUMMARY FOR SEPTEMBER 22 2014...

CLIMATE NORMAL PERIOD 1981 TO 2010
CLIMATE RECORD PERIOD 1949 TO 2014


WEATHER ITEM   OBSERVED TIME   RECORD YEAR NORMAL DEPARTURE LAST
                VALUE   (LST)  VALUE       VALUE  FROM      YEAR
                                                  NORMAL
..................................................................
TEMPERATURE (F)
 YESTERDAY
  MAXIMUM         58    151 PM  91    1965  68    -10       58
  MINIMUM         39   1053 PM  28    1974  46     -7       37
  AVERAGE         49                        57     -8       48

PRECIPITATION (IN)
  YESTERDAY        T             1.08 1967   0.15  -0.15     0.01
  MONTH TO DATE    1.58                      2.62  -1.04     2.82
  SINCE SEP 1      1.58                      2.62  -1.04     2.82
  SINCE JAN 1     33.84                     24.42   9.42    24.62

DEGREE DAYS
 HEATING
  YESTERDAY       16                         9      7       17
  MONTH TO DATE  140                       120     20      143
  SINCE SEP 1    140                       120     20      143
  SINCE JUL 1    190                       192     -2      186

 COOLING
  YESTERDAY        0                         1     -1        0
  MONTH TO DATE   56                        32     24       48
  SINCE SEP 1     56                        32     24       48
  SINCE JAN 1    416                       356     60      481
..................................................................


WIND (MPH)
  HIGHEST WIND SPEED    21   HIGHEST WIND DIRECTION    NW (300)
  HIGHEST GUST SPEED    27   HIGHEST GUST DIRECTION    NW (310)
  AVERAGE WIND SPEED     9.9


SKY COVER
  AVERAGE SKY COVER 0.9


WEATHER CONDITIONS
 THE FOLLOWING WEATHER WAS RECORDED YESTERDAY.
  LIGHT RAIN
  HAZE


RELATIVE HUMIDITY (PERCENT)
 HIGHEST    85          1100 PM
 LOWEST     51           100 PM
 AVERAGE    68

..........................................................


THE WATERTOWN NY CLIMATE NORMALS FOR TODAY
                         NORMAL    RECORD    YEAR
 MAXIMUM TEMPERATURE (F)   68        86      1964
 MINIMUM TEMPERATURE (F)   46        26      1974


SUNRISE AND SUNSET
SEPTEMBER 23 2014.....SUNRISE   652 AM EDT   SUNSET   700 PM EDT
SEPTEMBER 24 2014.....SUNRISE   654 AM EDT   SUNSET   658 PM EDT


-  INDICATES NEGATIVE NUMBERS.
R  INDICATES RECORD WAS SET OR TIED.
MM INDICATES DATA IS MISSING.
T  INDICATES TRACE AMOUNT.




$$
