000
CDUS41 KBUF 291014
CLIART


CLIMATE REPORT
NATIONAL WEATHER SERVICE BUFFALO NY
613 AM EDT SUN MAR 29 2015


...................................

...THE WATERTOWN NY CLIMATE SUMMARY FOR MARCH 28 2015...

CLIMATE NORMAL PERIOD 1981 TO 2010
CLIMATE RECORD PERIOD 1949 TO 2015


WEATHER ITEM   OBSERVED TIME   RECORD YEAR NORMAL DEPARTURE LAST
                VALUE   (LST)  VALUE       VALUE  FROM      YEAR
                                                  NORMAL
..................................................................
TEMPERATURE (F)
 YESTERDAY
  MAXIMUM         29    600 PM  80    1998  46    -17       48
  MINIMUM         14    702 AM   2    1966  26    -12       36
  AVERAGE         22                        36    -14       42

PRECIPITATION (IN)
  YESTERDAY        0.00          1.00 2000   0.08  -0.08     0.24
  MONTH TO DATE    0.81                      2.07  -1.26     1.43
  SINCE MAR 1      0.81                      2.07  -1.26     1.43
  SINCE JAN 1      3.90                      6.95  -3.05     8.53

DEGREE DAYS
 HEATING
  YESTERDAY       43                        29     14       23
  MONTH TO DATE 1081                       982     99     1214
  SINCE MAR 1   1081                       982     99     1214
  SINCE JUL 1   6601                      6423    178     6885

 COOLING
  YESTERDAY        0                         0      0        0
  MONTH TO DATE    0                         0      0        0
  SINCE MAR 1      0                         0      0        0
  SINCE JAN 1      0                         0      0        0
..................................................................


WIND (MPH)
  HIGHEST WIND SPEED    16   HIGHEST WIND DIRECTION    NW (330)
  HIGHEST GUST SPEED    22   HIGHEST GUST DIRECTION     N (340)
  AVERAGE WIND SPEED     8.1


SKY COVER
  AVERAGE SKY COVER 0.4


WEATHER CONDITIONS
 THE FOLLOWING WEATHER WAS RECORDED YESTERDAY.
  NO SIGNIFICANT WEATHER WAS OBSERVED.


RELATIVE HUMIDITY (PERCENT)
 HIGHEST    68          1200 AM
 LOWEST     31           500 PM
 AVERAGE    50

..........................................................


THE WATERTOWN NY CLIMATE NORMALS FOR TODAY
                         NORMAL    RECORD    YEAR
 MAXIMUM TEMPERATURE (F)   46        78      1977
 MINIMUM TEMPERATURE (F)   26         9      1974


SUNRISE AND SUNSET
MARCH 29 2015.........SUNRISE   651 AM EDT   SUNSET   727 PM EDT
MARCH 30 2015.........SUNRISE   650 AM EDT   SUNSET   728 PM EDT


-  INDICATES NEGATIVE NUMBERS.
R  INDICATES RECORD WAS SET OR TIED.
MM INDICATES DATA IS MISSING.
T  INDICATES TRACE AMOUNT.

$$
