000
CDUS41 KBUF 020706
CLIART


CLIMATE REPORT
NATIONAL WEATHER SERVICE BUFFALO NY
305 AM EDT MON MAY 2 2016


...................................

...THE WATERTOWN NY CLIMATE SUMMARY FOR MAY 1 2016...

CLIMATE NORMAL PERIOD 1981 TO 2010
CLIMATE RECORD PERIOD 1949 TO 2016


WEATHER ITEM   OBSERVED TIME   RECORD YEAR NORMAL DEPARTURE LAST
                VALUE   (LST)  VALUE       VALUE  FROM      YEAR
                                                  NORMAL
..................................................................
TEMPERATURE (F)
 YESTERDAY
  MAXIMUM         51    838 AM  86    1970  61    -10       70
  MINIMUM         45   1159 PM  25    1969  39      6       39
  AVERAGE         48                        50     -2       55

PRECIPITATION (IN)
  YESTERDAY        0.29          1.12 1953   0.09   0.20     0.00
  MONTH TO DATE    0.29                      0.09   0.20     0.00
  SINCE MAR 1      4.08                      5.29  -1.21     2.52
  SINCE JAN 1      9.89                     10.17  -0.28     5.61

DEGREE DAYS
 HEATING
  YESTERDAY       17                        15      2       10
  MONTH TO DATE   17                        15      2       10
  SINCE MAR 1   1685                      1717    -32     1818
  SINCE JUL 1   6333                      7158   -825     7338

 COOLING
  YESTERDAY        0                         0      0        0
  MONTH TO DATE    0                         0      0        0
  SINCE MAR 1      0                         1     -1        0
  SINCE JAN 1      0                         1     -1        0
..................................................................


WIND (MPH)
  HIGHEST WIND SPEED    13   HIGHEST WIND DIRECTION    SE (130)
  HIGHEST GUST SPEED    19   HIGHEST GUST DIRECTION    SE (120)
  AVERAGE WIND SPEED     5.7


SKY COVER
  AVERAGE SKY COVER 1.0


WEATHER CONDITIONS
 THE FOLLOWING WEATHER WAS RECORDED YESTERDAY.
  RAIN
  LIGHT RAIN
  FOG


RELATIVE HUMIDITY (PERCENT)
 HIGHEST   100           500 PM
 LOWEST     39          1200 AM
 AVERAGE    70

..........................................................


THE WATERTOWN NY CLIMATE NORMALS FOR TODAY
                         NORMAL    RECORD    YEAR
 MAXIMUM TEMPERATURE (F)   62        81      2010
 MINIMUM TEMPERATURE (F)   39        27      1969


SUNRISE AND SUNSET
MAY  2 2016...........SUNRISE   554 AM EDT   SUNSET   809 PM EDT
MAY  3 2016...........SUNRISE   552 AM EDT   SUNSET   810 PM EDT


-  INDICATES NEGATIVE NUMBERS.
R  INDICATES RECORD WAS SET OR TIED.
MM INDICATES DATA IS MISSING.
T  INDICATES TRACE AMOUNT.




$$
