000
CDUS41 KBUF 051031
CLIART


CLIMATE REPORT
NATIONAL WEATHER SERVICE BUFFALO NY
527 AM EST THU JAN 5 2017


...................................

...THE WATERTOWN NY CLIMATE SUMMARY FOR JANUARY 4 2017...

CLIMATE NORMAL PERIOD 1981 TO 2010
CLIMATE RECORD PERIOD 1949 TO 2017


WEATHER ITEM   OBSERVED TIME   RECORD YEAR NORMAL DEPARTURE LAST
                VALUE   (LST)  VALUE       VALUE  FROM      YEAR
                                                  NORMAL
..................................................................
TEMPERATURE (F)
 YESTERDAY
  MAXIMUM         40   1135 AM  61    1950  30     10       11
  MINIMUM         23   1134 PM -38    1981  11     12       -7
  AVERAGE         32                        21     11        2

PRECIPITATION (IN)
  YESTERDAY        0.07          1.16 1994   0.09  -0.02      T
  MONTH TO DATE    0.50                      0.37   0.13     0.20
  SINCE DEC 1      2.69                      3.52  -0.83     2.64
  SINCE JAN 1      0.50                      0.37   0.13     0.20

DEGREE DAYS
 HEATING
  YESTERDAY       33                        44    -11       63
  MONTH TO DATE  127                       176    -49      170
  SINCE DEC 1   1244                      1373   -129      950
  SINCE JUL 1   2586                      2972   -386     2317

 COOLING
  YESTERDAY        0                         0      0        0
  MONTH TO DATE    0                         0      0        0
  SINCE DEC 1      0                         0      0        0
  SINCE JAN 1      0                         0      0        0
..................................................................


WIND (MPH)
  HIGHEST WIND SPEED    35   HIGHEST WIND DIRECTION     W (260)
  HIGHEST GUST SPEED    50   HIGHEST GUST DIRECTION     W (260)
  AVERAGE WIND SPEED    17.9


SKY COVER
  AVERAGE SKY COVER 1.0


WEATHER CONDITIONS
 THE FOLLOWING WEATHER WAS RECORDED YESTERDAY.
  RAIN
  LIGHT RAIN
  HEAVY SNOW
  SNOW
  LIGHT SNOW
  FOG
  FOG W/VISIBILITY <= 1/4 MILE


RELATIVE HUMIDITY (PERCENT)
 HIGHEST   100          1200 AM
 LOWEST     63           800 PM
 AVERAGE    82

..........................................................


THE WATERTOWN NY CLIMATE NORMALS FOR TODAY
                         NORMAL    RECORD    YEAR
 MAXIMUM TEMPERATURE (F)   30        56      1993
 MINIMUM TEMPERATURE (F)   11       -27      1996


SUNRISE AND SUNSET
JANUARY  5 2017.......SUNRISE   739 AM EST   SUNSET   441 PM EST
JANUARY  6 2017.......SUNRISE   739 AM EST   SUNSET   442 PM EST


-  INDICATES NEGATIVE NUMBERS.
R  INDICATES RECORD WAS SET OR TIED.
MM INDICATES DATA IS MISSING.
T  INDICATES TRACE AMOUNT.




$$
