000
CDUS41 KBUF 161031
CLIART


CLIMATE REPORT
NATIONAL WEATHER SERVICE BUFFALO NY
629 AM EDT SUN APR 16 2017


...................................

...THE WATERTOWN NY CLIMATE SUMMARY FOR APRIL 15 2017...

CLIMATE NORMAL PERIOD 1981 TO 2010
CLIMATE RECORD PERIOD 1949 TO 2017


WEATHER ITEM   OBSERVED TIME   RECORD YEAR NORMAL DEPARTURE LAST
                VALUE   (LST)  VALUE       VALUE  FROM      YEAR
                                                  NORMAL
..................................................................
TEMPERATURE (F)
 YESTERDAY
  MAXIMUM         68   1131 AM  85    1994  54     14       63
  MINIMUM         29    327 AM  17    1992  33     -4       26
  AVERAGE         49                        44      5       45

PRECIPITATION (IN)
  YESTERDAY        0.26          0.83 1984   0.10   0.16     0.00
  MONTH TO DATE    3.03                      1.46   1.57     0.81
  SINCE MAR 1      5.38                      3.76   1.62     3.46
  SINCE JAN 1      9.01                      8.64   0.37     9.27

DEGREE DAYS
 HEATING
  YESTERDAY       16                        21     -5       20
  MONTH TO DATE  293                       364    -71      452
  SINCE MAR 1   1467                      1430     37     1363
  SINCE JUL 1   6078                      6871   -793     6011

 COOLING
  YESTERDAY        0                         0      0        0
  MONTH TO DATE    4                         0      4        0
  SINCE MAR 1      4                         0      4        0
  SINCE JAN 1      4                         0      4        0
..................................................................


WIND (MPH)
  HIGHEST WIND SPEED    20   HIGHEST WIND DIRECTION     S (170)
  HIGHEST GUST SPEED    32   HIGHEST GUST DIRECTION     S (190)
  AVERAGE WIND SPEED     8.7


SKY COVER
  AVERAGE SKY COVER 0.4


WEATHER CONDITIONS
 THE FOLLOWING WEATHER WAS RECORDED YESTERDAY.
  RAIN
  LIGHT RAIN
  FOG


RELATIVE HUMIDITY (PERCENT)
 HIGHEST   100           300 PM
 LOWEST     36           900 AM
 AVERAGE    68

..........................................................


THE WATERTOWN NY CLIMATE NORMALS FOR TODAY
                         NORMAL    RECORD    YEAR
 MAXIMUM TEMPERATURE (F)   55        86      2012
 MINIMUM TEMPERATURE (F)   34        22      2014


SUNRISE AND SUNSET
APRIL 16 2017.........SUNRISE   619 AM EDT   SUNSET   750 PM EDT
APRIL 17 2017.........SUNRISE   617 AM EDT   SUNSET   751 PM EDT


-  INDICATES NEGATIVE NUMBERS.
R  INDICATES RECORD WAS SET OR TIED.
MM INDICATES DATA IS MISSING.
T  INDICATES TRACE AMOUNT.




$$
