000
CDUS41 KBUF 061013
CLIART


CLIMATE REPORT
NATIONAL WEATHER SERVICE BUFFALO NY
513 AM EST MON FEB 6 2017


...................................

...THE WATERTOWN NY CLIMATE SUMMARY FOR FEBRUARY 5 2017...

CLIMATE NORMAL PERIOD 1981 TO 2010
CLIMATE RECORD PERIOD 1949 TO 2017


WEATHER ITEM   OBSERVED TIME   RECORD YEAR NORMAL DEPARTURE LAST
                VALUE   (LST)  VALUE       VALUE  FROM      YEAR
                                                  NORMAL
..................................................................
TEMPERATURE (F)
 YESTERDAY
  MAXIMUM         34    722 PM  52    1962  30      4       31
  MINIMUM         24   1159 PM -29    2009   9     15       21
  AVERAGE         29                        19     10       26

PRECIPITATION (IN)
  YESTERDAY        0.02          0.50 2014   0.07  -0.05     0.00
  MONTH TO DATE    0.10                      0.39  -0.29     0.58
  SINCE DEC 1      4.07                      6.20  -2.13     4.54
  SINCE JAN 1      1.88                      3.05  -1.17     2.10

DEGREE DAYS
 HEATING
  YESTERDAY       36                        46    -10       39
  MONTH TO DATE  197                       230    -33      145
  SINCE DEC 1   2486                      2842   -356     2212
  SINCE JUL 1   3828                      4441   -613     3579

 COOLING
  YESTERDAY        0                         0      0        0
  MONTH TO DATE    0                         0      0        0
  SINCE DEC 1      0                         0      0        0
  SINCE JAN 1      0                         0      0        0
..................................................................


WIND (MPH)
  HIGHEST WIND SPEED    26   HIGHEST WIND DIRECTION     W (270)
  HIGHEST GUST SPEED    34   HIGHEST GUST DIRECTION     W (260)
  AVERAGE WIND SPEED    12.9


SKY COVER
  AVERAGE SKY COVER 0.8


WEATHER CONDITIONS
 THE FOLLOWING WEATHER WAS RECORDED YESTERDAY.
  SNOW
  LIGHT SNOW
  FOG
  HAZE


RELATIVE HUMIDITY (PERCENT)
 HIGHEST    92          1200 PM
 LOWEST     46           900 AM
 AVERAGE    69

..........................................................


THE WATERTOWN NY CLIMATE NORMALS FOR TODAY
                         NORMAL    RECORD    YEAR
 MAXIMUM TEMPERATURE (F)   30        52      2005
 MINIMUM TEMPERATURE (F)    9       -22      2015


SUNRISE AND SUNSET
FEBRUARY  6 2017......SUNRISE   715 AM EST   SUNSET   522 PM EST
FEBRUARY  7 2017......SUNRISE   714 AM EST   SUNSET   523 PM EST


-  INDICATES NEGATIVE NUMBERS.
R  INDICATES RECORD WAS SET OR TIED.
MM INDICATES DATA IS MISSING.
T  INDICATES TRACE AMOUNT.




$$
