079
CDUS41 KBUF 181020
CLIART


CLIMATE REPORT
NATIONAL WEATHER SERVICE BUFFALO NY
618 AM EDT WED MAY 18 2016


...................................

...THE WATERTOWN NY CLIMATE SUMMARY FOR MAY 17 2016...

CLIMATE NORMAL PERIOD 1981 TO 2010
CLIMATE RECORD PERIOD 1949 TO 2016


WEATHER ITEM   OBSERVED TIME   RECORD YEAR NORMAL DEPARTURE LAST
                VALUE   (LST)  VALUE       VALUE  FROM      YEAR
                                                  NORMAL
..................................................................
TEMPERATURE (F)
 YESTERDAY
  MAXIMUM         59    159 PM  82    1989  66     -7       73
  MINIMUM         37    443 AM  29    1984  44     -7       47
  AVERAGE         48                        55     -7       60

PRECIPITATION (IN)
  YESTERDAY        0.00          0.76 1991   0.10  -0.10     0.00
  MONTH TO DATE    1.40                      1.60  -0.20     0.65
  SINCE MAR 1      5.19                      6.80  -1.61     3.17
  SINCE JAN 1     11.00                     11.68  -0.68     6.26

DEGREE DAYS
 HEATING
  YESTERDAY       17                        10      7        5
  MONTH TO DATE  254                       216     38      119
  SINCE MAR 1   1922                      1918      4     1927
  SINCE JUL 1   6570                      7359   -789     7447

 COOLING
  YESTERDAY        0                         0      0        0
  MONTH TO DATE    0                         0      0       17
  SINCE MAR 1      0                         1     -1       17
  SINCE JAN 1      0                         1     -1       17
..................................................................


WIND (MPH)
  HIGHEST WIND SPEED    20   HIGHEST WIND DIRECTION     W (260)
  HIGHEST GUST SPEED    23   HIGHEST GUST DIRECTION     W (260)
  AVERAGE WIND SPEED     6.0


SKY COVER
  AVERAGE SKY COVER 0.1


WEATHER CONDITIONS
 THE FOLLOWING WEATHER WAS RECORDED YESTERDAY.
  FOG


RELATIVE HUMIDITY (PERCENT)
 HIGHEST   100           400 AM
 LOWEST     44           200 PM
 AVERAGE    72

..........................................................


THE WATERTOWN NY CLIMATE NORMALS FOR TODAY
                         NORMAL    RECORD    YEAR
 MAXIMUM TEMPERATURE (F)   67        86      1949
 MINIMUM TEMPERATURE (F)   44        28      1981


SUNRISE AND SUNSET
MAY 18 2016...........SUNRISE   534 AM EDT   SUNSET   827 PM EDT
MAY 19 2016...........SUNRISE   534 AM EDT   SUNSET   828 PM EDT


-  INDICATES NEGATIVE NUMBERS.
R  INDICATES RECORD WAS SET OR TIED.
MM INDICATES DATA IS MISSING.
T  INDICATES TRACE AMOUNT.




$$
