000
CDUS41 KBUF 080705
CLIART


CLIMATE REPORT
NATIONAL WEATHER SERVICE BUFFALO NY
205 AM EST SUN JAN 8 2017


...................................

...THE WATERTOWN NY CLIMATE SUMMARY FOR JANUARY 7 2017...

CLIMATE NORMAL PERIOD 1981 TO 2010
CLIMATE RECORD PERIOD 1949 TO 2017


WEATHER ITEM   OBSERVED TIME   RECORD YEAR NORMAL DEPARTURE LAST
                VALUE   (LST)  VALUE       VALUE  FROM      YEAR
                                                  NORMAL
..................................................................
TEMPERATURE (F)
 YESTERDAY
  MAXIMUM         17    314 PM  61    2008  30    -13       37
  MINIMUM         -9    627 AM -27    2015  11    -20       14
  AVERAGE          4                        20    -16       26

PRECIPITATION (IN)
  YESTERDAY        T             0.97 1998   0.09  -0.09     0.00
  MONTH TO DATE    0.86                      0.66   0.20     0.20
  SINCE DEC 1      3.05                      3.81  -0.76     2.64
  SINCE JAN 1      0.86                      0.66   0.20     0.20

DEGREE DAYS
 HEATING
  YESTERDAY       61                        45     16       39
  MONTH TO DATE  284                       311    -27      306
  SINCE DEC 1   1401                      1508   -107     1086
  SINCE JUL 1   2743                      3107   -364     2453

 COOLING
  YESTERDAY        0                         0      0        0
  MONTH TO DATE    0                         0      0        0
  SINCE DEC 1      0                         0      0        0
  SINCE JAN 1      0                         0      0        0
..................................................................


WIND (MPH)
  HIGHEST WIND SPEED     9   HIGHEST WIND DIRECTION     S (180)
  HIGHEST GUST SPEED    12   HIGHEST GUST DIRECTION     S (170)
  AVERAGE WIND SPEED     2.8


SKY COVER
  AVERAGE SKY COVER 0.4


WEATHER CONDITIONS
 THE FOLLOWING WEATHER WAS RECORDED YESTERDAY.
  SNOW
  LIGHT SNOW
  FOG
  FOG W/VISIBILITY <= 1/4 MILE


RELATIVE HUMIDITY (PERCENT)
 HIGHEST   100           400 AM
 LOWEST     74           300 PM
 AVERAGE    87

..........................................................


THE WATERTOWN NY CLIMATE NORMALS FOR TODAY
                         NORMAL    RECORD    YEAR
 MAXIMUM TEMPERATURE (F)   30        65      2008
 MINIMUM TEMPERATURE (F)   10       -34      1968


SUNRISE AND SUNSET
JANUARY  8 2017.......SUNRISE   738 AM EST   SUNSET   444 PM EST
JANUARY  9 2017.......SUNRISE   738 AM EST   SUNSET   445 PM EST


-  INDICATES NEGATIVE NUMBERS.
R  INDICATES RECORD WAS SET OR TIED.
MM INDICATES DATA IS MISSING.
T  INDICATES TRACE AMOUNT.




$$
