000
CDUS41 KBUF 160705
CLIART


CLIMATE REPORT
NATIONAL WEATHER SERVICE BUFFALO NY
305 AM EDT THU MAR 16 2017


...................................

...THE WATERTOWN NY CLIMATE SUMMARY FOR MARCH 15 2017...

CLIMATE NORMAL PERIOD 1981 TO 2010
CLIMATE RECORD PERIOD 1949 TO 2017


WEATHER ITEM   OBSERVED TIME   RECORD YEAR NORMAL DEPARTURE LAST
                VALUE   (LST)  VALUE       VALUE  FROM      YEAR
                                                  NORMAL
..................................................................
TEMPERATURE (F)
 YESTERDAY
  MAXIMUM         24    822 PM  81    1990  40    -16       54
  MINIMUM         13    717 AM -23    1993  20     -7       43
  AVERAGE         19                        30    -11       49

PRECIPITATION (IN)
  YESTERDAY        0.05          0.50 1975   0.07  -0.02     0.03
  MONTH TO DATE    1.48                      1.11   0.37     0.92
  SINCE MAR 1      1.48                      1.11   0.37     0.92
  SINCE JAN 1      5.11                      5.99  -0.88     6.73

DEGREE DAYS
 HEATING
  YESTERDAY       46                        35     11       16
  MONTH TO DATE  616                       566     50      477
  SINCE MAR 1    616                       566     50      477
  SINCE JUL 1   5227                      6007   -780     5125

 COOLING
  YESTERDAY        0                         0      0        0
  MONTH TO DATE    0                         0      0        0
  SINCE MAR 1      0                         0      0        0
  SINCE JAN 1      0                         0      0        0
..................................................................


WIND (MPH)
  HIGHEST WIND SPEED    24   HIGHEST WIND DIRECTION    NW (310)
  HIGHEST GUST SPEED    32   HIGHEST GUST DIRECTION    NW (310)
  AVERAGE WIND SPEED    12.9


SKY COVER
  AVERAGE SKY COVER 1.0


WEATHER CONDITIONS
 THE FOLLOWING WEATHER WAS RECORDED YESTERDAY.
  HEAVY SNOW
  SNOW
  LIGHT SNOW
  FOG
  FOG W/VISIBILITY <= 1/4 MILE
  HAZE


RELATIVE HUMIDITY (PERCENT)
 HIGHEST   100           700 AM
 LOWEST     55           800 PM
 AVERAGE    78

..........................................................


THE WATERTOWN NY CLIMATE NORMALS FOR TODAY
                         NORMAL    RECORD    YEAR
 MAXIMUM TEMPERATURE (F)   40        79      1990
 MINIMUM TEMPERATURE (F)   20       -18      1992


SUNRISE AND SUNSET
MARCH 16 2017.........SUNRISE   714 AM EDT   SUNSET   712 PM EDT
MARCH 17 2017.........SUNRISE   712 AM EDT   SUNSET   713 PM EDT


-  INDICATES NEGATIVE NUMBERS.
R  INDICATES RECORD WAS SET OR TIED.
MM INDICATES DATA IS MISSING.
T  INDICATES TRACE AMOUNT.




$$
