000
CDUS41 KBUF 140705
CLIART


CLIMATE REPORT
NATIONAL WEATHER SERVICE BUFFALO NY
305 AM EDT SAT MAY 14 2016


...................................

...THE WATERTOWN NY CLIMATE SUMMARY FOR MAY 13 2016...

CLIMATE NORMAL PERIOD 1981 TO 2010
CLIMATE RECORD PERIOD 1949 TO 2016


WEATHER ITEM   OBSERVED TIME   RECORD YEAR NORMAL DEPARTURE LAST
                VALUE   (LST)  VALUE       VALUE  FROM      YEAR
                                                  NORMAL
..................................................................
TEMPERATURE (F)
 YESTERDAY
  MAXIMUM         71   1244 AM  82    2014  65      6       59
  MINIMUM         48   1147 PM  22    2005  43      5       38
  AVERAGE         60                        54      6       49

PRECIPITATION (IN)
  YESTERDAY        0.24          1.51 2002   0.09   0.15      T
  MONTH TO DATE    1.19                      1.20  -0.01     0.64
  SINCE MAR 1      4.98                      6.40  -1.42     3.16
  SINCE JAN 1     10.79                     11.28  -0.49     6.25

DEGREE DAYS
 HEATING
  YESTERDAY        5                        11     -6       16
  MONTH TO DATE  188                       173     15       79
  SINCE MAR 1   1856                      1875    -19     1887
  SINCE JUL 1   6504                      7316   -812     7407

 COOLING
  YESTERDAY        0                         0      0        0
  MONTH TO DATE    0                         0      0       17
  SINCE MAR 1      0                         1     -1       17
  SINCE JAN 1      0                         1     -1       17
..................................................................


WIND (MPH)
  HIGHEST WIND SPEED    21   HIGHEST WIND DIRECTION    SW (240)
  HIGHEST GUST SPEED    34   HIGHEST GUST DIRECTION    SW (230)
  AVERAGE WIND SPEED    11.9


SKY COVER
  AVERAGE SKY COVER 0.4


WEATHER CONDITIONS
 THE FOLLOWING WEATHER WAS RECORDED YESTERDAY.
  RAIN
  LIGHT RAIN
  FOG
  HAZE


RELATIVE HUMIDITY (PERCENT)
 HIGHEST    93           900 AM
 LOWEST     44          1200 AM
 AVERAGE    69

..........................................................


THE WATERTOWN NY CLIMATE NORMALS FOR TODAY
                         NORMAL    RECORD    YEAR
 MAXIMUM TEMPERATURE (F)   65        85      1974
 MINIMUM TEMPERATURE (F)   43        27      1965


SUNRISE AND SUNSET
MAY 14 2016...........SUNRISE   539 AM EDT   SUNSET   823 PM EDT
MAY 15 2016...........SUNRISE   538 AM EDT   SUNSET   824 PM EDT


-  INDICATES NEGATIVE NUMBERS.
R  INDICATES RECORD WAS SET OR TIED.
MM INDICATES DATA IS MISSING.
T  INDICATES TRACE AMOUNT.




$$
