955
CDUS41 KBUF 130705
CLIART


CLIMATE REPORT
NATIONAL WEATHER SERVICE BUFFALO NY
205 AM EST MON FEB 13 2017


...................................

...THE WATERTOWN NY CLIMATE SUMMARY FOR FEBRUARY 12 2017...

CLIMATE NORMAL PERIOD 1981 TO 2010
CLIMATE RECORD PERIOD 1949 TO 2017


WEATHER ITEM   OBSERVED TIME   RECORD YEAR NORMAL DEPARTURE LAST
                VALUE   (LST)  VALUE       VALUE  FROM      YEAR
                                                  NORMAL
..................................................................
TEMPERATURE (F)
 YESTERDAY
  MAXIMUM         33    751 PM  59    1999  31      2       24
  MINIMUM         18    405 AM -27    2014  10      8      -10
  AVERAGE         26                        20      6        7

PRECIPITATION (IN)
  YESTERDAY        0.48          0.73 2009   0.08   0.40     0.11
  MONTH TO DATE    1.06                      0.94   0.12     0.78
  SINCE DEC 1      5.03                      6.75  -1.72     4.74
  SINCE JAN 1      2.84                      3.60  -0.76     2.30

DEGREE DAYS
 HEATING
  YESTERDAY       39                        45     -6       58
  MONTH TO DATE  480                       547    -67      442
  SINCE DEC 1   2769                      3159   -390     2509
  SINCE JUL 1   4111                      4758   -647     3876

 COOLING
  YESTERDAY        0                         0      0        0
  MONTH TO DATE    0                         0      0        0
  SINCE DEC 1      0                         0      0        0
  SINCE JAN 1      0                         0      0        0
..................................................................


WIND (MPH)
  HIGHEST WIND SPEED    22   HIGHEST WIND DIRECTION     W (260)
  HIGHEST GUST SPEED    28   HIGHEST GUST DIRECTION    SW (230)
  AVERAGE WIND SPEED     6.7


SKY COVER
  AVERAGE SKY COVER 1.0


WEATHER CONDITIONS
 THE FOLLOWING WEATHER WAS RECORDED YESTERDAY.
  HEAVY SNOW
  SNOW
  LIGHT SNOW
  FOG
  FOG W/VISIBILITY <= 1/4 MILE


RELATIVE HUMIDITY (PERCENT)
 HIGHEST   100          1200 AM
 LOWEST     89           600 PM
 AVERAGE    95

..........................................................


THE WATERTOWN NY CLIMATE NORMALS FOR TODAY
                         NORMAL    RECORD    YEAR
 MAXIMUM TEMPERATURE (F)   31        57      1984
 MINIMUM TEMPERATURE (F)   10       -32      2015


SUNRISE AND SUNSET
FEBRUARY 13 2017......SUNRISE   706 AM EST   SUNSET   531 PM EST
FEBRUARY 14 2017......SUNRISE   704 AM EST   SUNSET   533 PM EST


-  INDICATES NEGATIVE NUMBERS.
R  INDICATES RECORD WAS SET OR TIED.
MM INDICATES DATA IS MISSING.
T  INDICATES TRACE AMOUNT.




$$
