000
CDUS41 KBUF 040705
CLIART


CLIMATE REPORT
NATIONAL WEATHER SERVICE BUFFALO NY
305 AM EDT SAT NOV 4 2017


...................................

...THE WATERTOWN NY CLIMATE SUMMARY FOR NOVEMBER 3 2017...

CLIMATE NORMAL PERIOD 1981 TO 2010
CLIMATE RECORD PERIOD 1949 TO 2017


WEATHER ITEM   OBSERVED TIME   RECORD YEAR NORMAL DEPARTURE LAST
                VALUE   (LST)  VALUE       VALUE  FROM      YEAR
                                                  NORMAL
..................................................................
TEMPERATURE (F)
 YESTERDAY
  MAXIMUM         64    233 AM  74    1961  52     12       54
  MINIMUM         31   1159 PM  17    2002  34     -3       47
  AVERAGE         48                        43      5       51

PRECIPITATION (IN)
  YESTERDAY        0.32          0.76 1992   0.13   0.19     0.47
  MONTH TO DATE    0.82                      0.38   0.44     0.49
  SINCE SEP 1     13.87                      7.75   6.12     8.39
  SINCE JAN 1     44.60                     29.55  15.05    27.42

DEGREE DAYS
 HEATING
  YESTERDAY       17                        22     -5       14
  MONTH TO DATE   50                        66    -16       43
  SINCE SEP 1    514                       790   -276      652
  SINCE JUL 1    584                       862   -278      663

 COOLING
  YESTERDAY        0                         0      0        0
  MONTH TO DATE    0                         0      0        0
  SINCE SEP 1     59                        38     21       52
  SINCE JAN 1    389                       362     27      566
..................................................................


WIND (MPH)
  HIGHEST WIND SPEED    22   HIGHEST WIND DIRECTION    SW (230)
  HIGHEST GUST SPEED    30   HIGHEST GUST DIRECTION    SW (230)
  AVERAGE WIND SPEED     9.1


SKY COVER
  AVERAGE SKY COVER 0.7


WEATHER CONDITIONS
 THE FOLLOWING WEATHER WAS RECORDED YESTERDAY.
  HEAVY RAIN
  RAIN
  LIGHT RAIN
  FOG


RELATIVE HUMIDITY (PERCENT)
 HIGHEST   100           800 AM
 LOWEST     63           200 PM
 AVERAGE    82

..........................................................


THE WATERTOWN NY CLIMATE NORMALS FOR TODAY
                         NORMAL    RECORD    YEAR
 MAXIMUM TEMPERATURE (F)   51        73      2015
 MINIMUM TEMPERATURE (F)   33        13      1989


SUNRISE AND SUNSET
NOVEMBER  4 2017......SUNRISE   745 AM EDT   SUNSET   550 PM EDT
NOVEMBER  5 2017......SUNRISE   646 AM EST   SUNSET   449 PM EST


-  INDICATES NEGATIVE NUMBERS.
R  INDICATES RECORD WAS SET OR TIED.
MM INDICATES DATA IS MISSING.
T  INDICATES TRACE AMOUNT.




$$
