000
CDUS41 KBUF 110705
CLIART


CLIMATE REPORT
NATIONAL WEATHER SERVICE BUFFALO NY
205 AM EST SAT MAR 11 2017


...................................

...THE WATERTOWN NY CLIMATE SUMMARY FOR MARCH 10 2017...

CLIMATE NORMAL PERIOD 1981 TO 2010
CLIMATE RECORD PERIOD 1949 TO 2017


WEATHER ITEM   OBSERVED TIME   RECORD YEAR NORMAL DEPARTURE LAST
                VALUE   (LST)  VALUE       VALUE  FROM      YEAR
                                                  NORMAL
..................................................................
TEMPERATURE (F)
 YESTERDAY
  MAXIMUM         29    215 PM  60    1955  38     -9       54
  MINIMUM          8   1159 PM -14    2008  18    -10       38
  AVERAGE         19                        28     -9       46

PRECIPITATION (IN)
  YESTERDAY        T             0.80 1964   0.07  -0.07     0.73
  MONTH TO DATE    0.57                      0.75  -0.18     0.88
  SINCE MAR 1      0.57                      0.75  -0.18     0.88
  SINCE JAN 1      4.20                      5.63  -1.43     6.69

DEGREE DAYS
 HEATING
  YESTERDAY       46                        37      9       19
  MONTH TO DATE  356                       387    -31      355
  SINCE MAR 1    356                       387    -31      355
  SINCE JUL 1   4967                      5828   -861     5003

 COOLING
  YESTERDAY        0                         0      0        0
  MONTH TO DATE    0                         0      0        0
  SINCE MAR 1      0                         0      0        0
  SINCE JAN 1      0                         0      0        0
..................................................................


WIND (MPH)
  HIGHEST WIND SPEED    30   HIGHEST WIND DIRECTION     W (290)
  HIGHEST GUST SPEED    38   HIGHEST GUST DIRECTION     W (290)
  AVERAGE WIND SPEED    13.8


SKY COVER
  AVERAGE SKY COVER 0.7


WEATHER CONDITIONS
 THE FOLLOWING WEATHER WAS RECORDED YESTERDAY.
  HEAVY SNOW
  SNOW
  LIGHT SNOW
  FOG
  HAZE


RELATIVE HUMIDITY (PERCENT)
 HIGHEST    92           800 PM
 LOWEST     36           500 PM
 AVERAGE    64

..........................................................


THE WATERTOWN NY CLIMATE NORMALS FOR TODAY
                         NORMAL    RECORD    YEAR
 MAXIMUM TEMPERATURE (F)   39        59      2010
                                             1973
 MINIMUM TEMPERATURE (F)   18       -11      1961


SUNRISE AND SUNSET
MARCH 11 2017.........SUNRISE   623 AM EST   SUNSET   606 PM EST
MARCH 12 2017.........SUNRISE   721 AM EDT   SUNSET   707 PM EDT


-  INDICATES NEGATIVE NUMBERS.
R  INDICATES RECORD WAS SET OR TIED.
MM INDICATES DATA IS MISSING.
T  INDICATES TRACE AMOUNT.




$$
