000
CDUS41 KBUF 031031
CLIART


CLIMATE REPORT
NATIONAL WEATHER SERVICE BUFFALO NY
531 AM EST WED JAN 3 2018


...................................

...THE WATERTOWN NY CLIMATE SUMMARY FOR JANUARY 2 2018...

CLIMATE NORMAL PERIOD 1981 TO 2010
CLIMATE RECORD PERIOD 1949 TO 2018


WEATHER ITEM   OBSERVED TIME   RECORD YEAR NORMAL DEPARTURE LAST
                VALUE   (LST)  VALUE       VALUE  FROM      YEAR
                                                  NORMAL
..................................................................
TEMPERATURE (F)
 YESTERDAY
  MAXIMUM         24   1159 PM  55    2000  30     -6       45
  MINIMUM        -21    609 AM -30    1999  12    -33       19
  AVERAGE          2                        21    -19       32

PRECIPITATION (IN)
  YESTERDAY       MM             0.44 2005   0.09  MM        0.00
  MONTH TO DATE    T                         0.18  -0.18     0.03
  SINCE DEC 1      1.79                      3.33  -1.54     2.22
  SINCE JAN 1      T                         0.18  -0.18     0.03

DEGREE DAYS
 HEATING
  YESTERDAY       63                        44     19       33
  MONTH TO DATE  141                        88     53       67
  SINCE DEC 1   1552                      1285    267     1184
  SINCE JUL 1   2911                      2884     27     2526

 COOLING
  YESTERDAY        0                         0      0        0
  MONTH TO DATE    0                         0      0        0
  SINCE DEC 1      0                         0      0        0
  SINCE JAN 1      0                         0      0        0
..................................................................


WIND (MPH)
  HIGHEST WIND SPEED    33   HIGHEST WIND DIRECTION     W (260)
  HIGHEST GUST SPEED    49   HIGHEST GUST DIRECTION     W (260)
  AVERAGE WIND SPEED    13.0


SKY COVER
  AVERAGE SKY COVER 0.7


WEATHER CONDITIONS
 THE FOLLOWING WEATHER WAS RECORDED YESTERDAY.
  HEAVY SNOW
  SNOW
  LIGHT SNOW
  FOG
  FOG W/VISIBILITY <= 1/4 MILE
  HAZE
  BLOWING SNOW


RELATIVE HUMIDITY (PERCENT)
 HIGHEST    92          1200 AM
 LOWEST     62          1100 PM
 AVERAGE    77

..........................................................


THE WATERTOWN NY CLIMATE NORMALS FOR TODAY
                         NORMAL    RECORD    YEAR
 MAXIMUM TEMPERATURE (F)   30        58      1950
 MINIMUM TEMPERATURE (F)   11       -27      1981


SUNRISE AND SUNSET
JANUARY  3 2018.......SUNRISE   739 AM EST   SUNSET   439 PM EST
JANUARY  4 2018.......SUNRISE   739 AM EST   SUNSET   440 PM EST


-  INDICATES NEGATIVE NUMBERS.
R  INDICATES RECORD WAS SET OR TIED.
MM INDICATES DATA IS MISSING.
T  INDICATES TRACE AMOUNT.




$$
