000
CDUS41 KBUF 151044
CLIART


CLIMATE REPORT
NATIONAL WEATHER SERVICE BUFFALO NY
626 AM EDT SUN MAY 15 2016


...................................

...THE WATERTOWN NY CLIMATE SUMMARY FOR MAY 14 2016...

CLIMATE NORMAL PERIOD 1981 TO 2010
CLIMATE RECORD PERIOD 1949 TO 2016


WEATHER ITEM   OBSERVED TIME   RECORD YEAR NORMAL DEPARTURE LAST
                VALUE   (LST)  VALUE       VALUE  FROM      YEAR
                                                  NORMAL
..................................................................
TEMPERATURE (F)
 YESTERDAY
  MAXIMUM         68   1138 AM  85    1974  65      3       59
  MINIMUM         46   1159 PM  27    1965  43      3       28
  AVERAGE         57                        54      3       44

PRECIPITATION (IN)
  YESTERDAY        0.05          1.10 1964   0.10  -0.05     0.00
  MONTH TO DATE    1.24                      1.30  -0.06     0.64
  SINCE MAR 1      5.03                      6.50  -1.47     3.16
  SINCE JAN 1     10.84                     11.38  -0.54     6.25

DEGREE DAYS
 HEATING
  YESTERDAY        8                        11     -3       21
  MONTH TO DATE  196                       184     12      100
  SINCE MAR 1   1864                      1886    -22     1908
  SINCE JUL 1   6512                      7327   -815     7428

 COOLING
  YESTERDAY        0                         0      0        0
  MONTH TO DATE    0                         0      0       17
  SINCE MAR 1      0                         1     -1       17
  SINCE JAN 1      0                         1     -1       17
..................................................................


WIND (MPH)
  HIGHEST WIND SPEED    28   HIGHEST WIND DIRECTION     W (250)
  HIGHEST GUST SPEED    43   HIGHEST GUST DIRECTION     W (260)
  AVERAGE WIND SPEED    11.0


SKY COVER
  AVERAGE SKY COVER 0.8


WEATHER CONDITIONS
 THE FOLLOWING WEATHER WAS RECORDED YESTERDAY.
  RAIN
  LIGHT RAIN
  FOG
  HAZE


RELATIVE HUMIDITY (PERCENT)
 HIGHEST    93           200 AM
 LOWEST     48          1200 PM
 AVERAGE    71

..........................................................


THE WATERTOWN NY CLIMATE NORMALS FOR TODAY
                         NORMAL    RECORD    YEAR
 MAXIMUM TEMPERATURE (F)   66        86      2014
                                             1961
 MINIMUM TEMPERATURE (F)   43        30      2001


SUNRISE AND SUNSET
MAY 15 2016...........SUNRISE   538 AM EDT   SUNSET   824 PM EDT
MAY 16 2016...........SUNRISE   536 AM EDT   SUNSET   825 PM EDT


-  INDICATES NEGATIVE NUMBERS.
R  INDICATES RECORD WAS SET OR TIED.
MM INDICATES DATA IS MISSING.
T  INDICATES TRACE AMOUNT.




$$
