909
CDUS41 KBUF 080706
CLIART


CLIMATE REPORT
NATIONAL WEATHER SERVICE BUFFALO NY
305 AM EDT FRI MAY 8 2015


...................................

...THE WATERTOWN NY CLIMATE SUMMARY FOR MAY 7 2015...

CLIMATE NORMAL PERIOD 1981 TO 2010
CLIMATE RECORD PERIOD 1949 TO 2015


WEATHER ITEM   OBSERVED TIME   RECORD YEAR NORMAL DEPARTURE LAST
                VALUE   (LST)  VALUE       VALUE  FROM      YEAR
                                                  NORMAL
..................................................................
TEMPERATURE (F)
 YESTERDAY
  MAXIMUM         75    434 PM  81    1960  63     12       64
  MINIMUM         38    513 AM  18    1966  41     -3       30
  AVERAGE         57                        52      5       47

PRECIPITATION (IN)
  YESTERDAY        0.00          1.23 1967   0.09  -0.09     0.00
  MONTH TO DATE    0.06                      0.65  -0.59     0.82
  SINCE MAR 1      2.58                      5.85  -3.27     8.86
  SINCE JAN 1      5.67                     10.73  -5.06    15.96

DEGREE DAYS
 HEATING
  YESTERDAY        8                        13     -5       18
  MONTH TO DATE   54                       100    -46      115
  SINCE MAR 1   1862                      1802     60     2039
  SINCE JUL 1   7382                      7243    139     7710

 COOLING
  YESTERDAY        0                         0      0        0
  MONTH TO DATE    2                         0      2        0
  SINCE MAR 1      2                         1      1        0
  SINCE JAN 1      2                         1      1        0
..................................................................


WIND (MPH)
  HIGHEST WIND SPEED    12   HIGHEST WIND DIRECTION     W (290)
  HIGHEST GUST SPEED    19   HIGHEST GUST DIRECTION     W (280)
  AVERAGE WIND SPEED     4.3


SKY COVER
  AVERAGE SKY COVER 0.0


WEATHER CONDITIONS
 THE FOLLOWING WEATHER WAS RECORDED YESTERDAY.
  FOG


RELATIVE HUMIDITY (PERCENT)
 HIGHEST    93          1000 PM
 LOWEST     38           200 PM
 AVERAGE    66

..........................................................


THE WATERTOWN NY CLIMATE NORMALS FOR TODAY
                         NORMAL    RECORD    YEAR
 MAXIMUM TEMPERATURE (F)   64        85      1979
 MINIMUM TEMPERATURE (F)   41        25      1997


SUNRISE AND SUNSET
MAY  8 2015...........SUNRISE   547 AM EDT   SUNSET   815 PM EDT
MAY  9 2015...........SUNRISE   545 AM EDT   SUNSET   816 PM EDT


-  INDICATES NEGATIVE NUMBERS.
R  INDICATES RECORD WAS SET OR TIED.
MM INDICATES DATA IS MISSING.
T  INDICATES TRACE AMOUNT.




$$
