000
CDUS41 KBUF 131019
CLIART


CLIMATE REPORT
NATIONAL WEATHER SERVICE BUFFALO NY
618 AM EDT SAT AUG 13 2016


...................................

...THE WATERTOWN NY CLIMATE SUMMARY FOR AUGUST 12 2016...

CLIMATE NORMAL PERIOD 1981 TO 2010
CLIMATE RECORD PERIOD 1949 TO 2016


WEATHER ITEM   OBSERVED TIME   RECORD YEAR NORMAL DEPARTURE LAST
                VALUE   (LST)  VALUE       VALUE  FROM      YEAR
                                                  NORMAL
..................................................................
TEMPERATURE (F)
 YESTERDAY
  MAXIMUM         90R   132 PM  90    2016  79     11       74
  MINIMUM         69   1159 PM  39    2006  57     12       57
  AVERAGE         80                        68     12       66

PRECIPITATION (IN)
  YESTERDAY        0.00          1.27 1980   0.10  -0.10     0.04
  MONTH TO DATE    0.53                      1.22  -0.69     1.37
  SINCE JUN 1      4.53                      6.72  -2.19     8.67
  SINCE JAN 1     15.53                     19.87  -4.34    16.07

DEGREE DAYS
 HEATING
  YESTERDAY        0                         1     -1        0
  MONTH TO DATE    0                        12    -12        5
  SINCE JUN 1    103                       145    -42      159
  SINCE JUL 1      5                        38    -33       43

 COOLING
  YESTERDAY       15                         4     11        1
  MONTH TO DATE  116                        51     65       30
  SINCE JUN 1    365                       252    113      184
  SINCE JAN 1    395                       263    132      230
..................................................................


WIND (MPH)
  HIGHEST WIND SPEED    23   HIGHEST WIND DIRECTION    SW (230)
  HIGHEST GUST SPEED    33   HIGHEST GUST DIRECTION    SW (230)
  AVERAGE WIND SPEED    11.2


SKY COVER
  AVERAGE SKY COVER 0.4


WEATHER CONDITIONS
 THE FOLLOWING WEATHER WAS RECORDED YESTERDAY.
  FOG


RELATIVE HUMIDITY (PERCENT)
 HIGHEST    93           900 PM
 LOWEST     59          1200 PM
 AVERAGE    76

..........................................................


THE WATERTOWN NY CLIMATE NORMALS FOR TODAY
                         NORMAL    RECORD    YEAR
 MAXIMUM TEMPERATURE (F)   79        88      1988
 MINIMUM TEMPERATURE (F)   57        39      1979


SUNRISE AND SUNSET
AUGUST 13 2016........SUNRISE   606 AM EDT   SUNSET   811 PM EDT
AUGUST 14 2016........SUNRISE   607 AM EDT   SUNSET   809 PM EDT


-  INDICATES NEGATIVE NUMBERS.
R  INDICATES RECORD WAS SET OR TIED.
MM INDICATES DATA IS MISSING.
T  INDICATES TRACE AMOUNT.

$$
