000
CDUS41 KBUF 052032
CLIART


CLIMATE REPORT
NATIONAL WEATHER SERVICE BUFFALO NY
426 PM EDT FRI MAY 5 2017


...................................

...THE WATERTOWN NY CLIMATE SUMMARY FOR MAY 5 2017...
VALID TODAY AS OF 0400 PM LOCAL TIME.

CLIMATE NORMAL PERIOD 1981 TO 2010
CLIMATE RECORD PERIOD 1949 TO 2017


WEATHER ITEM   OBSERVED TIME   RECORD YEAR NORMAL DEPARTURE LAST
                VALUE   (LST)  VALUE       VALUE  FROM      YEAR
                                                  NORMAL
..................................................................
TEMPERATURE (F)
 TODAY
  MAXIMUM         55    151 PM  81    1991  63     -8       63
  MINIMUM         45    612 AM  25    2005  40      5       42
  AVERAGE         50                        51     -1       53

PRECIPITATION (IN)
  TODAY            1.03R         0.95 1993   0.09   0.94     0.00
  MONTH TO DATE    2.78                      0.46   2.32     0.75
  SINCE MAR 1      9.20                      5.66   3.54     4.54
  SINCE JAN 1     12.83                     10.54   2.29    10.35

DEGREE DAYS
 HEATING
  TODAY           15                        14      1       12
  MONTH TO DATE   72                        73     -1       78
  SINCE MAR 1   1767                      1775     -8     1746
  SINCE JUL 1   6378                      7216   -838     6394

 COOLING
  TODAY            0                         0      0        0
  MONTH TO DATE    0                         0      0        0
  SINCE MAR 1      7                         1      6        0
  SINCE JAN 1      7                         1      6        0
..................................................................


WIND (MPH)
  HIGHEST WIND SPEED    17   HIGHEST WIND DIRECTION    NE (60)
  HIGHEST GUST SPEED    21   HIGHEST GUST DIRECTION     E (70)
  AVERAGE WIND SPEED     6.8


SKY COVER
  AVERAGE SKY COVER 1.0


WEATHER CONDITIONS
 THE FOLLOWING WEATHER WAS RECORDED TODAY.
  HEAVY RAIN
  RAIN
  LIGHT RAIN
  FOG


RELATIVE HUMIDITY (PERCENT)
 HIGHEST   100           100 AM
 LOWEST     89           300 PM
 AVERAGE    95

..........................................................


THE WATERTOWN NY CLIMATE NORMALS FOR TOMORROW
                         NORMAL    RECORD    YEAR
 MAXIMUM TEMPERATURE (F)   63        81      1999
 MINIMUM TEMPERATURE (F)   40        24      1969


SUNRISE AND SUNSET
MAY  5 2017...........SUNRISE   550 AM EDT   SUNSET   812 PM EDT
MAY  6 2017...........SUNRISE   549 AM EDT   SUNSET   814 PM EDT


-  INDICATES NEGATIVE NUMBERS.
R  INDICATES RECORD WAS SET OR TIED.
MM INDICATES DATA IS MISSING.
T  INDICATES TRACE AMOUNT.




$$
