000
CDUS41 KBUF 211018
CLIART


CLIMATE REPORT
NATIONAL WEATHER SERVICE BUFFALO NY
617 AM EDT TUE JUL 21 2015


...................................

...THE WATERTOWN NY CLIMATE SUMMARY FOR JULY 20 2015...

CLIMATE NORMAL PERIOD 1981 TO 2010
CLIMATE RECORD PERIOD 1949 TO 2015


WEATHER ITEM   OBSERVED TIME   RECORD YEAR NORMAL DEPARTURE LAST
                VALUE   (LST)  VALUE       VALUE  FROM      YEAR
                                                  NORMAL
..................................................................
TEMPERATURE (F)
 YESTERDAY
  MAXIMUM         79    306 PM  93    1978  80     -1       82
  MINIMUM         63    522 AM  42    1962  59      4       65
  AVERAGE         71                        69      2       74

PRECIPITATION (IN)
  YESTERDAY        0.00          1.53 2008   0.08  -0.08      T
  MONTH TO DATE    1.13                      1.65  -0.52     3.49
  SINCE JUN 1      6.84                      4.50   2.34     6.40
  SINCE JAN 1     14.24                     17.65  -3.41    25.00

DEGREE DAYS
 HEATING
  YESTERDAY        0                         1     -1        0
  MONTH TO DATE   38                        21     17       13
  SINCE JUN 1    154                       128     26       75
  SINCE JUL 1     38                        21     17       13

 COOLING
  YESTERDAY        6                         5      1        9
  MONTH TO DATE   64                        89    -25       91
  SINCE JUN 1     95                       151    -56      203
  SINCE JAN 1    141                       162    -21      226
..................................................................


WIND (MPH)
  HIGHEST WIND SPEED    15   HIGHEST WIND DIRECTION    SW (220)
  HIGHEST GUST SPEED    20   HIGHEST GUST DIRECTION    SW (230)
  AVERAGE WIND SPEED     6.8


SKY COVER
  AVERAGE SKY COVER 0.1


WEATHER CONDITIONS
 THE FOLLOWING WEATHER WAS RECORDED YESTERDAY.
  FOG


RELATIVE HUMIDITY (PERCENT)
 HIGHEST    93          1200 AM
 LOWEST     52           300 PM
 AVERAGE    73

..........................................................


THE WATERTOWN NY CLIMATE NORMALS FOR TODAY
                         NORMAL    RECORD    YEAR
 MAXIMUM TEMPERATURE (F)   80        94      1994
 MINIMUM TEMPERATURE (F)   59        45      1966


SUNRISE AND SUNSET
JULY 21 2015..........SUNRISE   541 AM EDT   SUNSET   840 PM EDT
JULY 22 2015..........SUNRISE   542 AM EDT   SUNSET   839 PM EDT


-  INDICATES NEGATIVE NUMBERS.
R  INDICATES RECORD WAS SET OR TIED.
MM INDICATES DATA IS MISSING.
T  INDICATES TRACE AMOUNT.




$$
