000
CDUS41 KBUF 210705
CLIART


CLIMATE REPORT
NATIONAL WEATHER SERVICE BUFFALO NY
205 AM EST MON NOV 21 2016


...................................

...THE WATERTOWN NY CLIMATE SUMMARY FOR NOVEMBER 20 2016...

CLIMATE NORMAL PERIOD 1981 TO 2010
CLIMATE RECORD PERIOD 1949 TO 2016


WEATHER ITEM   OBSERVED TIME   RECORD YEAR NORMAL DEPARTURE LAST
                VALUE   (LST)  VALUE       VALUE  FROM      YEAR
                                                  NORMAL
..................................................................
TEMPERATURE (F)
 YESTERDAY
  MAXIMUM         39    158 AM  69    1953  45     -6       50
  MINIMUM         27   1155 PM   7    1959  28     -1       24
  AVERAGE         33                        37     -4       37

PRECIPITATION (IN)
  YESTERDAY        0.36          1.22 1989   0.14   0.22     0.00
  MONTH TO DATE    1.11                      2.51  -1.40     1.41
  SINCE SEP 1      9.01                      9.88  -0.87     7.54
  SINCE JAN 1     28.04                     31.68  -3.64    24.89

DEGREE DAYS
 HEATING
  YESTERDAY       32                        28      4       28
  MONTH TO DATE  426                       497    -71      361
  SINCE SEP 1   1035                      1221   -186     1016
  SINCE JUL 1   1046                      1293   -247     1071

 COOLING
  YESTERDAY        0                         0      0        0
  MONTH TO DATE    0                         0      0        0
  SINCE SEP 1     52                        38     14       82
  SINCE JAN 1    566                       362    204      388
..................................................................


WIND (MPH)
  HIGHEST WIND SPEED    29   HIGHEST WIND DIRECTION     W (290)
  HIGHEST GUST SPEED    40   HIGHEST GUST DIRECTION    NW (300)
  AVERAGE WIND SPEED    19.9


SKY COVER
  AVERAGE SKY COVER 1.0


WEATHER CONDITIONS
 THE FOLLOWING WEATHER WAS RECORDED YESTERDAY.
  RAIN
  LIGHT RAIN
  SNOW
  LIGHT SNOW
  FOG
  FOG W/VISIBILITY <= 1/4 MILE


RELATIVE HUMIDITY (PERCENT)
 HIGHEST    92          1200 AM
 LOWEST     78           700 PM
 AVERAGE    85

..........................................................


THE WATERTOWN NY CLIMATE NORMALS FOR TODAY
                         NORMAL    RECORD    YEAR
 MAXIMUM TEMPERATURE (F)   45        62      1953
 MINIMUM TEMPERATURE (F)   28         6      1969


SUNRISE AND SUNSET
NOVEMBER 21 2016......SUNRISE   707 AM EST   SUNSET   432 PM EST
NOVEMBER 22 2016......SUNRISE   709 AM EST   SUNSET   432 PM EST


-  INDICATES NEGATIVE NUMBERS.
R  INDICATES RECORD WAS SET OR TIED.
MM INDICATES DATA IS MISSING.
T  INDICATES TRACE AMOUNT.




$$
