000
CDUS41 KBUF 261032
CLIART


CLIMATE REPORT
NATIONAL WEATHER SERVICE BUFFALO NY
625 AM EDT TUE APR 26 2016


...................................

...THE WATERTOWN NY CLIMATE SUMMARY FOR APRIL 25 2016...

CLIMATE NORMAL PERIOD 1981 TO 2010
CLIMATE RECORD PERIOD 1949 TO 2016


WEATHER ITEM   OBSERVED TIME   RECORD YEAR NORMAL DEPARTURE LAST
                VALUE   (LST)  VALUE       VALUE  FROM      YEAR
                                                  NORMAL
..................................................................
TEMPERATURE (F)
 YESTERDAY
  MAXIMUM         51    216 PM  79    2009  59     -8       45
  MINIMUM         39    652 AM  18    1972  37      2       22
  AVERAGE         45                        48     -3       34

PRECIPITATION (IN)
  YESTERDAY        T             0.74 1976   0.09  -0.09     0.00
  MONTH TO DATE    0.85                      2.41  -1.56     1.69
  SINCE MAR 1      3.50                      4.71  -1.21     2.52
  SINCE JAN 1      9.31                      9.59  -0.28     5.61

DEGREE DAYS
 HEATING
  YESTERDAY       20                        17      3       31
  MONTH TO DATE  634                       554     80      533
  SINCE MAR 1   1545                      1620    -75     1714
  SINCE JUL 1   6193                      7061   -868     7234

 COOLING
  YESTERDAY        0                         0      0        0
  MONTH TO DATE    0                         0      0        0
  SINCE MAR 1      0                         0      0        0
  SINCE JAN 1      0                         0      0        0
..................................................................


WIND (MPH)
  HIGHEST WIND SPEED    17   HIGHEST WIND DIRECTION    NE (50)
  HIGHEST GUST SPEED    20   HIGHEST GUST DIRECTION    NE (50)
  AVERAGE WIND SPEED     8.0


SKY COVER
  AVERAGE SKY COVER 1.0


WEATHER CONDITIONS
 THE FOLLOWING WEATHER WAS RECORDED YESTERDAY.
  LIGHT RAIN


RELATIVE HUMIDITY (PERCENT)
 HIGHEST    57           400 AM
 LOWEST     30           200 PM
 AVERAGE    44

..........................................................


THE WATERTOWN NY CLIMATE NORMALS FOR TODAY
                         NORMAL    RECORD    YEAR
 MAXIMUM TEMPERATURE (F)   59        82      2008
 MINIMUM TEMPERATURE (F)   37        26      2015
                                             2012
                                             2001


SUNRISE AND SUNSET
APRIL 26 2016.........SUNRISE   602 AM EDT   SUNSET   802 PM EDT
APRIL 27 2016.........SUNRISE   601 AM EDT   SUNSET   803 PM EDT


-  INDICATES NEGATIVE NUMBERS.
R  INDICATES RECORD WAS SET OR TIED.
MM INDICATES DATA IS MISSING.
T  INDICATES TRACE AMOUNT.




$$
