000
CDUS41 KBUF 190705
CLIART


CLIMATE REPORT
NATIONAL WEATHER SERVICE BUFFALO NY
205 AM EST MON JAN 19 2015


...................................

...THE WATERTOWN NY CLIMATE SUMMARY FOR JANUARY 18 2015...

CLIMATE NORMAL PERIOD 1981 TO 2010
CLIMATE RECORD PERIOD 1949 TO 2015


WEATHER ITEM   OBSERVED TIME   RECORD YEAR NORMAL DEPARTURE LAST
                VALUE   (LST)  VALUE       VALUE  FROM      YEAR
                                                  NORMAL
..................................................................
TEMPERATURE (F)
 YESTERDAY
  MAXIMUM         45   1210 PM  59    1973  29     16       32
  MINIMUM         31   1242 AM -30    1997   9     22       20
  AVERAGE         38                        19     19       26

PRECIPITATION (IN)
  YESTERDAY        0.04          1.00 1957   0.08  -0.04     0.02
  MONTH TO DATE    1.76                      1.61   0.15     2.69
  SINCE DEC 1      3.48                      4.76  -1.28     5.10
  SINCE JAN 1      1.76                      1.61   0.15     2.69

DEGREE DAYS
 HEATING
  YESTERDAY       27                        46    -19       39
  MONTH TO DATE  865                       813     52      744
  SINCE DEC 1   1853                      2010   -157     2006
  SINCE JUL 1   3206                      3609   -403     3581

 COOLING
  YESTERDAY        0                         0      0        0
  MONTH TO DATE    0                         0      0        0
  SINCE DEC 1      0                         0      0        0
  SINCE JAN 1      0                         0      0        0
..................................................................


WIND (MPH)
  HIGHEST WIND SPEED    26   HIGHEST WIND DIRECTION     S (160)
  HIGHEST GUST SPEED    41   HIGHEST GUST DIRECTION    SE (150)
  AVERAGE WIND SPEED    11.5


SKY COVER
  AVERAGE SKY COVER 0.6


WEATHER CONDITIONS
 THE FOLLOWING WEATHER WAS RECORDED YESTERDAY.
  LIGHT RAIN
  FOG


RELATIVE HUMIDITY (PERCENT)
 HIGHEST    92           900 PM
 LOWEST     49           100 AM
 AVERAGE    71

..........................................................


THE WATERTOWN NY CLIMATE NORMALS FOR TODAY
                         NORMAL    RECORD    YEAR
 MAXIMUM TEMPERATURE (F)   29        62      1996
 MINIMUM TEMPERATURE (F)    9       -33      1994


SUNRISE AND SUNSET
JANUARY 19 2015.......SUNRISE   733 AM EST   SUNSET   457 PM EST
JANUARY 20 2015.......SUNRISE   733 AM EST   SUNSET   458 PM EST


-  INDICATES NEGATIVE NUMBERS.
R  INDICATES RECORD WAS SET OR TIED.
MM INDICATES DATA IS MISSING.
T  INDICATES TRACE AMOUNT.




$$
