159
CDUS41 KBUF 171140
CLIART


CLIMATE REPORT
NATIONAL WEATHER SERVICE BUFFALO NY
739 AM EDT FRI MAR 17 2017


...................................

...THE WATERTOWN NY CLIMATE SUMMARY FOR MARCH 16 2017...

CLIMATE NORMAL PERIOD 1981 TO 2010
CLIMATE RECORD PERIOD 1949 TO 2017


WEATHER ITEM   OBSERVED TIME   RECORD YEAR NORMAL DEPARTURE LAST
                VALUE   (LST)  VALUE       VALUE  FROM      YEAR
                                                  NORMAL
..................................................................
TEMPERATURE (F)
 YESTERDAY
  MAXIMUM         30    747 PM  79    1990  40    -10       61
  MINIMUM         11    535 AM -18    1992  20     -9       40
  AVERAGE         21                        30     -9       51

PRECIPITATION (IN)
  YESTERDAY        0.00          0.37 1956   0.08  -0.08     0.26
  MONTH TO DATE    1.48                      1.19   0.29     1.18
  SINCE MAR 1      1.48                      1.19   0.29     1.18
  SINCE JAN 1      5.11                      6.07  -0.96     6.99

DEGREE DAYS
 HEATING
  YESTERDAY       44                        35      9       14
  MONTH TO DATE  660                       601     59      491
  SINCE MAR 1    660                       601     59      491
  SINCE JUL 1   5271                      6042   -771     5139

 COOLING
  YESTERDAY        0                         0      0        0
  MONTH TO DATE    0                         0      0        0
  SINCE MAR 1      0                         0      0        0
  SINCE JAN 1      0                         0      0        0
..................................................................


WIND (MPH)
  HIGHEST WIND SPEED    22   HIGHEST WIND DIRECTION     W (270)
  HIGHEST GUST SPEED    28   HIGHEST GUST DIRECTION     W (260)
  AVERAGE WIND SPEED    13.1


SKY COVER
  AVERAGE SKY COVER 0.2


WEATHER CONDITIONS
 THE FOLLOWING WEATHER WAS RECORDED YESTERDAY.
  HAZE


RELATIVE HUMIDITY (PERCENT)
 HIGHEST    68          1100 PM
 LOWEST     47           500 PM
 AVERAGE    58

..........................................................


THE WATERTOWN NY CLIMATE NORMALS FOR TODAY
                         NORMAL    RECORD    YEAR
 MAXIMUM TEMPERATURE (F)   41        66      2012
 MINIMUM TEMPERATURE (F)   21        -3      1961


SUNRISE AND SUNSET
MARCH 17 2017.........SUNRISE   712 AM EDT   SUNSET   713 PM EDT
MARCH 18 2017.........SUNRISE   710 AM EDT   SUNSET   714 PM EDT


-  INDICATES NEGATIVE NUMBERS.
R  INDICATES RECORD WAS SET OR TIED.
MM INDICATES DATA IS MISSING.
T  INDICATES TRACE AMOUNT.




$$
