934
CDUS41 KBUF 171029
CLIART


CLIMATE REPORT
NATIONAL WEATHER SERVICE BUFFALO NY
528 AM EST FRI FEB 17 2017


...................................

...THE WATERTOWN NY CLIMATE SUMMARY FOR FEBRUARY 16 2017...

CLIMATE NORMAL PERIOD 1981 TO 2010
CLIMATE RECORD PERIOD 1949 TO 2017


WEATHER ITEM   OBSERVED TIME   RECORD YEAR NORMAL DEPARTURE LAST
                VALUE   (LST)  VALUE       VALUE  FROM      YEAR
                                                  NORMAL
..................................................................
TEMPERATURE (F)
 YESTERDAY
  MAXIMUM         25    809 PM  53    1981  32     -7       32
  MINIMUM          8   1130 PM -36    2015  10     -2       25
  AVERAGE         17                        21     -4       29

PRECIPITATION (IN)
  YESTERDAY        0.01          2.12 1954   0.08  -0.07     1.40
  MONTH TO DATE    1.11                      1.25  -0.14     2.18
  SINCE DEC 1      5.08                      7.06  -1.98     6.14
  SINCE JAN 1      2.89                      3.91  -1.02     3.70

DEGREE DAYS
 HEATING
  YESTERDAY       48                        44      4       36
  MONTH TO DATE  647                       724    -77      692
  SINCE DEC 1   2936                      3336   -400     2759
  SINCE JUL 1   4278                      4935   -657     4126

 COOLING
  YESTERDAY        0                         0      0        0
  MONTH TO DATE    0                         0      0        0
  SINCE DEC 1      0                         0      0        0
  SINCE JAN 1      0                         0      0        0
..................................................................


WIND (MPH)
  HIGHEST WIND SPEED    15   HIGHEST WIND DIRECTION     W (260)
  HIGHEST GUST SPEED    18   HIGHEST GUST DIRECTION     W (260)
  AVERAGE WIND SPEED     9.0


SKY COVER
  AVERAGE SKY COVER 0.9


WEATHER CONDITIONS
 THE FOLLOWING WEATHER WAS RECORDED YESTERDAY.
  SNOW
  LIGHT SNOW
  FOG
  HAZE


RELATIVE HUMIDITY (PERCENT)
 HIGHEST   100          1200 AM
 LOWEST     68           400 PM
 AVERAGE    84

..........................................................


THE WATERTOWN NY CLIMATE NORMALS FOR TODAY
                         NORMAL    RECORD    YEAR
 MAXIMUM TEMPERATURE (F)   32        54      2006
 MINIMUM TEMPERATURE (F)   11       -34      1973


SUNRISE AND SUNSET
FEBRUARY 17 2017......SUNRISE   700 AM EST   SUNSET   537 PM EST
FEBRUARY 18 2017......SUNRISE   658 AM EST   SUNSET   538 PM EST


-  INDICATES NEGATIVE NUMBERS.
R  INDICATES RECORD WAS SET OR TIED.
MM INDICATES DATA IS MISSING.
T  INDICATES TRACE AMOUNT.

$$
