000
CDUS41 KBUF 162037
CLIART


CLIMATE REPORT
NATIONAL WEATHER SERVICE BUFFALO NY
432 PM EDT FRI JUN 16 2017


...................................

...THE WATERTOWN NY CLIMATE SUMMARY FOR JUNE 16 2017...
VALID TODAY AS OF 0400 PM LOCAL TIME.

CLIMATE NORMAL PERIOD 1981 TO 2010
CLIMATE RECORD PERIOD 1949 TO 2017


WEATHER ITEM   OBSERVED TIME   RECORD YEAR NORMAL DEPARTURE LAST
                VALUE   (LST)  VALUE       VALUE  FROM      YEAR
                                                  NORMAL
..................................................................
TEMPERATURE (F)
 TODAY
  MAXIMUM         78    259 PM  94    1949  75      3       83
  MINIMUM         62    553 AM  38    1980  53      9       54
  AVERAGE         70                        64      6       69

PRECIPITATION (IN)
  TODAY            0.23          0.45 2005   0.09   0.14     0.00
  MONTH TO DATE    1.67                      1.60   0.07     2.52
  SINCE JUN 1      1.67                      1.60   0.07     2.52
  SINCE JAN 1     17.34                     14.75   2.59    13.52

DEGREE DAYS
 HEATING
  TODAY            0                         3     -3        0
  MONTH TO DATE   85                        76      9       85
  SINCE JUN 1     85                        76      9       85
  SINCE JUL 1   6734                      7552   -818     6725

 COOLING
  TODAY            5                         2      3        4
  MONTH TO DATE   31                        21     10       11
  SINCE JUN 1     31                        21     10       11
  SINCE JAN 1     50                        32     18       41
..................................................................


WIND (MPH)
  HIGHEST WIND SPEED    16   HIGHEST WIND DIRECTION     S (190)
  HIGHEST GUST SPEED    24   HIGHEST GUST DIRECTION     S (170)
  AVERAGE WIND SPEED     9.4


SKY COVER
  AVERAGE SKY COVER 0.9


WEATHER CONDITIONS
 THE FOLLOWING WEATHER WAS RECORDED TODAY.
  HEAVY RAIN
  RAIN
  LIGHT RAIN
  FOG


RELATIVE HUMIDITY (PERCENT)
 HIGHEST    90           600 AM
 LOWEST     69           200 PM
 AVERAGE    80

..........................................................


THE WATERTOWN NY CLIMATE NORMALS FOR TOMORROW
                         NORMAL    RECORD    YEAR
 MAXIMUM TEMPERATURE (F)   75        89      1994
 MINIMUM TEMPERATURE (F)   53        39      1968


SUNRISE AND SUNSET
JUNE 16 2017..........SUNRISE   521 AM EDT   SUNSET   849 PM EDT
JUNE 17 2017..........SUNRISE   521 AM EDT   SUNSET   850 PM EDT


-  INDICATES NEGATIVE NUMBERS.
R  INDICATES RECORD WAS SET OR TIED.
MM INDICATES DATA IS MISSING.
T  INDICATES TRACE AMOUNT.




$$
