000
CDUS41 KBUF 110706
CLIART


CLIMATE REPORT
NATIONAL WEATHER SERVICE BUFFALO NY
305 AM EDT SUN SEP 11 2016


...................................

...THE WATERTOWN NY CLIMATE SUMMARY FOR SEPTEMBER 10 2016...

CLIMATE NORMAL PERIOD 1981 TO 2010
CLIMATE RECORD PERIOD 1949 TO 2016


WEATHER ITEM   OBSERVED TIME   RECORD YEAR NORMAL DEPARTURE LAST
                VALUE   (LST)  VALUE       VALUE  FROM      YEAR
                                                  NORMAL
..................................................................
TEMPERATURE (F)
 YESTERDAY
  MAXIMUM         85    438 PM  90    1959  73     12       77
  MINIMUM         58    500 AM  34    1975  51      7       51
  AVERAGE         72                        62     10       64

PRECIPITATION (IN)
  YESTERDAY        0.35          1.71 1981   0.11   0.24     0.00
  MONTH TO DATE    1.44                      1.08   0.36     0.08
  SINCE SEP 1      1.44                      1.08   0.36     0.08
  SINCE JAN 1     20.47                     22.88  -2.41    17.43

DEGREE DAYS
 HEATING
  YESTERDAY        0                         5     -5        1
  MONTH TO DATE   18                        38    -20        1
  SINCE SEP 1     18                        38    -20        1
  SINCE JUL 1     29                       110    -81       56

 COOLING
  YESTERDAY        7                         2      5        0
  MONTH TO DATE   35                        20     15       71
  SINCE SEP 1     35                        20     15       71
  SINCE JAN 1    549                       344    205      377
..................................................................


WIND (MPH)
  HIGHEST WIND SPEED    22   HIGHEST WIND DIRECTION     W (260)
  HIGHEST GUST SPEED    29   HIGHEST GUST DIRECTION     W (260)
  AVERAGE WIND SPEED     7.9


SKY COVER
  AVERAGE SKY COVER 0.4


WEATHER CONDITIONS
 THE FOLLOWING WEATHER WAS RECORDED YESTERDAY.
  THUNDERSTORM
  HEAVY RAIN
  RAIN
  LIGHT RAIN
  FOG


RELATIVE HUMIDITY (PERCENT)
 HIGHEST    97           400 AM
 LOWEST     61           300 PM
 AVERAGE    79

..........................................................


THE WATERTOWN NY CLIMATE NORMALS FOR TODAY
                         NORMAL    RECORD    YEAR
 MAXIMUM TEMPERATURE (F)   72        89      2013
                                             1961
 MINIMUM TEMPERATURE (F)   50        31      1967


SUNRISE AND SUNSET
SEPTEMBER 11 2016.....SUNRISE   639 AM EDT   SUNSET   721 PM EDT
SEPTEMBER 12 2016.....SUNRISE   640 AM EDT   SUNSET   719 PM EDT


-  INDICATES NEGATIVE NUMBERS.
R  INDICATES RECORD WAS SET OR TIED.
MM INDICATES DATA IS MISSING.
T  INDICATES TRACE AMOUNT.




$$
