000
CDUS41 KBUF 100705
CLIART


CLIMATE REPORT
NATIONAL WEATHER SERVICE BUFFALO NY
205 AM EST FRI MAR 10 2017


...................................

...THE WATERTOWN NY CLIMATE SUMMARY FOR MARCH 9 2017...

CLIMATE NORMAL PERIOD 1981 TO 2010
CLIMATE RECORD PERIOD 1949 TO 2017


WEATHER ITEM   OBSERVED TIME   RECORD YEAR NORMAL DEPARTURE LAST
                VALUE   (LST)  VALUE       VALUE  FROM      YEAR
                                                  NORMAL
..................................................................
TEMPERATURE (F)
 YESTERDAY
  MAXIMUM         38   1202 AM  71    2000  38      0       68
  MINIMUM         25   1102 PM -14    1997  17      8       39
  AVERAGE         32                        28      4       54

PRECIPITATION (IN)
  YESTERDAY        T             1.02 1964   0.08  -0.08     0.03
  MONTH TO DATE    0.57                      0.68  -0.11     0.15
  SINCE MAR 1      0.57                      0.68  -0.11     0.15
  SINCE JAN 1      4.20                      5.56  -1.36     5.96

DEGREE DAYS
 HEATING
  YESTERDAY       33                        37     -4       11
  MONTH TO DATE  310                       350    -40      336
  SINCE MAR 1    310                       350    -40      336
  SINCE JUL 1   4921                      5791   -870     4984

 COOLING
  YESTERDAY        0                         0      0        0
  MONTH TO DATE    0                         0      0        0
  SINCE MAR 1      0                         0      0        0
  SINCE JAN 1      0                         0      0        0
..................................................................


WIND (MPH)
  HIGHEST WIND SPEED    33   HIGHEST WIND DIRECTION     W (280)
  HIGHEST GUST SPEED    48   HIGHEST GUST DIRECTION     W (260)
  AVERAGE WIND SPEED    17.2


SKY COVER
  AVERAGE SKY COVER 0.8


WEATHER CONDITIONS
 THE FOLLOWING WEATHER WAS RECORDED YESTERDAY.
  LIGHT SNOW


RELATIVE HUMIDITY (PERCENT)
 HIGHEST    85           200 AM
 LOWEST     51           300 PM
 AVERAGE    68

..........................................................


THE WATERTOWN NY CLIMATE NORMALS FOR TODAY
                         NORMAL    RECORD    YEAR
 MAXIMUM TEMPERATURE (F)   38        60      1955
 MINIMUM TEMPERATURE (F)   18       -14      2008


SUNRISE AND SUNSET
MARCH 10 2017.........SUNRISE   625 AM EST   SUNSET   604 PM EST
MARCH 11 2017.........SUNRISE   623 AM EST   SUNSET   606 PM EST


-  INDICATES NEGATIVE NUMBERS.
R  INDICATES RECORD WAS SET OR TIED.
MM INDICATES DATA IS MISSING.
T  INDICATES TRACE AMOUNT.




$$
