000
CDUS41 KBUF 091028
CLIART


CLIMATE REPORT
NATIONAL WEATHER SERVICE BUFFALO NY
524 AM EST THU NOV 9 2017


...................................

...THE WATERTOWN NY CLIMATE SUMMARY FOR NOVEMBER 8 2017...

CLIMATE NORMAL PERIOD 1981 TO 2010
CLIMATE RECORD PERIOD 1949 TO 2017


WEATHER ITEM   OBSERVED TIME   RECORD YEAR NORMAL DEPARTURE LAST
                VALUE   (LST)  VALUE       VALUE  FROM      YEAR
                                                  NORMAL
..................................................................
TEMPERATURE (F)
 YESTERDAY
  MAXIMUM         43    502 PM  70    1996  50     -7       64
  MINIMUM         25   1251 AM  11    1991  32     -7       27
  AVERAGE         34                        41     -7       46

PRECIPITATION (IN)
  YESTERDAY        0.00          2.62 1996   0.13  -0.13     0.04
  MONTH TO DATE    1.59                      1.00   0.59     0.53
  SINCE SEP 1     14.64                      8.37   6.27     8.43
  SINCE JAN 1     45.37                     30.17  15.20    27.46

DEGREE DAYS
 HEATING
  YESTERDAY       31                        24      7       19
  MONTH TO DATE  168                       183    -15      155
  SINCE SEP 1    632                       907   -275      764
  SINCE JUL 1    702                       979   -277      775

 COOLING
  YESTERDAY        0                         0      0        0
  MONTH TO DATE    0                         0      0        0
  SINCE SEP 1     59                        38     21       52
  SINCE JAN 1    389                       362     27      566
..................................................................


WIND (MPH)
  HIGHEST WIND SPEED    10   HIGHEST WIND DIRECTION    SW (210)
  HIGHEST GUST SPEED    16   HIGHEST GUST DIRECTION     S (200)
  AVERAGE WIND SPEED     5.2


SKY COVER
  AVERAGE SKY COVER 0.9


WEATHER CONDITIONS
 THE FOLLOWING WEATHER WAS RECORDED YESTERDAY.
  NO SIGNIFICANT WEATHER WAS OBSERVED.


RELATIVE HUMIDITY (PERCENT)
 HIGHEST   100           100 AM
 LOWEST     53           400 PM
 AVERAGE    77

..........................................................


THE WATERTOWN NY CLIMATE NORMALS FOR TODAY
                         NORMAL    RECORD    YEAR
 MAXIMUM TEMPERATURE (F)   50        71      2011
 MINIMUM TEMPERATURE (F)   32        13      2003


SUNRISE AND SUNSET
NOVEMBER  9 2017......SUNRISE   651 AM EST   SUNSET   444 PM EST
NOVEMBER 10 2017......SUNRISE   653 AM EST   SUNSET   443 PM EST


-  INDICATES NEGATIVE NUMBERS.
R  INDICATES RECORD WAS SET OR TIED.
MM INDICATES DATA IS MISSING.
T  INDICATES TRACE AMOUNT.




$$
