000
CDUS41 KBUF 221032
CLIART


CLIMATE REPORT
NATIONAL WEATHER SERVICE BUFFALO NY
630 AM EDT FRI AUG 22 2014


...................................

...THE WATERTOWN NY CLIMATE SUMMARY FOR AUGUST 21 2014...

CLIMATE NORMAL PERIOD 1981 TO 2010
CLIMATE RECORD PERIOD 1949 TO 2014


WEATHER ITEM   OBSERVED TIME   RECORD YEAR NORMAL DEPARTURE LAST
                VALUE   (LST)  VALUE       VALUE  FROM      YEAR
                                                  NORMAL
..................................................................
TEMPERATURE (F)
 YESTERDAY
  MAXIMUM         80    255 PM  86    1976  78      2       83
  MINIMUM         63   1151 PM  38    1969  56      7       65
  AVERAGE         72                        67      5       74

PRECIPITATION (IN)
  YESTERDAY        T             1.16 1994   0.10  -0.10     0.00
  MONTH TO DATE    2.78                      2.15   0.63     1.70
  SINCE JUN 1     10.72                      7.65   3.07    10.79
  SINCE JAN 1     29.32                     20.80   8.52    21.41

DEGREE DAYS
 HEATING
  YESTERDAY        0                         2     -2        0
  MONTH TO DATE   21                        23     -2       22
  SINCE JUN 1    102                       156    -54      136
  SINCE JUL 1     40                        49     -9       33

 COOLING
  YESTERDAY        7                         3      4        9
  MONTH TO DATE   59                        84    -25       57
  SINCE JUN 1    294                       285      9      355
  SINCE JAN 1    317                       296     21      387
..................................................................


WIND (MPH)
  HIGHEST WIND SPEED    16   HIGHEST WIND DIRECTION    SW (230)
  HIGHEST GUST SPEED    21   HIGHEST GUST DIRECTION    SW (230)
  AVERAGE WIND SPEED     4.2


SKY COVER
  AVERAGE SKY COVER 0.6


WEATHER CONDITIONS
 THE FOLLOWING WEATHER WAS RECORDED YESTERDAY.
  THUNDERSTORM
  LIGHT RAIN
  FOG
  FOG W/VISIBILITY <= 1/4 MILE
  HAZE


RELATIVE HUMIDITY (PERCENT)
 HIGHEST    87           100 AM
 LOWEST     64           500 PM
 AVERAGE    76

..........................................................


THE WATERTOWN NY CLIMATE NORMALS FOR TODAY
                         NORMAL    RECORD    YEAR
 MAXIMUM TEMPERATURE (F)   78        88      1974
 MINIMUM TEMPERATURE (F)   56        34      1988


SUNRISE AND SUNSET
AUGUST 22 2014........SUNRISE   616 AM EDT   SUNSET   757 PM EDT
AUGUST 23 2014........SUNRISE   617 AM EDT   SUNSET   755 PM EDT


-  INDICATES NEGATIVE NUMBERS.
R  INDICATES RECORD WAS SET OR TIED.
MM INDICATES DATA IS MISSING.
T  INDICATES TRACE AMOUNT.




$$
