000
CDUS41 KBUF 032133
CLIART


CLIMATE REPORT
NATIONAL WEATHER SERVICE BUFFALO NY
432 PM EST TUE JAN 3 2017


...................................

...THE WATERTOWN NY CLIMATE SUMMARY FOR JANUARY 3 2017...
VALID TODAY AS OF 0400 PM LOCAL TIME.

CLIMATE NORMAL PERIOD 1981 TO 2010
CLIMATE RECORD PERIOD 1949 TO 2017


WEATHER ITEM   OBSERVED TIME   RECORD YEAR NORMAL DEPARTURE LAST
                VALUE   (LST)  VALUE       VALUE  FROM      YEAR
                                                  NORMAL
..................................................................
TEMPERATURE (F)
 TODAY
  MAXIMUM         42   1243 PM  58    1950  30     12       37
  MINIMUM         35    801 AM -27    1981  11     24       11
  AVERAGE         39                        21     18       24

PRECIPITATION (IN)
  TODAY            0.14          1.38 1999   0.10   0.04      T
  MONTH TO DATE    0.17                      0.28  -0.11     0.20
  SINCE DEC 1      2.36                      3.43  -1.07     2.64
  SINCE JAN 1      0.17                      0.28  -0.11     0.20

DEGREE DAYS
 HEATING
  TODAY           26                        44    -18       41
  MONTH TO DATE   93                       132    -39      107
  SINCE DEC 1   1210                      1329   -119      887
  SINCE JUL 1   2552                      2928   -376     2254

 COOLING
  TODAY            0                         0      0        0
  MONTH TO DATE    0                         0      0        0
  SINCE DEC 1      0                         0      0        0
  SINCE JAN 1      0                         0      0        0
..................................................................


WIND (MPH)
  HIGHEST WIND SPEED     7   HIGHEST WIND DIRECTION     N (350)
  HIGHEST GUST SPEED     9   HIGHEST GUST DIRECTION    SE (120)
  AVERAGE WIND SPEED     2.7


SKY COVER
  AVERAGE SKY COVER 1.0


WEATHER CONDITIONS
 THE FOLLOWING WEATHER WAS RECORDED TODAY.
  RAIN
  LIGHT RAIN
  FOG


RELATIVE HUMIDITY (PERCENT)
 HIGHEST   100           700 AM
 LOWEST     70          1200 AM
 AVERAGE    85

..........................................................


THE WATERTOWN NY CLIMATE NORMALS FOR TOMORROW
                         NORMAL    RECORD    YEAR
 MAXIMUM TEMPERATURE (F)   30        61      1950
 MINIMUM TEMPERATURE (F)   11       -38      1981


SUNRISE AND SUNSET
JANUARY  3 2017.......SUNRISE   739 AM EST   SUNSET   439 PM EST
JANUARY  4 2017.......SUNRISE   739 AM EST   SUNSET   440 PM EST


-  INDICATES NEGATIVE NUMBERS.
R  INDICATES RECORD WAS SET OR TIED.
MM INDICATES DATA IS MISSING.
T  INDICATES TRACE AMOUNT.

$$
