000
CDUS41 KBUF 191016
CLIART


CLIMATE REPORT
NATIONAL WEATHER SERVICE BUFFALO NY
515 AM EST SAT NOV 19 2016


...................................

...THE WATERTOWN NY CLIMATE SUMMARY FOR NOVEMBER 18 2016...

CLIMATE NORMAL PERIOD 1981 TO 2010
CLIMATE RECORD PERIOD 1949 TO 2016


WEATHER ITEM   OBSERVED TIME   RECORD YEAR NORMAL DEPARTURE LAST
                VALUE   (LST)  VALUE       VALUE  FROM      YEAR
                                                  NORMAL
..................................................................
TEMPERATURE (F)
 YESTERDAY
  MAXIMUM         66    158 PM  71    1958  46     20       58
  MINIMUM         27    656 AM  12    1972  29     -2       39
  AVERAGE         47                        38      9       49

PRECIPITATION (IN)
  YESTERDAY        0.00          0.77 2014   0.13  -0.13      T
  MONTH TO DATE    0.68                      2.24  -1.56     1.11
  SINCE SEP 1      8.58                      9.61  -1.03     7.24
  SINCE JAN 1     27.61                     31.41  -3.80    24.59

DEGREE DAYS
 HEATING
  YESTERDAY       18                        27     -9       16
  MONTH TO DATE  384                       441    -57      326
  SINCE SEP 1    993                      1165   -172      981
  SINCE JUL 1   1004                      1237   -233     1036

 COOLING
  YESTERDAY        0                         0      0        0
  MONTH TO DATE    0                         0      0        0
  SINCE SEP 1     52                        38     14       82
  SINCE JAN 1    566                       362    204      388
..................................................................


WIND (MPH)
  HIGHEST WIND SPEED     8   HIGHEST WIND DIRECTION     S (160)
  HIGHEST GUST SPEED    13   HIGHEST GUST DIRECTION     S (160)
  AVERAGE WIND SPEED     3.9


SKY COVER
  AVERAGE SKY COVER 0.0


WEATHER CONDITIONS
 THE FOLLOWING WEATHER WAS RECORDED YESTERDAY.
  FOG
  HAZE


RELATIVE HUMIDITY (PERCENT)
 HIGHEST   100           100 AM
 LOWEST     34           200 PM
 AVERAGE    67

..........................................................


THE WATERTOWN NY CLIMATE NORMALS FOR TODAY
                         NORMAL    RECORD    YEAR
 MAXIMUM TEMPERATURE (F)   46        70      1985
 MINIMUM TEMPERATURE (F)   29        12      1984


SUNRISE AND SUNSET
NOVEMBER 19 2016......SUNRISE   705 AM EST   SUNSET   434 PM EST
NOVEMBER 20 2016......SUNRISE   706 AM EST   SUNSET   433 PM EST


-  INDICATES NEGATIVE NUMBERS.
R  INDICATES RECORD WAS SET OR TIED.
MM INDICATES DATA IS MISSING.
T  INDICATES TRACE AMOUNT.




$$
