000
CDUS41 KBUF 150705
CLIART


CLIMATE REPORT
NATIONAL WEATHER SERVICE BUFFALO NY
305 AM EDT FRI APR 15 2016


...................................

...THE WATERTOWN NY CLIMATE SUMMARY FOR APRIL 14 2016...

CLIMATE NORMAL PERIOD 1981 TO 2010
CLIMATE RECORD PERIOD 1949 TO 2016


WEATHER ITEM   OBSERVED TIME   RECORD YEAR NORMAL DEPARTURE LAST
                VALUE   (LST)  VALUE       VALUE  FROM      YEAR
                                                  NORMAL
..................................................................
TEMPERATURE (F)
 YESTERDAY
  MAXIMUM         55    405 PM  87    1968  54      1       58
  MINIMUM         21    430 AM  18    1973  33    -12       35
  AVERAGE         38                        43     -5       47

PRECIPITATION (IN)
  YESTERDAY        0.00          0.56 2002   0.10  -0.10     0.00
                                      2002
                                      2014
  MONTH TO DATE    0.81                      1.36  -0.55     1.14
  SINCE MAR 1      3.46                      3.66  -0.20     1.97
  SINCE JAN 1      9.27                      8.54   0.73     5.06

DEGREE DAYS
 HEATING
  YESTERDAY       27                        22      5       18
  MONTH TO DATE  432                       343     89      310
  SINCE MAR 1   1343                      1409    -66     1491
  SINCE JUL 1   5991                      6850   -859     7011

 COOLING
  YESTERDAY        0                         0      0        0
  MONTH TO DATE    0                         0      0        0
  SINCE MAR 1      0                         0      0        0
  SINCE JAN 1      0                         0      0        0
..................................................................


WIND (MPH)
  HIGHEST WIND SPEED    16   HIGHEST WIND DIRECTION     N (360)
  HIGHEST GUST SPEED    20   HIGHEST GUST DIRECTION     N (20)
  AVERAGE WIND SPEED     7.5


SKY COVER
  AVERAGE SKY COVER 0.0


WEATHER CONDITIONS
 THE FOLLOWING WEATHER WAS RECORDED YESTERDAY.
  NO SIGNIFICANT WEATHER WAS OBSERVED.


RELATIVE HUMIDITY (PERCENT)
 HIGHEST    92           400 AM
 LOWEST     24           200 PM
 AVERAGE    58

..........................................................


THE WATERTOWN NY CLIMATE NORMALS FOR TODAY
                         NORMAL    RECORD    YEAR
 MAXIMUM TEMPERATURE (F)   54        85      1994
 MINIMUM TEMPERATURE (F)   33        17      1992


SUNRISE AND SUNSET
APRIL 15 2016.........SUNRISE   620 AM EDT   SUNSET   749 PM EDT
APRIL 16 2016.........SUNRISE   618 AM EDT   SUNSET   750 PM EDT


-  INDICATES NEGATIVE NUMBERS.
R  INDICATES RECORD WAS SET OR TIED.
MM INDICATES DATA IS MISSING.
T  INDICATES TRACE AMOUNT.




$$
