000
CDUS41 KBUF 261021
CLIART


CLIMATE REPORT
NATIONAL WEATHER SERVICE BUFFALO NY
610 AM EDT WED AUG 26 2015


...................................

...THE WATERTOWN NY CLIMATE SUMMARY FOR AUGUST 25 2015...

CLIMATE NORMAL PERIOD 1981 TO 2010
CLIMATE RECORD PERIOD 1949 TO 2015


WEATHER ITEM   OBSERVED TIME   RECORD YEAR NORMAL DEPARTURE LAST
                VALUE   (LST)  VALUE       VALUE  FROM      YEAR
                                                  NORMAL
..................................................................
TEMPERATURE (F)
 YESTERDAY
  MAXIMUM         73    111 PM  90    1975  77     -4       81
  MINIMUM         56    835 PM  36    1989  55      1       55
  AVERAGE         65                        66     -1       68

PRECIPITATION (IN)
  YESTERDAY        0.00          1.85 1982   0.10  -0.10     0.00
  MONTH TO DATE    2.63                      2.55   0.08     5.10
  SINCE JUN 1      9.93                      8.05   1.88    13.04
  SINCE JAN 1     17.33                     21.20  -3.87    31.64

DEGREE DAYS
 HEATING
  YESTERDAY        0                         2     -2        0
  MONTH TO DATE    7                        31    -24       21
  SINCE JUN 1    161                       164     -3      102
  SINCE JUL 1     45                        57    -12       40

 COOLING
  YESTERDAY        0                         3     -3        3
  MONTH TO DATE   98                        96      2       73
  SINCE JUN 1    252                       297    -45      308
  SINCE JAN 1    298                       308    -10      331
..................................................................


WIND (MPH)
  HIGHEST WIND SPEED    18   HIGHEST WIND DIRECTION     W (250)
  HIGHEST GUST SPEED    25   HIGHEST GUST DIRECTION     W (260)
  AVERAGE WIND SPEED     7.2


SKY COVER
  AVERAGE SKY COVER 0.5


WEATHER CONDITIONS
 THE FOLLOWING WEATHER WAS RECORDED YESTERDAY.
  NO SIGNIFICANT WEATHER WAS OBSERVED.


RELATIVE HUMIDITY (PERCENT)
 HIGHEST    86           900 PM
 LOWEST     61           900 AM
 AVERAGE    74

..........................................................


THE WATERTOWN NY CLIMATE NORMALS FOR TODAY
                         NORMAL    RECORD    YEAR
 MAXIMUM TEMPERATURE (F)   77        87      2012
                                             1993
 MINIMUM TEMPERATURE (F)   55        39      1981


SUNRISE AND SUNSET
AUGUST 26 2015........SUNRISE   620 AM EDT   SUNSET   751 PM EDT
AUGUST 27 2015........SUNRISE   621 AM EDT   SUNSET   749 PM EDT


-  INDICATES NEGATIVE NUMBERS.
R  INDICATES RECORD WAS SET OR TIED.
MM INDICATES DATA IS MISSING.
T  INDICATES TRACE AMOUNT.




$$
