000
CDUS41 KBUF 012117
CLIART


CLIMATE REPORT
NATIONAL WEATHER SERVICE BUFFALO NY
416 PM EST SUN JAN 1 2017


...................................

...THE WATERTOWN NY CLIMATE SUMMARY FOR JANUARY 1 2017...
VALID TODAY AS OF 400 PM LOCAL TIME.

CLIMATE NORMAL PERIOD 1981 TO 2010
CLIMATE RECORD PERIOD 1949 TO 2016


WEATHER ITEM   OBSERVED TIME   RECORD YEAR NORMAL DEPARTURE LAST
                VALUE   (LST)  VALUE       VALUE  FROM      YEAR
                                                  NORMAL
..................................................................
TEMPERATURE (F)
 TODAY
  MAXIMUM         36    228 AM  58    2011  31      5       36
                                      1966
  MINIMUM         31    826 AM -27    1999  12     19       30
  AVERAGE         34                        21     13       33

PRECIPITATION (IN)
  TODAY            0.03          0.81 1961   0.09  -0.06     0.04
  MONTH TO DATE    0.03                      0.09  -0.06     0.04
  SINCE DEC 1      2.22                      3.24  -1.02     2.48
  SINCE JAN 1      0.03                      0.09  -0.06     0.04

DEGREE DAYS
 HEATING
  TODAY           31                        44    -13       32
  MONTH TO DATE   31                        44    -13       32
  SINCE DEC 1   1148                      1241    -93      812
  SINCE JUL 1   2490                      2840   -350     2179

 COOLING
  TODAY            0                         0      0        0
  MONTH TO DATE    0                         0      0        0
  SINCE DEC 1      0                         0      0        0
  SINCE JAN 1      0                         0      0        0
..................................................................


WIND (MPH)
  HIGHEST WIND SPEED    25   HIGHEST WIND DIRECTION     W (260)
  HIGHEST GUST SPEED    36   HIGHEST GUST DIRECTION     W (260)
  AVERAGE WIND SPEED    11.8


SKY COVER
  AVERAGE SKY COVER 0.6


WEATHER CONDITIONS
 THE FOLLOWING WEATHER WAS RECORDED TODAY.
  LIGHT RAIN
  LIGHT SNOW
  FOG


RELATIVE HUMIDITY (PERCENT)
 HIGHEST   100          1200 AM
 LOWEST     61          1000 AM
 AVERAGE    81

..........................................................


THE WATERTOWN NY CLIMATE NORMALS FOR TOMORROW
                         NORMAL    RECORD    YEAR
 MAXIMUM TEMPERATURE (F)   30        55      2000
 MINIMUM TEMPERATURE (F)   12       -30      1999


SUNRISE AND SUNSET
JANUARY  1 2017.......SUNRISE   739 AM EST   SUNSET   437 PM EST
JANUARY  2 2017.......SUNRISE   739 AM EST   SUNSET   438 PM EST


-  INDICATES NEGATIVE NUMBERS.
R  INDICATES RECORD WAS SET OR TIED.
MM INDICATES DATA IS MISSING.
T  INDICATES TRACE AMOUNT.




$$
