000
CDUS41 KBUF 130705
CLIART


CLIMATE REPORT
NATIONAL WEATHER SERVICE BUFFALO NY
305 AM EDT WED AUG 13 2014


...................................

...THE WATERTOWN NY CLIMATE SUMMARY FOR AUGUST 12 2014...

CLIMATE NORMAL PERIOD 1981 TO 2010
CLIMATE RECORD PERIOD 1949 TO 2014


WEATHER ITEM   OBSERVED TIME   RECORD YEAR NORMAL DEPARTURE LAST
                VALUE   (LST)  VALUE       VALUE  FROM      YEAR
                                                  NORMAL
..................................................................
TEMPERATURE (F)
 YESTERDAY
  MAXIMUM         75    438 PM  87    2002  79     -4       76
  MINIMUM         65    750 AM  39    2006  57      8       60
  AVERAGE         70                        68      2       68

PRECIPITATION (IN)
  YESTERDAY        0.38          1.27 1980   0.10   0.28      T
  MONTH TO DATE    1.13                      1.22  -0.09     1.57
  SINCE JUN 1      9.07                      6.72   2.35    10.66
  SINCE JAN 1     27.67                     19.87   7.80    21.28

DEGREE DAYS
 HEATING
  YESTERDAY        0                         1     -1        0
  MONTH TO DATE    2                        12    -10       13
  SINCE JUN 1     83                       145    -62      127
  SINCE JUL 1     21                        38    -17       24

 COOLING
  YESTERDAY        5                         4      1        3
  MONTH TO DATE   47                        51     -4       36
  SINCE JUN 1    282                       252     30      334
  SINCE JAN 1    305                       263     42      366
..................................................................


WIND (MPH)
  HIGHEST WIND SPEED    22   HIGHEST WIND DIRECTION     S (160)
  HIGHEST GUST SPEED    35   HIGHEST GUST DIRECTION     S (160)
  AVERAGE WIND SPEED    12.8


SKY COVER
  AVERAGE SKY COVER 0.8


WEATHER CONDITIONS
 THE FOLLOWING WEATHER WAS RECORDED YESTERDAY.
  HEAVY RAIN
  RAIN
  LIGHT RAIN


RELATIVE HUMIDITY (PERCENT)
 HIGHEST    78           800 AM
 LOWEST     49           400 AM
 AVERAGE    64

..........................................................


THE WATERTOWN NY CLIMATE NORMALS FOR TODAY
                         NORMAL    RECORD    YEAR
 MAXIMUM TEMPERATURE (F)   79        88      1988
 MINIMUM TEMPERATURE (F)   57        39      1979


SUNRISE AND SUNSET
AUGUST 13 2014........SUNRISE   606 AM EDT   SUNSET   811 PM EDT
AUGUST 14 2014........SUNRISE   607 AM EDT   SUNSET   810 PM EDT


-  INDICATES NEGATIVE NUMBERS.
R  INDICATES RECORD WAS SET OR TIED.
MM INDICATES DATA IS MISSING.
T  INDICATES TRACE AMOUNT.




$$
