000
CDUS41 KBUF 141021
CLIART


CLIMATE REPORT
NATIONAL WEATHER SERVICE BUFFALO NY
620 AM EDT TUE OCT 14 2014


...................................

...THE WATERTOWN NY CLIMATE SUMMARY FOR OCTOBER 13 2014...

CLIMATE NORMAL PERIOD 1981 TO 2010
CLIMATE RECORD PERIOD 1949 TO 2014


WEATHER ITEM   OBSERVED TIME   RECORD YEAR NORMAL DEPARTURE LAST
                VALUE   (LST)  VALUE       VALUE  FROM      YEAR
                                                  NORMAL
..................................................................
TEMPERATURE (F)
 YESTERDAY
  MAXIMUM         67    245 PM  84    1983  59      8       72
  MINIMUM         35   1255 AM  22    2012  39     -4       48
  AVERAGE         51                        49      2       60

PRECIPITATION (IN)
  YESTERDAY        0.00          1.23 2005   0.12  -0.12     0.06
  MONTH TO DATE    1.71                      1.64   0.07     1.58
  SINCE SEP 1      3.29                      5.36  -2.07     4.40
  SINCE JAN 1     35.55                     27.16   8.39    26.20

DEGREE DAYS
 HEATING
  YESTERDAY       14                        16     -2        5
  MONTH TO DATE  130                       182    -52      102
  SINCE SEP 1    306                       384    -78      333
  SINCE JUL 1    356                       456   -100      376

 COOLING
  YESTERDAY        0                         0      0        0
  MONTH TO DATE    3                         0      3        0
  SINCE SEP 1     59                        35     24       48
  SINCE JAN 1    419                       359     60      481
..................................................................


WIND (MPH)
  HIGHEST WIND SPEED    12   HIGHEST WIND DIRECTION     S (170)
  HIGHEST GUST SPEED    19   HIGHEST GUST DIRECTION     S (160)
  AVERAGE WIND SPEED     4.9


SKY COVER
  AVERAGE SKY COVER 0.5


WEATHER CONDITIONS
 THE FOLLOWING WEATHER WAS RECORDED YESTERDAY.
  NO SIGNIFICANT WEATHER WAS OBSERVED.


RELATIVE HUMIDITY (PERCENT)
 HIGHEST    82          1200 AM
 LOWEST     55          1000 AM
 AVERAGE    69

..........................................................


THE WATERTOWN NY CLIMATE NORMALS FOR TODAY
                         NORMAL    RECORD    YEAR
 MAXIMUM TEMPERATURE (F)   59        82      1954
 MINIMUM TEMPERATURE (F)   39        22      1991


SUNRISE AND SUNSET
OCTOBER 14 2014.......SUNRISE   717 AM EDT   SUNSET   622 PM EDT
OCTOBER 15 2014.......SUNRISE   719 AM EDT   SUNSET   620 PM EDT


-  INDICATES NEGATIVE NUMBERS.
R  INDICATES RECORD WAS SET OR TIED.
MM INDICATES DATA IS MISSING.
T  INDICATES TRACE AMOUNT.




$$
