000
CDUS41 KBUF 102030
CLIART


CLIMATE REPORT
NATIONAL WEATHER SERVICE BUFFALO NY
429 PM EDT WED AUG 10 2016


...................................

...THE WATERTOWN NY CLIMATE SUMMARY FOR AUGUST 10 2016...
VALID TODAY AS OF 0400 PM LOCAL TIME.

CLIMATE NORMAL PERIOD 1981 TO 2010
CLIMATE RECORD PERIOD 1949 TO 2016


WEATHER ITEM   OBSERVED TIME   RECORD YEAR NORMAL DEPARTURE LAST
                VALUE   (LST)  VALUE       VALUE  FROM      YEAR
                                                  NORMAL
..................................................................
TEMPERATURE (F)
 TODAY
  MAXIMUM         84    257 PM  94    1970  79      5       84
  MINIMUM         72    639 AM  43    1983  57     15       54
  AVERAGE         78                        68     10       69

PRECIPITATION (IN)
  TODAY            T             1.89 1957   0.11  -0.11     0.11
  MONTH TO DATE    0.53                      1.01  -0.48     0.78
  SINCE JUN 1      4.53                      6.51  -1.98     8.08
  SINCE JAN 1     15.53                     19.66  -4.13    15.48

DEGREE DAYS
 HEATING
  TODAY            0                         1     -1        0
  MONTH TO DATE    0                        10    -10        5
  SINCE JUN 1    103                       143    -40      159
  SINCE JUL 1      5                        36    -31       43

 COOLING
  TODAY           13                         4      9        4
  MONTH TO DATE   86                        43     43       25
  SINCE JUN 1    335                       244     91      179
  SINCE JAN 1    365                       255    110      225
..................................................................


WIND (MPH)
  HIGHEST WIND SPEED    17   HIGHEST WIND DIRECTION     W (270)
  HIGHEST GUST SPEED    21   HIGHEST GUST DIRECTION     W (270)
  AVERAGE WIND SPEED    10.0


SKY COVER
  AVERAGE SKY COVER 0.5


WEATHER CONDITIONS
 THE FOLLOWING WEATHER WAS RECORDED TODAY.
  LIGHT RAIN


RELATIVE HUMIDITY (PERCENT)
 HIGHEST    84           800 AM
 LOWEST     54          1200 AM
 AVERAGE    69

..........................................................


THE WATERTOWN NY CLIMATE NORMALS FOR TOMORROW
                         NORMAL    RECORD    YEAR
 MAXIMUM TEMPERATURE (F)   79        92      1970
 MINIMUM TEMPERATURE (F)   57        42      1972


SUNRISE AND SUNSET
AUGUST 10 2016........SUNRISE   603 AM EDT   SUNSET   815 PM EDT
AUGUST 11 2016........SUNRISE   604 AM EDT   SUNSET   814 PM EDT


-  INDICATES NEGATIVE NUMBERS.
R  INDICATES RECORD WAS SET OR TIED.
MM INDICATES DATA IS MISSING.
T  INDICATES TRACE AMOUNT.

$$
