000
CDUS41 KBUF 251011
CLIART


CLIMATE REPORT
NATIONAL WEATHER SERVICE BUFFALO NY
511 AM EST WED FEB 25 2015


...................................

...THE WATERTOWN NY CLIMATE SUMMARY FOR FEBRUARY 24 2015...

CLIMATE NORMAL PERIOD 1981 TO 2010
CLIMATE RECORD PERIOD 1949 TO 2015


WEATHER ITEM   OBSERVED TIME   RECORD YEAR NORMAL DEPARTURE LAST
                VALUE   (LST)  VALUE       VALUE  FROM      YEAR
                                                  NORMAL
..................................................................
TEMPERATURE (F)
 YESTERDAY
  MAXIMUM         23    929 PM  53    1975  34    -11       24
  MINIMUM         -4    328 AM -19    1993  13    -17       17
  AVERAGE         10                        23    -13       21

PRECIPITATION (IN)
  YESTERDAY        T             0.86 1985   0.08  -0.08     0.00
  MONTH TO DATE    1.16                      1.89  -0.73     2.99
  SINCE DEC 1      4.75                      7.70  -2.95     9.09
  SINCE JAN 1      3.03                      4.55  -1.52     6.68

DEGREE DAYS
 HEATING
  YESTERDAY       55                        42     13       44
  MONTH TO DATE 1395                      1066    329     1112
  SINCE DEC 1   3919                      3678    241     3871
  SINCE JUL 1   5272                      5277     -5     5446

 COOLING
  YESTERDAY        0                         0      0        0
  MONTH TO DATE    0                         0      0        0
  SINCE DEC 1      0                         0      0        0
  SINCE JAN 1      0                         0      0        0
..................................................................


WIND (MPH)
  HIGHEST WIND SPEED    21   HIGHEST WIND DIRECTION     S (190)
  HIGHEST GUST SPEED    31   HIGHEST GUST DIRECTION     S (180)
  AVERAGE WIND SPEED    10.9


SKY COVER
  AVERAGE SKY COVER 0.4


WEATHER CONDITIONS
 THE FOLLOWING WEATHER WAS RECORDED YESTERDAY.
  LIGHT SNOW
  HAZE


RELATIVE HUMIDITY (PERCENT)
 HIGHEST    72           600 AM
 LOWEST     25           200 PM
 AVERAGE    49

..........................................................


THE WATERTOWN NY CLIMATE NORMALS FOR TODAY
                         NORMAL    RECORD    YEAR
 MAXIMUM TEMPERATURE (F)   34        62      1976
 MINIMUM TEMPERATURE (F)   13       -29      1993


SUNRISE AND SUNSET
FEBRUARY 25 2015......SUNRISE   648 AM EST   SUNSET   547 PM EST
FEBRUARY 26 2015......SUNRISE   646 AM EST   SUNSET   548 PM EST


-  INDICATES NEGATIVE NUMBERS.
R  INDICATES RECORD WAS SET OR TIED.
MM INDICATES DATA IS MISSING.
T  INDICATES TRACE AMOUNT.




$$
