470
CDUS41 KBUF 211027
CLIART


CLIMATE REPORT
NATIONAL WEATHER SERVICE BUFFALO NY
626 AM EDT SAT MAY 21 2016


...................................

...THE WATERTOWN NY CLIMATE SUMMARY FOR MAY 20 2016...

CLIMATE NORMAL PERIOD 1981 TO 2010
CLIMATE RECORD PERIOD 1949 TO 2016


WEATHER ITEM   OBSERVED TIME   RECORD YEAR NORMAL DEPARTURE LAST
                VALUE   (LST)  VALUE       VALUE  FROM      YEAR
                                                  NORMAL
..................................................................
TEMPERATURE (F)
 YESTERDAY
  MAXIMUM         67    420 PM  86    1962  67      0       54
  MINIMUM         36    354 AM  28    2002  45     -9       40
  AVERAGE         52                        56     -4       47

PRECIPITATION (IN)
  YESTERDAY        0.00          1.15 1988   0.11  -0.11      T
  MONTH TO DATE    1.40                      1.92  -0.52     0.65
  SINCE MAR 1      5.19                      7.12  -1.93     3.17
  SINCE JAN 1     11.00                     12.00  -1.00     6.26

DEGREE DAYS
 HEATING
  YESTERDAY       13                        10      3       18
  MONTH TO DATE  297                       246     51      142
  SINCE MAR 1   1965                      1948     17     1950
  SINCE JUL 1   6613                      7389   -776     7470

 COOLING
  YESTERDAY        0                         0      0        0
  MONTH TO DATE    0                         0      0       18
  SINCE MAR 1      0                         1     -1       18
  SINCE JAN 1      0                         1     -1       18
..................................................................


WIND (MPH)
  HIGHEST WIND SPEED    14   HIGHEST WIND DIRECTION     W (280)
  HIGHEST GUST SPEED    16   HIGHEST GUST DIRECTION     W (270)
  AVERAGE WIND SPEED     5.2


SKY COVER
  AVERAGE SKY COVER 0.0


WEATHER CONDITIONS
 THE FOLLOWING WEATHER WAS RECORDED YESTERDAY.
  NO SIGNIFICANT WEATHER WAS OBSERVED.


RELATIVE HUMIDITY (PERCENT)
 HIGHEST    93          1200 AM
 LOWEST     32           400 PM
 AVERAGE    63

..........................................................


THE WATERTOWN NY CLIMATE NORMALS FOR TODAY
                         NORMAL    RECORD    YEAR
 MAXIMUM TEMPERATURE (F)   67        83      2012
                                             1953
 MINIMUM TEMPERATURE (F)   45        30      1964


SUNRISE AND SUNSET
MAY 21 2016...........SUNRISE   532 AM EDT   SUNSET   830 PM EDT
MAY 22 2016...........SUNRISE   531 AM EDT   SUNSET   831 PM EDT


-  INDICATES NEGATIVE NUMBERS.
R  INDICATES RECORD WAS SET OR TIED.
MM INDICATES DATA IS MISSING.
T  INDICATES TRACE AMOUNT.

$$
