000
CDUS41 KBUF 010705
CLIART


CLIMATE REPORT
NATIONAL WEATHER SERVICE BUFFALO NY
205 AM EST SUN JAN 1 2017


...................................

...THE WATERTOWN NY CLIMATE SUMMARY FOR DECEMBER 31 2016...

CLIMATE NORMAL PERIOD 1981 TO 2010
CLIMATE RECORD PERIOD 1949 TO 2016


WEATHER ITEM   OBSERVED TIME   RECORD YEAR NORMAL DEPARTURE LAST
                VALUE   (LST)  VALUE       VALUE  FROM      YEAR
                                                  NORMAL
..................................................................
TEMPERATURE (F)
 YESTERDAY
  MAXIMUM         40    625 PM  60    1965  31      9       37
  MINIMUM         16    202 AM -21    1963  12      4       34
  AVERAGE         28                        22      6       36

PRECIPITATION (IN)
  YESTERDAY        0.11          0.57 2004   0.09   0.02     0.03
  MONTH TO DATE    2.19                      3.15  -0.96     2.44
  SINCE DEC 1      2.19                      3.15  -0.96     2.44
  SINCE JAN 1     30.52                     36.08  -5.56    28.03

DEGREE DAYS
 HEATING
  YESTERDAY       37                        43     -6       29
  MONTH TO DATE 1117                      1196    -79      780
  SINCE DEC 1   1117                      1197    -80      780
  SINCE JUL 1   2459                      2796   -337     2147

 COOLING
  YESTERDAY        0                         0      0        0
  MONTH TO DATE    0                         0      0        0
  SINCE DEC 1      0                         0      0        0
  SINCE JAN 1    566                       362    204      388
..................................................................


WIND (MPH)
  HIGHEST WIND SPEED    23   HIGHEST WIND DIRECTION    SW (210)
  HIGHEST GUST SPEED    34   HIGHEST GUST DIRECTION     S (180)
  AVERAGE WIND SPEED    10.4


SKY COVER
  AVERAGE SKY COVER 0.9


WEATHER CONDITIONS
 THE FOLLOWING WEATHER WAS RECORDED YESTERDAY.
  LIGHT RAIN
  LIGHT SNOW
  FOG
  HAZE


RELATIVE HUMIDITY (PERCENT)
 HIGHEST   100           900 PM
 LOWEST     48           500 PM
 AVERAGE    74

..........................................................


THE WATERTOWN NY CLIMATE NORMALS FOR TODAY
                         NORMAL    RECORD    YEAR
 MAXIMUM TEMPERATURE (F)   31        58      2011
                                             1966
 MINIMUM TEMPERATURE (F)   12       -27      1999


SUNRISE AND SUNSET
JANUARY  1 2017.......SUNRISE   739 AM EST   SUNSET   437 PM EST
JANUARY  2 2017.......SUNRISE   739 AM EST   SUNSET   438 PM EST


-  INDICATES NEGATIVE NUMBERS.
R  INDICATES RECORD WAS SET OR TIED.
MM INDICATES DATA IS MISSING.
T  INDICATES TRACE AMOUNT.




$$
