000
CDUS41 KBUF 191031
CLIART


CLIMATE REPORT
NATIONAL WEATHER SERVICE BUFFALO NY
530 AM EST THU FEB 19 2015


...................................

...THE WATERTOWN NY CLIMATE SUMMARY FOR FEBRUARY 18 2015...

CLIMATE NORMAL PERIOD 1981 TO 2010
CLIMATE RECORD PERIOD 1949 TO 2015


WEATHER ITEM   OBSERVED TIME   RECORD YEAR NORMAL DEPARTURE LAST
                VALUE   (LST)  VALUE       VALUE  FROM      YEAR
                                                  NORMAL
..................................................................
TEMPERATURE (F)
 YESTERDAY
  MAXIMUM         24    336 PM  57    1981  32     -8       34
  MINIMUM         10    608 AM -30    1979  11     -1        9
  AVERAGE         17                        22     -5       22

PRECIPITATION (IN)
  YESTERDAY        0.01          0.38 1992   0.08  -0.07     0.06
  MONTH TO DATE    1.07                      1.41  -0.34     1.96
  SINCE DEC 1      4.66                      7.22  -2.56     8.06
  SINCE JAN 1      2.94                      4.07  -1.13     5.65

DEGREE DAYS
 HEATING
  YESTERDAY       48                        43      5       43
  MONTH TO DATE 1059                       811    248      923
  SINCE DEC 1   3583                      3423    160     3682
  SINCE JUL 1   4936                      5022    -86     5257

 COOLING
  YESTERDAY        0                         0      0        0
  MONTH TO DATE    0                         0      0        0
  SINCE DEC 1      0                         0      0        0
  SINCE JAN 1      0                         0      0        0
..................................................................


WIND (MPH)
  HIGHEST WIND SPEED    16   HIGHEST WIND DIRECTION    SW (220)
  HIGHEST GUST SPEED    22   HIGHEST GUST DIRECTION    SW (220)
  AVERAGE WIND SPEED     6.6


SKY COVER
  AVERAGE SKY COVER 0.7


WEATHER CONDITIONS
 THE FOLLOWING WEATHER WAS RECORDED YESTERDAY.
  LIGHT SNOW
  FOG
  HAZE


RELATIVE HUMIDITY (PERCENT)
 HIGHEST    84           800 PM
 LOWEST     43           900 AM
 AVERAGE    64

..........................................................


THE WATERTOWN NY CLIMATE NORMALS FOR TODAY
                         NORMAL    RECORD    YEAR
 MAXIMUM TEMPERATURE (F)   33        60      1994
 MINIMUM TEMPERATURE (F)   11       -35      2007


SUNRISE AND SUNSET
FEBRUARY 19 2015......SUNRISE   658 AM EST   SUNSET   539 PM EST
FEBRUARY 20 2015......SUNRISE   656 AM EST   SUNSET   540 PM EST


-  INDICATES NEGATIVE NUMBERS.
R  INDICATES RECORD WAS SET OR TIED.
MM INDICATES DATA IS MISSING.
T  INDICATES TRACE AMOUNT.




$$
