000
CDUS41 KBUF 110705
CLIART


CLIMATE REPORT
NATIONAL WEATHER SERVICE BUFFALO NY
305 AM EDT WED MAY 11 2016


...................................

...THE WATERTOWN NY CLIMATE SUMMARY FOR MAY 10 2016...

CLIMATE NORMAL PERIOD 1981 TO 2010
CLIMATE RECORD PERIOD 1949 TO 2016


WEATHER ITEM   OBSERVED TIME   RECORD YEAR NORMAL DEPARTURE LAST
                VALUE   (LST)  VALUE       VALUE  FROM      YEAR
                                                  NORMAL
..................................................................
TEMPERATURE (F)
 YESTERDAY
  MAXIMUM         60    320 PM  84    2005  64     -4       80
  MINIMUM         26    439 AM  25    1966  42    -16       57
  AVERAGE         43                        53    -10       69

PRECIPITATION (IN)
  YESTERDAY        0.00          0.96 1996   0.09  -0.09     0.03
  MONTH TO DATE    0.95                      0.92   0.03     0.09
  SINCE MAR 1      4.74                      6.12  -1.38     2.61
  SINCE JAN 1     10.55                     11.00  -0.45     5.70

DEGREE DAYS
 HEATING
  YESTERDAY       22                        12     10        0
  MONTH TO DATE  164                       138     26       55
  SINCE MAR 1   1832                      1840     -8     1863
  SINCE JUL 1   6480                      7281   -801     7383

 COOLING
  YESTERDAY        0                         0      0        4
  MONTH TO DATE    0                         0      0       13
  SINCE MAR 1      0                         1     -1       13
  SINCE JAN 1      0                         1     -1       13
..................................................................


WIND (MPH)
  HIGHEST WIND SPEED    12   HIGHEST WIND DIRECTION    SW (230)
  HIGHEST GUST SPEED    16   HIGHEST GUST DIRECTION     W (280)
  AVERAGE WIND SPEED     4.6


SKY COVER
  AVERAGE SKY COVER 0.0


WEATHER CONDITIONS
 THE FOLLOWING WEATHER WAS RECORDED YESTERDAY.
  HAZE


RELATIVE HUMIDITY (PERCENT)
 HIGHEST   100           500 AM
 LOWEST     32           300 PM
 AVERAGE    66

..........................................................


THE WATERTOWN NY CLIMATE NORMALS FOR TODAY
                         NORMAL    RECORD    YEAR
 MAXIMUM TEMPERATURE (F)   65        84      1979
 MINIMUM TEMPERATURE (F)   42        23      1966


SUNRISE AND SUNSET
MAY 11 2016...........SUNRISE   542 AM EDT   SUNSET   820 PM EDT
MAY 12 2016...........SUNRISE   541 AM EDT   SUNSET   821 PM EDT


-  INDICATES NEGATIVE NUMBERS.
R  INDICATES RECORD WAS SET OR TIED.
MM INDICATES DATA IS MISSING.
T  INDICATES TRACE AMOUNT.




$$
