000
CDUS41 KBUF 181024
CLIART


CLIMATE REPORT
NATIONAL WEATHER SERVICE BUFFALO NY
513 AM EST SUN JAN 18 2015


...................................

...THE WATERTOWN NY CLIMATE SUMMARY FOR JANUARY 17 2015...

CLIMATE NORMAL PERIOD 1981 TO 2010
CLIMATE RECORD PERIOD 1949 TO 2015


WEATHER ITEM   OBSERVED TIME   RECORD YEAR NORMAL DEPARTURE LAST
                VALUE   (LST)  VALUE       VALUE  FROM      YEAR
                                                  NORMAL
..................................................................
TEMPERATURE (F)
 YESTERDAY
  MAXIMUM         31   1159 PM  52    1990  29      2       37
  MINIMUM        -20    757 AM -25    1971   9    -29       25
  AVERAGE          6                        19    -13       31

PRECIPITATION (IN)
  YESTERDAY        0.00          0.85 1997   0.09  -0.09      T
  MONTH TO DATE    1.72                      1.53   0.19     2.67
  SINCE DEC 1      3.44                      4.68  -1.24     5.08
  SINCE JAN 1      1.72                      1.53   0.19     2.67

DEGREE DAYS
 HEATING
  YESTERDAY       59                        46     13       34
  MONTH TO DATE  838                       767     71      705
  SINCE DEC 1   1826                      1964   -138     1967
  SINCE JUL 1   3179                      3563   -384     3542

 COOLING
  YESTERDAY        0                         0      0        0
  MONTH TO DATE    0                         0      0        0
  SINCE DEC 1      0                         0      0        0
  SINCE JAN 1      0                         0      0        0
..................................................................


WIND (MPH)
  HIGHEST WIND SPEED    22   HIGHEST WIND DIRECTION     S (170)
  HIGHEST GUST SPEED    36   HIGHEST GUST DIRECTION     S (180)
  AVERAGE WIND SPEED     5.9


SKY COVER
  AVERAGE SKY COVER 0.1


WEATHER CONDITIONS
 THE FOLLOWING WEATHER WAS RECORDED YESTERDAY.
  NO SIGNIFICANT WEATHER WAS OBSERVED.


RELATIVE HUMIDITY (PERCENT)
 HIGHEST    78          1200 AM
 LOWEST     45           400 PM
 AVERAGE    62

..........................................................


THE WATERTOWN NY CLIMATE NORMALS FOR TODAY
                         NORMAL    RECORD    YEAR
 MAXIMUM TEMPERATURE (F)   29        59      1973
 MINIMUM TEMPERATURE (F)    9       -30      1997


SUNRISE AND SUNSET
JANUARY 18 2015.......SUNRISE   734 AM EST   SUNSET   455 PM EST
JANUARY 19 2015.......SUNRISE   733 AM EST   SUNSET   457 PM EST


-  INDICATES NEGATIVE NUMBERS.
R  INDICATES RECORD WAS SET OR TIED.
MM INDICATES DATA IS MISSING.
T  INDICATES TRACE AMOUNT.




$$
