000
CDUS41 KBUF 071018
CLIART


CLIMATE REPORT
NATIONAL WEATHER SERVICE BUFFALO NY
617 AM EDT SAT OCT 7 2017


...................................

...THE WATERTOWN NY CLIMATE SUMMARY FOR OCTOBER 6 2017...

CLIMATE NORMAL PERIOD 1981 TO 2010
CLIMATE RECORD PERIOD 1949 TO 2017


WEATHER ITEM   OBSERVED TIME   RECORD YEAR NORMAL DEPARTURE LAST
                VALUE   (LST)  VALUE       VALUE  FROM      YEAR
                                                  NORMAL
..................................................................
TEMPERATURE (F)
 YESTERDAY
  MAXIMUM         64    417 PM  82    1990  62      2       70
  MINIMUM         50    240 AM  19    1984  41      9       45
  AVERAGE         57                        52      5       58

PRECIPITATION (IN)
  YESTERDAY        0.04          1.48 1995   0.13  -0.09     0.00
  MONTH TO DATE    1.24                      0.76   0.48     0.85
  SINCE SEP 1      2.53                      4.48  -1.95     3.30
  SINCE JAN 1     33.26                     26.28   6.98    22.33

DEGREE DAYS
 HEATING
  YESTERDAY        8                        14     -6        7
  MONTH TO DATE   55                        77    -22       36
  SINCE SEP 1    202                       279    -77      180
  SINCE JUL 1    272                       351    -79      191

 COOLING
  YESTERDAY        0                         0      0        0
  MONTH TO DATE    1                         0      1        0
  SINCE SEP 1     54                        35     19       47
  SINCE JAN 1    384                       359     25      561
..................................................................


WIND (MPH)
  HIGHEST WIND SPEED     9   HIGHEST WIND DIRECTION    SW (220)
  HIGHEST GUST SPEED    12   HIGHEST GUST DIRECTION    SW (230)
  AVERAGE WIND SPEED     2.0


SKY COVER
  AVERAGE SKY COVER 0.9


WEATHER CONDITIONS
 THE FOLLOWING WEATHER WAS RECORDED YESTERDAY.
  LIGHT RAIN
  FOG


RELATIVE HUMIDITY (PERCENT)
 HIGHEST   100           400 AM
 LOWEST     75          1200 AM
 AVERAGE    88

..........................................................


THE WATERTOWN NY CLIMATE NORMALS FOR TODAY
                         NORMAL    RECORD    YEAR
 MAXIMUM TEMPERATURE (F)   62        83      1955
 MINIMUM TEMPERATURE (F)   41        19      1999


SUNRISE AND SUNSET
OCTOBER  7 2017.......SUNRISE   709 AM EDT   SUNSET   634 PM EDT
OCTOBER  8 2017.......SUNRISE   710 AM EDT   SUNSET   632 PM EDT


-  INDICATES NEGATIVE NUMBERS.
R  INDICATES RECORD WAS SET OR TIED.
MM INDICATES DATA IS MISSING.
T  INDICATES TRACE AMOUNT.

$$
