000
CDUS41 KBUF 272039
CLIART


CLIMATE REPORT
NATIONAL WEATHER SERVICE BUFFALO NY
438 PM EDT FRI MAY 27 2016


...................................

...THE WATERTOWN NY CLIMATE SUMMARY FOR MAY 27 2016...
VALID TODAY AS OF 0400 PM LOCAL TIME.

CLIMATE NORMAL PERIOD 1981 TO 2010
CLIMATE RECORD PERIOD 1949 TO 2016


WEATHER ITEM   OBSERVED TIME   RECORD YEAR NORMAL DEPARTURE LAST
                VALUE   (LST)  VALUE       VALUE  FROM      YEAR
                                                  NORMAL
..................................................................
TEMPERATURE (F)
 TODAY
  MAXIMUM         81    259 PM  87    1960  69     12       80
  MINIMUM         56    321 AM  32    1969  47      9       63
  AVERAGE         69                        58     11       72

PRECIPITATION (IN)
  TODAY            0.00          1.09 2009   0.11  -0.11     0.01
  MONTH TO DATE    1.40                      2.66  -1.26     0.98
  SINCE MAR 1      5.19                      7.86  -2.67     3.50
  SINCE JAN 1     11.00                     12.74  -1.74     6.59

DEGREE DAYS
 HEATING
  TODAY            0                         8     -8        0
  MONTH TO DATE  324                       305     19      198
  SINCE MAR 1   1992                      2007    -15     2006
  SINCE JUL 1   6640                      7448   -808     7526

 COOLING
  TODAY            4                         1      3        7
  MONTH TO DATE    7                         4      3       38
  SINCE MAR 1      7                         5      2       38
  SINCE JAN 1      7                         5      2       38
..................................................................


WIND (MPH)
  HIGHEST WIND SPEED    18   HIGHEST WIND DIRECTION     W (260)
  HIGHEST GUST SPEED    23   HIGHEST GUST DIRECTION     W (260)
  AVERAGE WIND SPEED     6.6


SKY COVER
  AVERAGE SKY COVER 0.1


WEATHER CONDITIONS
 THE FOLLOWING WEATHER WAS RECORDED TODAY.
  FOG
  HAZE


RELATIVE HUMIDITY (PERCENT)
 HIGHEST    93          1200 AM
 LOWEST     62          1000 AM
 AVERAGE    78

..........................................................


THE WATERTOWN NY CLIMATE NORMALS FOR TOMORROW
                         NORMAL    RECORD    YEAR
 MAXIMUM TEMPERATURE (F)   69        85      2012
                                             1955
 MINIMUM TEMPERATURE (F)   47        30      2008
                                             1970


SUNRISE AND SUNSET
MAY 27 2016...........SUNRISE   527 AM EDT   SUNSET   836 PM EDT
MAY 28 2016...........SUNRISE   526 AM EDT   SUNSET   837 PM EDT


-  INDICATES NEGATIVE NUMBERS.
R  INDICATES RECORD WAS SET OR TIED.
MM INDICATES DATA IS MISSING.
T  INDICATES TRACE AMOUNT.




$$
