000
CDUS41 KBUF 270705
CLIART


CLIMATE REPORT
NATIONAL WEATHER SERVICE BUFFALO NY
205 AM EST MON FEB 27 2017


...................................

...THE WATERTOWN NY CLIMATE SUMMARY FOR FEBRUARY 26 2017...

CLIMATE NORMAL PERIOD 1981 TO 2010
CLIMATE RECORD PERIOD 1949 TO 2017


WEATHER ITEM   OBSERVED TIME   RECORD YEAR NORMAL DEPARTURE LAST
                VALUE   (LST)  VALUE       VALUE  FROM      YEAR
                                                  NORMAL
..................................................................
TEMPERATURE (F)
 YESTERDAY
  MAXIMUM         36    316 PM  62    1976  34      2       24
  MINIMUM         26    722 AM -27    1963  13     13       10
  AVERAGE         31                        24      7       17

PRECIPITATION (IN)
  YESTERDAY        T             1.02 1957   0.08  -0.08      T
  MONTH TO DATE    1.85                      2.05  -0.20     4.08
  SINCE DEC 1      5.82                      7.86  -2.04     8.04
  SINCE JAN 1      3.63                      4.71  -1.08     5.60

DEGREE DAYS
 HEATING
  YESTERDAY       34                        41     -7       48
  MONTH TO DATE  932                      1149   -217     1119
  SINCE DEC 1   3221                      3761   -540     3186
  SINCE JUL 1   4563                      5360   -797     4553

 COOLING
  YESTERDAY        0                         0      0        0
  MONTH TO DATE    0                         0      0        0
  SINCE DEC 1      0                         0      0        0
  SINCE JAN 1      0                         0      0        0
..................................................................


WIND (MPH)
  HIGHEST WIND SPEED    30   HIGHEST WIND DIRECTION     W (270)
  HIGHEST GUST SPEED    37   HIGHEST GUST DIRECTION     W (280)
  AVERAGE WIND SPEED    15.9


SKY COVER
  AVERAGE SKY COVER 0.7


WEATHER CONDITIONS
 THE FOLLOWING WEATHER WAS RECORDED YESTERDAY.
  HAZE


RELATIVE HUMIDITY (PERCENT)
 HIGHEST    78          1200 AM
 LOWEST     57           800 AM
 AVERAGE    68

..........................................................


THE WATERTOWN NY CLIMATE NORMALS FOR TODAY
                         NORMAL    RECORD    YEAR
 MAXIMUM TEMPERATURE (F)   35        63      2000
 MINIMUM TEMPERATURE (F)   14       -25      2006


SUNRISE AND SUNSET
FEBRUARY 27 2017......SUNRISE   644 AM EST   SUNSET   550 PM EST
FEBRUARY 28 2017......SUNRISE   642 AM EST   SUNSET   552 PM EST


-  INDICATES NEGATIVE NUMBERS.
R  INDICATES RECORD WAS SET OR TIED.
MM INDICATES DATA IS MISSING.
T  INDICATES TRACE AMOUNT.




$$
