000
CDUS41 KBUF 091025
CLIART


CLIMATE REPORT
NATIONAL WEATHER SERVICE BUFFALO NY
625 AM EDT MON MAY 9 2016


...................................

...THE WATERTOWN NY CLIMATE SUMMARY FOR MAY 8 2016...

CLIMATE NORMAL PERIOD 1981 TO 2010
CLIMATE RECORD PERIOD 1949 TO 2016


WEATHER ITEM   OBSERVED TIME   RECORD YEAR NORMAL DEPARTURE LAST
                VALUE   (LST)  VALUE       VALUE  FROM      YEAR
                                                  NORMAL
..................................................................
TEMPERATURE (F)
 YESTERDAY
  MAXIMUM         58    148 AM  85    1979  64     -6       84
  MINIMUM         37   1151 PM  25    1997  41     -4       43
  AVERAGE         48                        52     -4       64

PRECIPITATION (IN)
  YESTERDAY        0.07          0.95 1982   0.09  -0.02     0.00
  MONTH TO DATE    0.95                      0.74   0.21     0.06
  SINCE MAR 1      4.74                      5.94  -1.20     2.58
  SINCE JAN 1     10.55                     10.82  -0.27     5.67

DEGREE DAYS
 HEATING
  YESTERDAY       17                        13      4        1
  MONTH TO DATE  118                       113      5       55
  SINCE MAR 1   1786                      1815    -29     1863
  SINCE JUL 1   6434                      7256   -822     7383

 COOLING
  YESTERDAY        0                         0      0        0
  MONTH TO DATE    0                         0      0        2
  SINCE MAR 1      0                         1     -1        2
  SINCE JAN 1      0                         1     -1        2
..................................................................


WIND (MPH)
  HIGHEST WIND SPEED    24   HIGHEST WIND DIRECTION     N (350)
  HIGHEST GUST SPEED    32   HIGHEST GUST DIRECTION     W (260)
  AVERAGE WIND SPEED    12.0


SKY COVER
  AVERAGE SKY COVER 0.8


WEATHER CONDITIONS
 THE FOLLOWING WEATHER WAS RECORDED YESTERDAY.
  RAIN
  LIGHT RAIN
  FOG


RELATIVE HUMIDITY (PERCENT)
 HIGHEST    92           400 AM
 LOWEST     52          1100 AM
 AVERAGE    72

..........................................................


THE WATERTOWN NY CLIMATE NORMALS FOR TODAY
                         NORMAL    RECORD    YEAR
 MAXIMUM TEMPERATURE (F)   64        87      2015
 MINIMUM TEMPERATURE (F)   41        25      1962


SUNRISE AND SUNSET
MAY  9 2016...........SUNRISE   544 AM EDT   SUNSET   817 PM EDT
MAY 10 2016...........SUNRISE   543 AM EDT   SUNSET   818 PM EDT


-  INDICATES NEGATIVE NUMBERS.
R  INDICATES RECORD WAS SET OR TIED.
MM INDICATES DATA IS MISSING.
T  INDICATES TRACE AMOUNT.




$$
