359
CDUS41 KBUF 061019
CLIART


CLIMATE REPORT
NATIONAL WEATHER SERVICE BUFFALO NY
518 AM EST SAT FEB 6 2016


...................................

...THE WATERTOWN NY CLIMATE SUMMARY FOR FEBRUARY 5 2016...

CLIMATE NORMAL PERIOD 1981 TO 2010
CLIMATE RECORD PERIOD 1949 TO 2016


WEATHER ITEM   OBSERVED TIME   RECORD YEAR NORMAL DEPARTURE LAST
                VALUE   (LST)  VALUE       VALUE  FROM      YEAR
                                                  NORMAL
..................................................................
TEMPERATURE (F)
 YESTERDAY
  MAXIMUM         31    250 PM  52    1962  30      1       24
  MINIMUM         21   1012 PM -29    2009   9     12      -26
  AVERAGE         26                        19      7       -1

PRECIPITATION (IN)
  YESTERDAY        0.00          0.50 2014   0.07  -0.07     0.02
  MONTH TO DATE    0.58                      0.39   0.19     0.37
  SINCE DEC 1      4.54                      6.20  -1.66     3.96
  SINCE JAN 1      2.10                      3.05  -0.95     2.24

DEGREE DAYS
 HEATING
  YESTERDAY       39                        46     -7       66
  MONTH TO DATE  145                       230    -85      292
  SINCE DEC 1   2212                      2842   -630     2816
  SINCE JUL 1   3579                      4441   -862     4169

 COOLING
  YESTERDAY        0                         0      0        0
  MONTH TO DATE    0                         0      0        0
  SINCE DEC 1      0                         0      0        0
  SINCE JAN 1      0                         0      0        0
..................................................................


WIND (MPH)
  HIGHEST WIND SPEED    14   HIGHEST WIND DIRECTION     W (260)
  HIGHEST GUST SPEED    18   HIGHEST GUST DIRECTION     W (260)
  AVERAGE WIND SPEED     4.6


SKY COVER
  AVERAGE SKY COVER 0.3


WEATHER CONDITIONS
 THE FOLLOWING WEATHER WAS RECORDED YESTERDAY.
  NO SIGNIFICANT WEATHER WAS OBSERVED.


RELATIVE HUMIDITY (PERCENT)
 HIGHEST    96           500 AM
 LOWEST     47           200 PM
 AVERAGE    72

..........................................................


THE WATERTOWN NY CLIMATE NORMALS FOR TODAY
                         NORMAL    RECORD    YEAR
 MAXIMUM TEMPERATURE (F)   30        52      2005
 MINIMUM TEMPERATURE (F)    9       -22      2015


SUNRISE AND SUNSET
FEBRUARY  6 2016......SUNRISE   716 AM EST   SUNSET   521 PM EST
FEBRUARY  7 2016......SUNRISE   715 AM EST   SUNSET   522 PM EST


-  INDICATES NEGATIVE NUMBERS.
R  INDICATES RECORD WAS SET OR TIED.
MM INDICATES DATA IS MISSING.
T  INDICATES TRACE AMOUNT.

$$
