000
CDUS41 KBUF 042120
CLIART


CLIMATE REPORT
NATIONAL WEATHER SERVICE BUFFALO NY
420 PM EST SUN FEB 4 2018


...................................

...THE WATERTOWN NY CLIMATE SUMMARY FOR FEBRUARY 4 2018...
VALID TODAY AS OF 0400 PM LOCAL TIME.

CLIMATE NORMAL PERIOD 1981 TO 2010
CLIMATE RECORD PERIOD 1949 TO 2018


WEATHER ITEM   OBSERVED TIME   RECORD YEAR NORMAL DEPARTURE LAST
                VALUE   (LST)  VALUE       VALUE  FROM      YEAR
                                                  NORMAL
..................................................................
TEMPERATURE (F)
 TODAY
  MAXIMUM         36    606 AM  54    1991  30      6       29
  MINIMUM         26   1207 AM -26    1970   9     17       19
  AVERAGE         31                        19     12       24

PRECIPITATION (IN)
  TODAY            0.02          0.94 1994   0.08  -0.06     0.02
  MONTH TO DATE    0.13                      0.32  -0.19     0.08
  SINCE DEC 1      4.18                      6.13  -1.95     4.05
  SINCE JAN 1      2.39                      2.98  -0.59     1.86

DEGREE DAYS
 HEATING
  TODAY           34                        46    -12       41
  MONTH TO DATE  165                       184    -19      161
  SINCE DEC 1   3022                      2796    226     2450
  SINCE JUL 1   4381                      4395    -14     3792

 COOLING
  TODAY            0                         0      0        0
  MONTH TO DATE    0                         0      0        0
  SINCE DEC 1      0                         0      0        0
  SINCE JAN 1      0                         0      0        0
..................................................................


WIND (MPH)
  HIGHEST WIND SPEED    20   HIGHEST WIND DIRECTION     S (190)
  HIGHEST GUST SPEED    33   HIGHEST GUST DIRECTION     S (180)
  AVERAGE WIND SPEED    14.1


SKY COVER
  AVERAGE SKY COVER 1.0


WEATHER CONDITIONS
 THE FOLLOWING WEATHER WAS RECORDED TODAY.
  SNOW
  LIGHT SNOW
  FOG
  FOG W/VISIBILITY <= 1/4 MILE
  HAZE


RELATIVE HUMIDITY (PERCENT)
 HIGHEST    96           200 PM
 LOWEST     43           500 AM
 AVERAGE    70

..........................................................


THE WATERTOWN NY CLIMATE NORMALS FOR TOMORROW
                         NORMAL    RECORD    YEAR
 MAXIMUM TEMPERATURE (F)   30        52      1962
 MINIMUM TEMPERATURE (F)    9       -29      2009


SUNRISE AND SUNSET
FEBRUARY  4 2018......SUNRISE   718 AM EST   SUNSET   519 PM EST
FEBRUARY  5 2018......SUNRISE   717 AM EST   SUNSET   520 PM EST


-  INDICATES NEGATIVE NUMBERS.
R  INDICATES RECORD WAS SET OR TIED.
MM INDICATES DATA IS MISSING.
T  INDICATES TRACE AMOUNT.




$$
