000
CDUS41 KBUF 121017
CLIART


CLIMATE REPORT
NATIONAL WEATHER SERVICE BUFFALO NY
615 AM EDT SAT APR 12 2014


...................................

...THE WATERTOWN NY CLIMATE SUMMARY FOR APRIL 11 2014...

CLIMATE NORMAL PERIOD 1981 TO 2010
CLIMATE RECORD PERIOD 1949 TO 2014


WEATHER ITEM   OBSERVED TIME   RECORD YEAR NORMAL DEPARTURE LAST
                VALUE   (LST)  VALUE       VALUE  FROM      YEAR
                                                  NORMAL
..................................................................
TEMPERATURE (F)
 YESTERDAY
  MAXIMUM         55    445 PM  77    2011  53      2       40
  MINIMUM         30   1159 PM  18    1979  32     -2       31
  AVERAGE         43                        42      1       36

PRECIPITATION (IN)
  YESTERDAY        0.04          1.59 1992   0.11  -0.07      T
  MONTH TO DATE    1.79                      1.06   0.73     0.76
  SINCE MAR 1      3.90                      3.36   0.54     1.75
  SINCE JAN 1     11.00                      8.24   2.76     6.05

DEGREE DAYS
 HEATING
  YESTERDAY       22                        23     -1       29
  MONTH TO DATE  277                       277      0      280
  SINCE MAR 1   1582                      1343    239     1288
  SINCE JUL 1   7253                      6784    469     6138

 COOLING
  YESTERDAY        0                         0      0        0
  MONTH TO DATE    0                         0      0        0
  SINCE MAR 1      0                         0      0        0
  SINCE JAN 1      0                         0      0        0
..................................................................


WIND (MPH)
  HIGHEST WIND SPEED    12   HIGHEST WIND DIRECTION     W (250)
  HIGHEST GUST SPEED    15   HIGHEST GUST DIRECTION     W (250)
  AVERAGE WIND SPEED     5.0


SKY COVER
  AVERAGE SKY COVER 0.2


WEATHER CONDITIONS
 THE FOLLOWING WEATHER WAS RECORDED YESTERDAY.
  LIGHT RAIN
  FOG
  FOG W/VISIBILITY <= 1/4 MILE
  HAZE


RELATIVE HUMIDITY (PERCENT)
 HIGHEST    92           500 AM
 LOWEST     35           500 PM
 AVERAGE    64

..........................................................


THE WATERTOWN NY CLIMATE NORMALS FOR TODAY
                         NORMAL    RECORD    YEAR
 MAXIMUM TEMPERATURE (F)   53        73      2006
 MINIMUM TEMPERATURE (F)   32        17      1985


SUNRISE AND SUNSET
APRIL 12 2014.........SUNRISE   626 AM EDT   SUNSET   744 PM EDT
APRIL 13 2014.........SUNRISE   624 AM EDT   SUNSET   746 PM EDT


-  INDICATES NEGATIVE NUMBERS.
R  INDICATES RECORD WAS SET OR TIED.
MM INDICATES DATA IS MISSING.
T  INDICATES TRACE AMOUNT.




$$
