283
CDUS41 KBUF 271005
CLIART


CLIMATE REPORT
NATIONAL WEATHER SERVICE BUFFALO NY
605 AM EDT WED APR 27 2016


...................................

...THE WATERTOWN NY CLIMATE SUMMARY FOR APRIL 26 2016...

CLIMATE NORMAL PERIOD 1981 TO 2010
CLIMATE RECORD PERIOD 1949 TO 2016


WEATHER ITEM   OBSERVED TIME   RECORD YEAR NORMAL DEPARTURE LAST
                VALUE   (LST)  VALUE       VALUE  FROM      YEAR
                                                  NORMAL
..................................................................
TEMPERATURE (F)
 YESTERDAY
  MAXIMUM         46    545 PM  82    2008  59    -13       50
  MINIMUM         29    844 PM  26    2015  37     -8       26
                                      2012
                                      2001
  AVERAGE         38                        48    -10       38

PRECIPITATION (IN)
  YESTERDAY        0.29          0.94 2011   0.10   0.19     0.00
  MONTH TO DATE    1.14                      2.51  -1.37     1.69
  SINCE MAR 1      3.79                      4.81  -1.02     2.52
  SINCE JAN 1      9.60                      9.69  -0.09     5.61

DEGREE DAYS
 HEATING
  YESTERDAY       27                        17     10       27
  MONTH TO DATE  661                       571     90      560
  SINCE MAR 1   1572                      1637    -65     1741
  SINCE JUL 1   6220                      7078   -858     7261

 COOLING
  YESTERDAY        0                         0      0        0
  MONTH TO DATE    0                         0      0        0
  SINCE MAR 1      0                         0      0        0
  SINCE JAN 1      0                         0      0        0
..................................................................


WIND (MPH)
  HIGHEST WIND SPEED    24   HIGHEST WIND DIRECTION    NE (60)
  HIGHEST GUST SPEED    30   HIGHEST GUST DIRECTION    NE (60)
  AVERAGE WIND SPEED    12.9


SKY COVER
  AVERAGE SKY COVER 0.6


WEATHER CONDITIONS
 THE FOLLOWING WEATHER WAS RECORDED YESTERDAY.
  HEAVY RAIN
  RAIN
  LIGHT RAIN
  FOG


RELATIVE HUMIDITY (PERCENT)
 HIGHEST    96           800 AM
 LOWEST     38           400 PM
 AVERAGE    67

..........................................................


THE WATERTOWN NY CLIMATE NORMALS FOR TODAY
                         NORMAL    RECORD    YEAR
 MAXIMUM TEMPERATURE (F)   60        85      2009
 MINIMUM TEMPERATURE (F)   37        19      1972


SUNRISE AND SUNSET
APRIL 27 2016.........SUNRISE   601 AM EDT   SUNSET   803 PM EDT
APRIL 28 2016.........SUNRISE   559 AM EDT   SUNSET   804 PM EDT


-  INDICATES NEGATIVE NUMBERS.
R  INDICATES RECORD WAS SET OR TIED.
MM INDICATES DATA IS MISSING.
T  INDICATES TRACE AMOUNT.




$$
