000
CDUS41 KBUF 111019
CLIART


CLIMATE REPORT
NATIONAL WEATHER SERVICE BUFFALO NY
618 AM EDT TUE JUL 11 2017


...................................

...THE WATERTOWN NY CLIMATE SUMMARY FOR JULY 10 2017...

CLIMATE NORMAL PERIOD 1981 TO 2010
CLIMATE RECORD PERIOD 1949 TO 2017


WEATHER ITEM   OBSERVED TIME   RECORD YEAR NORMAL DEPARTURE LAST
                VALUE   (LST)  VALUE       VALUE  FROM      YEAR
                                                  NORMAL
..................................................................
TEMPERATURE (F)
 YESTERDAY
  MAXIMUM         80    140 PM  92    2007  79      1       71
  MINIMUM         65    513 AM  43    1962  58      7       53
  AVERAGE         73                        69      4       62

PRECIPITATION (IN)
  YESTERDAY        T             0.60 1972   0.08  -0.08     0.03
  MONTH TO DATE    1.16                      0.83   0.33     0.32
  SINCE JUN 1      7.34                      3.68   3.66     3.92
  SINCE JAN 1     23.01                     16.83   6.18    14.92

DEGREE DAYS
 HEATING
  YESTERDAY        0                         1     -1        3
  MONTH TO DATE    0                        11    -11        3
  SINCE JUN 1    102                       118    -16      101
  SINCE JUL 1      0                        11    -11        3

 COOLING
  YESTERDAY        8                         4      4        0
  MONTH TO DATE   39                        40     -1       46
  SINCE JUN 1    119                       102     17       93
  SINCE JAN 1    138                       113     25      123
..................................................................


WIND (MPH)
  HIGHEST WIND SPEED    18   HIGHEST WIND DIRECTION    SW (220)
  HIGHEST GUST SPEED    23   HIGHEST GUST DIRECTION     S (200)
  AVERAGE WIND SPEED     7.2


SKY COVER
  AVERAGE SKY COVER 0.5


WEATHER CONDITIONS
 THE FOLLOWING WEATHER WAS RECORDED YESTERDAY.
  LIGHT RAIN
  FOG
  HAZE


RELATIVE HUMIDITY (PERCENT)
 HIGHEST    78           400 AM
 LOWEST     48           200 PM
 AVERAGE    63

..........................................................


THE WATERTOWN NY CLIMATE NORMALS FOR TODAY
                         NORMAL    RECORD    YEAR
 MAXIMUM TEMPERATURE (F)   79        90      2011
 MINIMUM TEMPERATURE (F)   58        41      2002


SUNRISE AND SUNSET
JULY 11 2017..........SUNRISE   532 AM EDT   SUNSET   847 PM EDT
JULY 12 2017..........SUNRISE   533 AM EDT   SUNSET   846 PM EDT


-  INDICATES NEGATIVE NUMBERS.
R  INDICATES RECORD WAS SET OR TIED.
MM INDICATES DATA IS MISSING.
T  INDICATES TRACE AMOUNT.




$$
