000
CDUS41 KBUF 082140
CLIART


CLIMATE REPORT
NATIONAL WEATHER SERVICE BUFFALO NY
440 PM EST THU DEC 8 2016


...................................

...THE WATERTOWN NY CLIMATE SUMMARY FOR DECEMBER 8 2016...
VALID TODAY AS OF 0400 PM LOCAL TIME.

CLIMATE NORMAL PERIOD 1981 TO 2010
CLIMATE RECORD PERIOD 1949 TO 2016


WEATHER ITEM   OBSERVED TIME   RECORD YEAR NORMAL DEPARTURE LAST
                VALUE   (LST)  VALUE       VALUE  FROM      YEAR
                                                  NORMAL
..................................................................
TEMPERATURE (F)
 TODAY
  MAXIMUM         39   1202 AM  63    1966  38      1       41
  MINIMUM         31   1039 AM -16    2008  21     10       28
  AVERAGE         35                        29      6       35

PRECIPITATION (IN)
  TODAY            0.27          0.78 1974   0.11   0.16     0.00
  MONTH TO DATE    0.75                      0.88  -0.13     0.58
  SINCE DEC 1      0.75                      0.88  -0.13     0.58
  SINCE JAN 1     29.08                     33.81  -4.73    26.17

DEGREE DAYS
 HEATING
  TODAY           30                        36     -6       30
  MONTH TO DATE  232                       274    -42      220
  SINCE DEC 1    232                       274    -42      220
  SINCE JUL 1   1574                      1873   -299     1587

 COOLING
  TODAY            0                         0      0        0
  MONTH TO DATE    0                         0      0        0
  SINCE DEC 1      0                         0      0        0
  SINCE JAN 1    566                       362    204      388
..................................................................


WIND (MPH)
  HIGHEST WIND SPEED    21   HIGHEST WIND DIRECTION     W (270)
  HIGHEST GUST SPEED    27   HIGHEST GUST DIRECTION     W (290)
  AVERAGE WIND SPEED    10.1


SKY COVER
  AVERAGE SKY COVER 1.0


WEATHER CONDITIONS
 THE FOLLOWING WEATHER WAS RECORDED TODAY.
  LIGHT RAIN
  HEAVY SNOW
  SNOW
  LIGHT SNOW
  FOG
  FOG W/VISIBILITY <= 1/4 MILE


RELATIVE HUMIDITY (PERCENT)
 HIGHEST   100           600 AM
 LOWEST     69           400 PM
 AVERAGE    85

..........................................................


THE WATERTOWN NY CLIMATE NORMALS FOR TOMORROW
                         NORMAL    RECORD    YEAR
 MAXIMUM TEMPERATURE (F)   37        63      1966
 MINIMUM TEMPERATURE (F)   21        -8      2000


SUNRISE AND SUNSET
DECEMBER  8 2016......SUNRISE   726 AM EST   SUNSET   426 PM EST
DECEMBER  9 2016......SUNRISE   727 AM EST   SUNSET   426 PM EST


-  INDICATES NEGATIVE NUMBERS.
R  INDICATES RECORD WAS SET OR TIED.
MM INDICATES DATA IS MISSING.
T  INDICATES TRACE AMOUNT.




$$
