000
CDUS41 KBUF 060705
CLIART


CLIMATE REPORT
NATIONAL WEATHER SERVICE BUFFALO NY
305 AM EDT MON JUL 6 2015


...................................

...THE WATERTOWN NY CLIMATE SUMMARY FOR JULY 5 2015...

CLIMATE NORMAL PERIOD 1981 TO 2010
CLIMATE RECORD PERIOD 1949 TO 2015


WEATHER ITEM   OBSERVED TIME   RECORD YEAR NORMAL DEPARTURE LAST
                VALUE   (LST)  VALUE       VALUE  FROM      YEAR
                                                  NORMAL
..................................................................
TEMPERATURE (F)
 YESTERDAY
  MAXIMUM         75    251 PM  92    1993  79     -4       75
  MINIMUM         55   1142 PM  42    1962  57     -2       49
  AVERAGE         65                        68     -3       62

PRECIPITATION (IN)
  YESTERDAY        0.00          0.69 1999   0.08  -0.08     0.00
  MONTH TO DATE    0.49                      0.41   0.08     0.49
  SINCE JUN 1      6.20                      3.26   2.94     3.40
  SINCE JAN 1     13.60                     16.41  -2.81    22.00

DEGREE DAYS
 HEATING
  YESTERDAY        0                         1     -1        3
  MONTH TO DATE   17                         6     11        3
  SINCE JUN 1    133                       113     20       65
  SINCE JUL 1     17                         6     11        3

 COOLING
  YESTERDAY        0                         4     -4        0
  MONTH TO DATE    0                        20    -20       38
  SINCE JUN 1     31                        82    -51      150
  SINCE JAN 1     77                        93    -16      173
..................................................................


WIND (MPH)
  HIGHEST WIND SPEED    13   HIGHEST WIND DIRECTION     W (270)
  HIGHEST GUST SPEED    16   HIGHEST GUST DIRECTION     W (260)
  AVERAGE WIND SPEED     6.0


SKY COVER
  AVERAGE SKY COVER 0.1


WEATHER CONDITIONS
 THE FOLLOWING WEATHER WAS RECORDED YESTERDAY.
  FOG
  HAZE


RELATIVE HUMIDITY (PERCENT)
 HIGHEST    90           900 PM
 LOWEST     64           100 PM
 AVERAGE    77

..........................................................


THE WATERTOWN NY CLIMATE NORMALS FOR TODAY
                         NORMAL    RECORD    YEAR
 MAXIMUM TEMPERATURE (F)   79        93      1993
 MINIMUM TEMPERATURE (F)   57        40      1962


SUNRISE AND SUNSET
JULY  6 2015..........SUNRISE   528 AM EDT   SUNSET   849 PM EDT
JULY  7 2015..........SUNRISE   529 AM EDT   SUNSET   849 PM EDT


-  INDICATES NEGATIVE NUMBERS.
R  INDICATES RECORD WAS SET OR TIED.
MM INDICATES DATA IS MISSING.
T  INDICATES TRACE AMOUNT.




$$
