000
CDUS41 KBUF 262025
CLIART


CLIMATE REPORT
NATIONAL WEATHER SERVICE BUFFALO NY
423 PM EDT SUN MAR 26 2017


...................................

...THE WATERTOWN NY CLIMATE SUMMARY FOR MARCH 26 2017...
VALID TODAY AS OF 0400 PM LOCAL TIME.

CLIMATE NORMAL PERIOD 1981 TO 2010
CLIMATE RECORD PERIOD 1949 TO 2017


WEATHER ITEM   OBSERVED TIME   RECORD YEAR NORMAL DEPARTURE LAST
                VALUE   (LST)  VALUE       VALUE  FROM      YEAR
                                                  NORMAL
..................................................................
TEMPERATURE (F)
 TODAY
  MAXIMUM         42    259 PM  74    1986  45     -3       48
  MINIMUM         23   1258 AM   0    1960  25     -2       19
  AVERAGE         33                        35     -2       34

PRECIPITATION (IN)
  TODAY            0.04          0.92 1964   0.08  -0.04     0.00
  MONTH TO DATE    1.63                      1.92  -0.29     1.65
  SINCE MAR 1      1.63                      1.92  -0.29     1.65
  SINCE JAN 1      5.26                      6.80  -1.54     7.46

DEGREE DAYS
 HEATING
  TODAY           32                        30      2       31
  MONTH TO DATE 1043                       923    120      816
  SINCE MAR 1   1043                       923    120      816
  SINCE JUL 1   5654                      6364   -710     5464

 COOLING
  TODAY            0                         0      0        0
  MONTH TO DATE    0                         0      0        0
  SINCE MAR 1      0                         0      0        0
  SINCE JAN 1      0                         0      0        0
..................................................................


WIND (MPH)
  HIGHEST WIND SPEED    13   HIGHEST WIND DIRECTION    NE (60)
  HIGHEST GUST SPEED    16   HIGHEST GUST DIRECTION     E (70)
  AVERAGE WIND SPEED     7.7


SKY COVER
  AVERAGE SKY COVER 0.8


WEATHER CONDITIONS
 THE FOLLOWING WEATHER WAS RECORDED TODAY.
  LIGHT RAIN
  FOG


RELATIVE HUMIDITY (PERCENT)
 HIGHEST   100          1200 AM
 LOWEST     75           900 AM
 AVERAGE    88

..........................................................


THE WATERTOWN NY CLIMATE NORMALS FOR TOMORROW
                         NORMAL    RECORD    YEAR
 MAXIMUM TEMPERATURE (F)   45        75      1976
 MINIMUM TEMPERATURE (F)   25         6      1990


SUNRISE AND SUNSET
MARCH 26 2017.........SUNRISE   656 AM EDT   SUNSET   724 PM EDT
MARCH 27 2017.........SUNRISE   654 AM EDT   SUNSET   725 PM EDT


-  INDICATES NEGATIVE NUMBERS.
R  INDICATES RECORD WAS SET OR TIED.
MM INDICATES DATA IS MISSING.
T  INDICATES TRACE AMOUNT.




$$
