000
CDUS41 KBUF 261014
CLIART


CLIMATE REPORT
NATIONAL WEATHER SERVICE BUFFALO NY
611 AM EDT FRI MAY 26 2017


...................................

...THE WATERTOWN NY CLIMATE SUMMARY FOR MAY 25 2017...

CLIMATE NORMAL PERIOD 1981 TO 2010
CLIMATE RECORD PERIOD 1949 TO 2017


WEATHER ITEM   OBSERVED TIME   RECORD YEAR NORMAL DEPARTURE LAST
                VALUE   (LST)  VALUE       VALUE  FROM      YEAR
                                                  NORMAL
..................................................................
TEMPERATURE (F)
 YESTERDAY
  MAXIMUM         65    221 AM  86    2012  68     -3       75
  MINIMUM         56   1159 PM  30    2002  46     10       53
  AVERAGE         61                        57      4       64

PRECIPITATION (IN)
  YESTERDAY        0.78          1.13 1979   0.11   0.67     0.00
  MONTH TO DATE    5.29                      2.45   2.84     1.40
  SINCE MAR 1     11.71                      7.65   4.06     5.19
  SINCE JAN 1     15.34                     12.53   2.81    11.00

DEGREE DAYS
 HEATING
  YESTERDAY        4                         8     -4        1
  MONTH TO DATE  324                       289     35      324
  SINCE MAR 1   2019                      1991     28     1992
  SINCE JUL 1   6630                      7432   -802     6640

 COOLING
  YESTERDAY        0                         1     -1        0
  MONTH TO DATE   11                         2      9        0
  SINCE MAR 1     18                         3     15        0
  SINCE JAN 1     18                         3     15        0
..................................................................


WIND (MPH)
  HIGHEST WIND SPEED    18   HIGHEST WIND DIRECTION     E (70)
  HIGHEST GUST SPEED    22   HIGHEST GUST DIRECTION    NE (60)
  AVERAGE WIND SPEED     8.1


SKY COVER
  AVERAGE SKY COVER 0.9


WEATHER CONDITIONS
 THE FOLLOWING WEATHER WAS RECORDED YESTERDAY.
  HEAVY RAIN
  RAIN
  LIGHT RAIN
  FOG


RELATIVE HUMIDITY (PERCENT)
 HIGHEST   100           100 PM
 LOWEST     56           200 AM
 AVERAGE    78

..........................................................


THE WATERTOWN NY CLIMATE NORMALS FOR TODAY
                         NORMAL    RECORD    YEAR
 MAXIMUM TEMPERATURE (F)   69        85      2010
 MINIMUM TEMPERATURE (F)   47        29      1969


SUNRISE AND SUNSET
MAY 26 2017...........SUNRISE   528 AM EDT   SUNSET   835 PM EDT
MAY 27 2017...........SUNRISE   527 AM EDT   SUNSET   836 PM EDT


-  INDICATES NEGATIVE NUMBERS.
R  INDICATES RECORD WAS SET OR TIED.
MM INDICATES DATA IS MISSING.
T  INDICATES TRACE AMOUNT.




$$
