000
CDUS41 KBUF 060705
CLIART


CLIMATE REPORT
NATIONAL WEATHER SERVICE BUFFALO NY
205 AM EST TUE DEC 6 2016


...................................

...THE WATERTOWN NY CLIMATE SUMMARY FOR DECEMBER 5 2016...

CLIMATE NORMAL PERIOD 1981 TO 2010
CLIMATE RECORD PERIOD 1949 TO 2016


WEATHER ITEM   OBSERVED TIME   RECORD YEAR NORMAL DEPARTURE LAST
                VALUE   (LST)  VALUE       VALUE  FROM      YEAR
                                                  NORMAL
..................................................................
TEMPERATURE (F)
 YESTERDAY
  MAXIMUM         41    810 PM  60    2013  39      2       44
  MINIMUM         27   1233 AM -15    1989  22      5       38
  AVERAGE         34                        30      4       41

PRECIPITATION (IN)
  YESTERDAY        0.13          1.14 1994   0.10   0.03     0.00
  MONTH TO DATE    0.35                      0.55  -0.20     0.58
  SINCE DEC 1      0.35                      0.55  -0.20     0.58
  SINCE JAN 1     28.68                     33.48  -4.80    26.17

DEGREE DAYS
 HEATING
  YESTERDAY       31                        34     -3       24
  MONTH TO DATE  142                       168    -26      126
  SINCE DEC 1    142                       168    -26      126
  SINCE JUL 1   1484                      1767   -283     1493

 COOLING
  YESTERDAY        0                         0      0        0
  MONTH TO DATE    0                         0      0        0
  SINCE DEC 1      0                         0      0        0
  SINCE JAN 1    566                       362    204      388
..................................................................


WIND (MPH)
  HIGHEST WIND SPEED    22   HIGHEST WIND DIRECTION     W (270)
  HIGHEST GUST SPEED    31   HIGHEST GUST DIRECTION     W (280)
  AVERAGE WIND SPEED     9.5


SKY COVER
  AVERAGE SKY COVER 0.9


WEATHER CONDITIONS
 THE FOLLOWING WEATHER WAS RECORDED YESTERDAY.
  RAIN
  LIGHT RAIN
  SNOW
  LIGHT SNOW
  FOG


RELATIVE HUMIDITY (PERCENT)
 HIGHEST    92           300 AM
 LOWEST     76           300 PM
 AVERAGE    84

..........................................................


THE WATERTOWN NY CLIMATE NORMALS FOR TODAY
                         NORMAL    RECORD    YEAR
 MAXIMUM TEMPERATURE (F)   38        68      2001
 MINIMUM TEMPERATURE (F)   22        -4      1969


SUNRISE AND SUNSET
DECEMBER  6 2016......SUNRISE   724 AM EST   SUNSET   426 PM EST
DECEMBER  7 2016......SUNRISE   725 AM EST   SUNSET   426 PM EST


-  INDICATES NEGATIVE NUMBERS.
R  INDICATES RECORD WAS SET OR TIED.
MM INDICATES DATA IS MISSING.
T  INDICATES TRACE AMOUNT.




$$
