000
CDUS41 KBUF 180705
CLIART


CLIMATE REPORT
NATIONAL WEATHER SERVICE BUFFALO NY
205 AM EST SAT NOV 18 2017


...................................

...THE WATERTOWN NY CLIMATE SUMMARY FOR NOVEMBER 17 2017...

CLIMATE NORMAL PERIOD 1981 TO 2010
CLIMATE RECORD PERIOD 1949 TO 2017


WEATHER ITEM   OBSERVED TIME   RECORD YEAR NORMAL DEPARTURE LAST
                VALUE   (LST)  VALUE       VALUE  FROM      YEAR
                                                  NORMAL
..................................................................
TEMPERATURE (F)
 YESTERDAY
  MAXIMUM         33    328 PM  68    1987  46    -13       51
  MINIMUM         25   1159 PM  13    1995  30     -5       30
  AVERAGE         29                        38     -9       41

PRECIPITATION (IN)
  YESTERDAY        0.00          0.75 1965   0.13  -0.13     0.00
  MONTH TO DATE    1.91                      2.11  -0.20     0.68
  SINCE SEP 1     14.96                      9.48   5.48     8.58
  SINCE JAN 1     45.69                     31.28  14.41    27.61

DEGREE DAYS
 HEATING
  YESTERDAY       36                        27      9       24
  MONTH TO DATE  457                       414     43      366
  SINCE SEP 1    921                      1138   -217      975
  SINCE JUL 1    991                      1210   -219      986

 COOLING
  YESTERDAY        0                         0      0        0
  MONTH TO DATE    0                         0      0        0
  SINCE SEP 1     59                        38     21       52
  SINCE JAN 1    389                       362     27      566
..................................................................


WIND (MPH)
  HIGHEST WIND SPEED    20   HIGHEST WIND DIRECTION    NW (310)
  HIGHEST GUST SPEED    24   HIGHEST GUST DIRECTION    NW (300)
  AVERAGE WIND SPEED     7.3


SKY COVER
  AVERAGE SKY COVER 0.5


WEATHER CONDITIONS
 THE FOLLOWING WEATHER WAS RECORDED YESTERDAY.
  NO SIGNIFICANT WEATHER WAS OBSERVED.


RELATIVE HUMIDITY (PERCENT)
 HIGHEST    84          1000 PM
 LOWEST     51           200 PM
 AVERAGE    68

..........................................................


THE WATERTOWN NY CLIMATE NORMALS FOR TODAY
                         NORMAL    RECORD    YEAR
 MAXIMUM TEMPERATURE (F)   46        71      1958
 MINIMUM TEMPERATURE (F)   29        12      1972


SUNRISE AND SUNSET
NOVEMBER 18 2017......SUNRISE   703 AM EST   SUNSET   435 PM EST
NOVEMBER 19 2017......SUNRISE   705 AM EST   SUNSET   434 PM EST


-  INDICATES NEGATIVE NUMBERS.
R  INDICATES RECORD WAS SET OR TIED.
MM INDICATES DATA IS MISSING.
T  INDICATES TRACE AMOUNT.




$$
