000
CDUS41 KBUF 161019
CLIART


CLIMATE REPORT
NATIONAL WEATHER SERVICE BUFFALO NY
518 AM EST MON JAN 16 2017


...................................

...THE WATERTOWN NY CLIMATE SUMMARY FOR JANUARY 15 2017...

CLIMATE NORMAL PERIOD 1981 TO 2010
CLIMATE RECORD PERIOD 1949 TO 2017


WEATHER ITEM   OBSERVED TIME   RECORD YEAR NORMAL DEPARTURE LAST
                VALUE   (LST)  VALUE       VALUE  FROM      YEAR
                                                  NORMAL
..................................................................
TEMPERATURE (F)
 YESTERDAY
  MAXIMUM         30    236 PM  66    1995  29      1       34
  MINIMUM         14    959 PM -33    1994   9      5       20
  AVERAGE         22                        19      3       27

PRECIPITATION (IN)
  YESTERDAY        0.00          0.87 1999   0.08  -0.08      T
  MONTH TO DATE    1.09                      1.36  -0.27     1.35
  SINCE DEC 1      3.28                      4.51  -1.23     3.79
  SINCE JAN 1      1.09                      1.36  -0.27     1.35

DEGREE DAYS
 HEATING
  YESTERDAY       43                        46     -3       38
  MONTH TO DATE  626                       675    -49      604
  SINCE DEC 1   1743                      1872   -129     1384
  SINCE JUL 1   3085                      3471   -386     2751

 COOLING
  YESTERDAY        0                         0      0        0
  MONTH TO DATE    0                         0      0        0
  SINCE DEC 1      0                         0      0        0
  SINCE JAN 1      0                         0      0        0
..................................................................


WIND (MPH)
  HIGHEST WIND SPEED    14   HIGHEST WIND DIRECTION    NW (300)
  HIGHEST GUST SPEED    17   HIGHEST GUST DIRECTION    NW (310)
  AVERAGE WIND SPEED     4.9


SKY COVER
  AVERAGE SKY COVER 0.3


WEATHER CONDITIONS
 THE FOLLOWING WEATHER WAS RECORDED YESTERDAY.
  FOG


RELATIVE HUMIDITY (PERCENT)
 HIGHEST    96           900 AM
 LOWEST     63           100 PM
 AVERAGE    80

..........................................................


THE WATERTOWN NY CLIMATE NORMALS FOR TODAY
                         NORMAL    RECORD    YEAR
 MAXIMUM TEMPERATURE (F)   29        53      1953
 MINIMUM TEMPERATURE (F)    9       -43      1994


SUNRISE AND SUNSET
JANUARY 16 2017.......SUNRISE   735 AM EST   SUNSET   454 PM EST
JANUARY 17 2017.......SUNRISE   734 AM EST   SUNSET   455 PM EST


-  INDICATES NEGATIVE NUMBERS.
R  INDICATES RECORD WAS SET OR TIED.
MM INDICATES DATA IS MISSING.
T  INDICATES TRACE AMOUNT.




$$
