745
CDUS41 KBUF 121031
CLIART


CLIMATE REPORT
NATIONAL WEATHER SERVICE BUFFALO NY
529 AM EST FRI FEB 12 2016


...................................

...THE WATERTOWN NY CLIMATE SUMMARY FOR FEBRUARY 11 2016...

CLIMATE NORMAL PERIOD 1981 TO 2010
CLIMATE RECORD PERIOD 1949 TO 2016


WEATHER ITEM   OBSERVED TIME   RECORD YEAR NORMAL DEPARTURE LAST
                VALUE   (LST)  VALUE       VALUE  FROM      YEAR
                                                  NORMAL
..................................................................
TEMPERATURE (F)
 YESTERDAY
  MAXIMUM         19    110 AM  57    1999  31    -12       30
  MINIMUM         -9    848 PM -34    1979   9    -18       -9
  AVERAGE          5                        20    -15       11

PRECIPITATION (IN)
  YESTERDAY        T             0.44 2009   0.08  -0.08     0.03
  MONTH TO DATE    0.67                      0.86  -0.19     0.97
  SINCE DEC 1      4.63                      6.67  -2.04     4.56
  SINCE JAN 1      2.19                      3.52  -1.33     2.84

DEGREE DAYS
 HEATING
  YESTERDAY       60                        45     15       54
  MONTH TO DATE  384                       502   -118      621
  SINCE DEC 1   2451                      3114   -663     3145
  SINCE JUL 1   3818                      4713   -895     4498

 COOLING
  YESTERDAY        0                         0      0        0
  MONTH TO DATE    0                         0      0        0
  SINCE DEC 1      0                         0      0        0
  SINCE JAN 1      0                         0      0        0
..................................................................


WIND (MPH)
  HIGHEST WIND SPEED    18   HIGHEST WIND DIRECTION     W (270)
  HIGHEST GUST SPEED    23   HIGHEST GUST DIRECTION     W (280)
  AVERAGE WIND SPEED     9.2


SKY COVER
  AVERAGE SKY COVER 0.6


WEATHER CONDITIONS
 THE FOLLOWING WEATHER WAS RECORDED YESTERDAY.
  HEAVY SNOW
  SNOW
  LIGHT SNOW
  FOG
  HAZE
  BLOWING SNOW


RELATIVE HUMIDITY (PERCENT)
 HIGHEST    91           500 AM
 LOWEST     55          1000 PM
 AVERAGE    73

..........................................................


THE WATERTOWN NY CLIMATE NORMALS FOR TODAY
                         NORMAL    RECORD    YEAR
 MAXIMUM TEMPERATURE (F)   31        59      1999
 MINIMUM TEMPERATURE (F)   10       -27      2014


SUNRISE AND SUNSET
FEBRUARY 12 2016......SUNRISE   708 AM EST   SUNSET   529 PM EST
FEBRUARY 13 2016......SUNRISE   707 AM EST   SUNSET   530 PM EST


-  INDICATES NEGATIVE NUMBERS.
R  INDICATES RECORD WAS SET OR TIED.
MM INDICATES DATA IS MISSING.
T  INDICATES TRACE AMOUNT.




$$
