000
CDUS41 KBUF 021017
CLIART


CLIMATE REPORT
NATIONAL WEATHER SERVICE BUFFALO NY
616 AM EDT THU JUL 2 2015


...................................

...THE WATERTOWN NY CLIMATE SUMMARY FOR JULY 1 2015...

CLIMATE NORMAL PERIOD 1981 TO 2010
CLIMATE RECORD PERIOD 1949 TO 2015


WEATHER ITEM   OBSERVED TIME   RECORD YEAR NORMAL DEPARTURE LAST
                VALUE   (LST)  VALUE       VALUE  FROM      YEAR
                                                  NORMAL
..................................................................
TEMPERATURE (F)
 YESTERDAY
  MAXIMUM         68    118 PM  92    1967  78    -10       90
  MINIMUM         56   1159 PM  42    1991  57     -1       74
  AVERAGE         62                        67     -5       82

PRECIPITATION (IN)
  YESTERDAY        0.41          1.61 1959   0.08   0.33     0.03
  MONTH TO DATE    0.41                      0.08   0.33     0.03
  SINCE JUN 1      6.12                      2.93   3.19     2.94
  SINCE JAN 1     13.52                     16.08  -2.56    21.54

DEGREE DAYS
 HEATING
  YESTERDAY        3                         2      1        0
  MONTH TO DATE    3                         2      1        0
  SINCE JUN 1    119                       109     10       62
  SINCE JUL 1      3                         2      1        0

 COOLING
  YESTERDAY        0                         4     -4       17
  MONTH TO DATE    0                         4     -4       17
  SINCE JUN 1     31                        66    -35      129
  SINCE JAN 1     77                        77      0      152
..................................................................


WIND (MPH)
  HIGHEST WIND SPEED    21   HIGHEST WIND DIRECTION    SW (220)
  HIGHEST GUST SPEED    28   HIGHEST GUST DIRECTION    SW (230)
  AVERAGE WIND SPEED     7.5


SKY COVER
  AVERAGE SKY COVER 0.8


WEATHER CONDITIONS
 THE FOLLOWING WEATHER WAS RECORDED YESTERDAY.
  THUNDERSTORM
  HEAVY RAIN
  RAIN
  LIGHT RAIN
  FOG
  FOG W/VISIBILITY <= 1/4 MILE
  HAZE


RELATIVE HUMIDITY (PERCENT)
 HIGHEST   100           400 AM
 LOWEST     84           300 PM
 AVERAGE    92

..........................................................


THE WATERTOWN NY CLIMATE NORMALS FOR TODAY
                         NORMAL    RECORD    YEAR
 MAXIMUM TEMPERATURE (F)   78        92      1966
 MINIMUM TEMPERATURE (F)   57        33      1962


SUNRISE AND SUNSET
JULY  2 2015..........SUNRISE   526 AM EDT   SUNSET   850 PM EDT
JULY  3 2015..........SUNRISE   526 AM EDT   SUNSET   850 PM EDT


-  INDICATES NEGATIVE NUMBERS.
R  INDICATES RECORD WAS SET OR TIED.
MM INDICATES DATA IS MISSING.
T  INDICATES TRACE AMOUNT.

$$
