000
CDUS41 KBUF 011017
CLIART


CLIMATE REPORT
NATIONAL WEATHER SERVICE BUFFALO NY
616 AM EDT MON JUN 1 2015


...................................

...THE WATERTOWN NY CLIMATE SUMMARY FOR MAY 31 2015...

CLIMATE NORMAL PERIOD 1981 TO 2010
CLIMATE RECORD PERIOD 1949 TO 2015


WEATHER ITEM   OBSERVED TIME   RECORD YEAR NORMAL DEPARTURE LAST
                VALUE   (LST)  VALUE       VALUE  FROM      YEAR
                                                  NORMAL
..................................................................
TEMPERATURE (F)
 YESTERDAY
  MAXIMUM         59   1211 AM  88    2013  70    -11       73
                                      2010
  MINIMUM         45    534 AM  30    1966  48     -3       39
  AVERAGE         52                        59     -7       56

PRECIPITATION (IN)
  YESTERDAY        0.61          1.37 1960   0.10   0.51     0.00
  MONTH TO DATE    1.79                      3.07  -1.28     3.46
  SINCE MAR 1      4.31                      8.27  -3.96    11.50
  SINCE JAN 1      7.40                     13.15  -5.75    18.60

DEGREE DAYS
 HEATING
  YESTERDAY       13                         7      6        9
  MONTH TO DATE  217                       333   -116      266
  SINCE MAR 1   2025                      2035    -10     2190
  SINCE JUL 1   7545                      7476     69     7861

 COOLING
  YESTERDAY        0                         1     -1        0
  MONTH TO DATE   46                        10     36       23
  SINCE MAR 1     46                        11     35       23
  SINCE JAN 1     46                        11     35       23
..................................................................


WIND (MPH)
  HIGHEST WIND SPEED    26   HIGHEST WIND DIRECTION    NE (30)
  HIGHEST GUST SPEED    33   HIGHEST GUST DIRECTION    NE (40)
  AVERAGE WIND SPEED    17.1


SKY COVER
  AVERAGE SKY COVER 0.8


WEATHER CONDITIONS
 THE FOLLOWING WEATHER WAS RECORDED YESTERDAY.
  RAIN
  LIGHT RAIN
  FOG


RELATIVE HUMIDITY (PERCENT)
 HIGHEST    93           600 AM
 LOWEST     77          1200 PM
 AVERAGE    85

..........................................................


THE WATERTOWN NY CLIMATE NORMALS FOR TODAY
                         NORMAL    RECORD    YEAR
 MAXIMUM TEMPERATURE (F)   70        88      2013
 MINIMUM TEMPERATURE (F)   48        32      1971


SUNRISE AND SUNSET
JUNE  1 2015..........SUNRISE   524 AM EDT   SUNSET   840 PM EDT
JUNE  2 2015..........SUNRISE   524 AM EDT   SUNSET   841 PM EDT


-  INDICATES NEGATIVE NUMBERS.
R  INDICATES RECORD WAS SET OR TIED.
MM INDICATES DATA IS MISSING.
T  INDICATES TRACE AMOUNT.

$$
