000
CDUS41 KBUF 301012
CLIART


CLIMATE REPORT
NATIONAL WEATHER SERVICE BUFFALO NY
609 AM EDT TUE SEP 30 2014


...................................

...THE WATERTOWN NY CLIMATE SUMMARY FOR SEPTEMBER 29 2014...

CLIMATE NORMAL PERIOD 1981 TO 2010
CLIMATE RECORD PERIOD 1949 TO 2014


WEATHER ITEM   OBSERVED TIME   RECORD YEAR NORMAL DEPARTURE LAST
                VALUE   (LST)  VALUE       VALUE  FROM      YEAR
                                                  NORMAL
..................................................................
TEMPERATURE (F)
 YESTERDAY
  MAXIMUM         75    409 PM  88    1959  65     10       74
  MINIMUM         51    432 AM  23    2000  44      7       49
  AVERAGE         63                        54      9       62

PRECIPITATION (IN)
  YESTERDAY        0.00          1.81 1997   0.13  -0.13     0.00
  MONTH TO DATE    1.58                      3.58  -2.00     2.82
  SINCE SEP 1      1.58                      3.58  -2.00     2.82
  SINCE JAN 1     33.84                     25.38   8.46    24.62

DEGREE DAYS
 HEATING
  YESTERDAY        2                        11     -9        3
  MONTH TO DATE  174                       190    -16      228
  SINCE SEP 1    174                       190    -16      228
  SINCE JUL 1    224                       262    -38      271

 COOLING
  YESTERDAY        0                         0      0        0
  MONTH TO DATE   56                        36     20       48
  SINCE SEP 1     56                        36     20       48
  SINCE JAN 1    416                       360     56      481
..................................................................


WIND (MPH)
  HIGHEST WIND SPEED    13   HIGHEST WIND DIRECTION     W (270)
  HIGHEST GUST SPEED    15   HIGHEST GUST DIRECTION     W (270)
  AVERAGE WIND SPEED     4.0


SKY COVER
  AVERAGE SKY COVER 0.0


WEATHER CONDITIONS
 THE FOLLOWING WEATHER WAS RECORDED YESTERDAY.
  FOG
  HAZE


RELATIVE HUMIDITY (PERCENT)
 HIGHEST    86           900 PM
 LOWEST     46           300 PM
 AVERAGE    66

..........................................................


THE WATERTOWN NY CLIMATE NORMALS FOR TODAY
                         NORMAL    RECORD    YEAR
 MAXIMUM TEMPERATURE (F)   64        80      1953
 MINIMUM TEMPERATURE (F)   43        22      1991


SUNRISE AND SUNSET
SEPTEMBER 30 2014.....SUNRISE   701 AM EDT   SUNSET   647 PM EDT
OCTOBER  1 2014.......SUNRISE   702 AM EDT   SUNSET   645 PM EDT


-  INDICATES NEGATIVE NUMBERS.
R  INDICATES RECORD WAS SET OR TIED.
MM INDICATES DATA IS MISSING.
T  INDICATES TRACE AMOUNT.




$$
