000
CDUS41 KBUF 151018
CLIART


CLIMATE REPORT
NATIONAL WEATHER SERVICE BUFFALO NY
615 AM EDT TUE APR 15 2014


...................................

...THE WATERTOWN NY CLIMATE SUMMARY FOR APRIL 14 2014...

CLIMATE NORMAL PERIOD 1981 TO 2010
CLIMATE RECORD PERIOD 1949 TO 2014


WEATHER ITEM   OBSERVED TIME   RECORD YEAR NORMAL DEPARTURE LAST
                VALUE   (LST)  VALUE       VALUE  FROM      YEAR
                                                  NORMAL
..................................................................
TEMPERATURE (F)
 YESTERDAY
  MAXIMUM         80   1223 PM  87    1968  54     26       45
  MINIMUM         50    218 AM  18    1973  33     17       27
  AVERAGE         65                        43     22       36

PRECIPITATION (IN)
  YESTERDAY        0.56R         0.56 2002   0.10   0.46     0.02
                                      2002
                                      2014
  MONTH TO DATE    2.71                      1.36   1.35     1.96
  SINCE MAR 1      4.82                      3.66   1.16     2.95
  SINCE JAN 1     11.92                      8.54   3.38     7.25

DEGREE DAYS
 HEATING
  YESTERDAY        0                        22    -22       29
  MONTH TO DATE  300                       343    -43      360
  SINCE MAR 1   1605                      1409    196     1368
  SINCE JUL 1   7276                      6850    426     6218

 COOLING
  YESTERDAY        0                         0      0        0
  MONTH TO DATE    0                         0      0        0
  SINCE MAR 1      0                         0      0        0
  SINCE JAN 1      0                         0      0        0
..................................................................


WIND (MPH)
  HIGHEST WIND SPEED    29   HIGHEST WIND DIRECTION     W (260)
  HIGHEST GUST SPEED    42   HIGHEST GUST DIRECTION     W (270)
  AVERAGE WIND SPEED    11.7


SKY COVER
  AVERAGE SKY COVER 0.4


WEATHER CONDITIONS
 THE FOLLOWING WEATHER WAS RECORDED YESTERDAY.
  THUNDERSTORM
  HEAVY RAIN
  RAIN
  LIGHT RAIN
  FOG


RELATIVE HUMIDITY (PERCENT)
 HIGHEST    86           500 PM
 LOWEST     39          1200 PM
 AVERAGE    63

..........................................................


THE WATERTOWN NY CLIMATE NORMALS FOR TODAY
                         NORMAL    RECORD    YEAR
 MAXIMUM TEMPERATURE (F)   54        85      1994
 MINIMUM TEMPERATURE (F)   33        17      1992


SUNRISE AND SUNSET
APRIL 15 2014.........SUNRISE   621 AM EDT   SUNSET   748 PM EDT
APRIL 16 2014.........SUNRISE   619 AM EDT   SUNSET   749 PM EDT


-  INDICATES NEGATIVE NUMBERS.
R  INDICATES RECORD WAS SET OR TIED.
MM INDICATES DATA IS MISSING.
T  INDICATES TRACE AMOUNT.




$$
