000
CDUS41 KBUF 171014
CLIART


CLIMATE REPORT
NATIONAL WEATHER SERVICE BUFFALO NY
514 AM EST WED JAN 17 2018


...................................

...THE WATERTOWN NY CLIMATE SUMMARY FOR JANUARY 16 2018...

CLIMATE NORMAL PERIOD 1981 TO 2010
CLIMATE RECORD PERIOD 1949 TO 2018


WEATHER ITEM   OBSERVED TIME   RECORD YEAR NORMAL DEPARTURE LAST
                VALUE   (LST)  VALUE       VALUE  FROM      YEAR
                                                  NORMAL
..................................................................
TEMPERATURE (F)
 YESTERDAY
  MAXIMUM         MM        MM  53    1953  29     MM       36
  MINIMUM          6    857 PM -43    1994   9     -3       19
  AVERAGE         MM                        19     MM       28

PRECIPITATION (IN)
  YESTERDAY        0.02          0.74 1979   0.08  -0.06     0.00
  MONTH TO DATE    1.67                      1.44   0.23     1.09
  SINCE DEC 1      3.46                      4.59  -1.13     3.28
  SINCE JAN 1      1.67                      1.44   0.23     1.09

DEGREE DAYS
 HEATING
  YESTERDAY       MM                        46     MM       37
  MONTH TO DATE  597                       721   -124      663
  SINCE DEC 1   2008                      1918     90     1780
  SINCE JUL 1   3367                      3517   -150     3122

 COOLING
  YESTERDAY       MM                         0     MM        0
  MONTH TO DATE    0                         0      0        0
  SINCE DEC 1      0                         0      0        0
  SINCE JAN 1      0                         0      0        0
..................................................................


WIND (MPH)
  HIGHEST WIND SPEED    13   HIGHEST WIND DIRECTION    SW (220)
  HIGHEST GUST SPEED    19   HIGHEST GUST DIRECTION    SW (230)
  AVERAGE WIND SPEED     4.6


SKY COVER
  AVERAGE SKY COVER 0.9


WEATHER CONDITIONS
 THE FOLLOWING WEATHER WAS RECORDED YESTERDAY.
  SNOW
  LIGHT SNOW
  FOG
  FOG W/VISIBILITY <= 1/4 MILE
  HAZE


RELATIVE HUMIDITY (PERCENT)
 HIGHEST   100           700 PM
 LOWEST     42          1200 AM
 AVERAGE    71

..........................................................


THE WATERTOWN NY CLIMATE NORMALS FOR TODAY
                         NORMAL    RECORD    YEAR
 MAXIMUM TEMPERATURE (F)   29        52      1990
 MINIMUM TEMPERATURE (F)    9       -25      1971


SUNRISE AND SUNSET
JANUARY 17 2018.......SUNRISE   734 AM EST   SUNSET   454 PM EST
JANUARY 18 2018.......SUNRISE   734 AM EST   SUNSET   456 PM EST


-  INDICATES NEGATIVE NUMBERS.
R  INDICATES RECORD WAS SET OR TIED.
MM INDICATES DATA IS MISSING.
T  INDICATES TRACE AMOUNT.




$$
