000
CDUS41 KBUF 250705
CLIART


CLIMATE REPORT
NATIONAL WEATHER SERVICE BUFFALO NY
305 AM EDT TUE JUL 25 2017


...................................

...THE WATERTOWN NY CLIMATE SUMMARY FOR JULY 24 2017...

CLIMATE NORMAL PERIOD 1981 TO 2010
CLIMATE RECORD PERIOD 1949 TO 2017


WEATHER ITEM   OBSERVED TIME   RECORD YEAR NORMAL DEPARTURE LAST
                VALUE   (LST)  VALUE       VALUE  FROM      YEAR
                                                  NORMAL
..................................................................
TEMPERATURE (F)
 YESTERDAY
  MAXIMUM         72    229 PM  90    1973  80     -8       86
  MINIMUM         62   1159 PM  43    2004  59      3       52
  AVERAGE         67                        69     -2       69

PRECIPITATION (IN)
  YESTERDAY        1.22R         0.77 2003   0.08   1.14     0.00
  MONTH TO DATE    4.29                      2.00   2.29     0.32
  SINCE JUN 1     10.47                      4.85   5.62     3.92
  SINCE JAN 1     26.14                     18.00   8.14    14.92

DEGREE DAYS
 HEATING
  YESTERDAY        0                         1     -1        0
  MONTH TO DATE    2                        25    -23        5
  SINCE JUN 1    104                       132    -28      103
  SINCE JUL 1      2                        25    -23        5

 COOLING
  YESTERDAY        2                         5     -3        4
  MONTH TO DATE  112                       109      3      145
  SINCE JUN 1    192                       171     21      192
  SINCE JAN 1    211                       182     29      222
..................................................................


WIND (MPH)
  HIGHEST WIND SPEED    15   HIGHEST WIND DIRECTION     S (160)
  HIGHEST GUST SPEED    22   HIGHEST GUST DIRECTION     S (160)
  AVERAGE WIND SPEED     6.3


SKY COVER
  AVERAGE SKY COVER 1.0


WEATHER CONDITIONS
 THE FOLLOWING WEATHER WAS RECORDED YESTERDAY.
  THUNDERSTORM
  HEAVY RAIN
  RAIN
  LIGHT RAIN
  FOG
  HAZE


RELATIVE HUMIDITY (PERCENT)
 HIGHEST   100           100 AM
 LOWEST     79           300 AM
 AVERAGE    90

..........................................................


THE WATERTOWN NY CLIMATE NORMALS FOR TODAY
                         NORMAL    RECORD    YEAR
 MAXIMUM TEMPERATURE (F)   80        90      1985
 MINIMUM TEMPERATURE (F)   59        43      1976


SUNRISE AND SUNSET
JULY 25 2017..........SUNRISE   545 AM EDT   SUNSET   835 PM EDT
JULY 26 2017..........SUNRISE   546 AM EDT   SUNSET   834 PM EDT


-  INDICATES NEGATIVE NUMBERS.
R  INDICATES RECORD WAS SET OR TIED.
MM INDICATES DATA IS MISSING.
T  INDICATES TRACE AMOUNT.




$$
