000
CDUS41 KBUF 280705
CLIART


CLIMATE REPORT
NATIONAL WEATHER SERVICE BUFFALO NY
205 AM EST SUN DEC 28 2014


...................................

...THE WATERTOWN NY CLIMATE SUMMARY FOR DECEMBER 27 2014...

CLIMATE NORMAL PERIOD 1981 TO 2010
CLIMATE RECORD PERIOD 1949 TO 2014


WEATHER ITEM   OBSERVED TIME   RECORD YEAR NORMAL DEPARTURE LAST
                VALUE   (LST)  VALUE       VALUE  FROM      YEAR
                                                  NORMAL
..................................................................
TEMPERATURE (F)
 YESTERDAY
  MAXIMUM         55    845 PM  59    2008  32     23       31
  MINIMUM         40    656 AM -37    1989  14     26       23
  AVERAGE         48                        22     26       27

PRECIPITATION (IN)
  YESTERDAY        T             1.06 2012   0.09  -0.09     0.09
  MONTH TO DATE    1.09                      2.76  -1.67     2.40
  SINCE DEC 1      1.09                      2.76  -1.67     2.40
  SINCE JAN 1     41.31                     35.69   5.62    34.74

DEGREE DAYS
 HEATING
  YESTERDAY       17                        42    -25       38
  MONTH TO DATE  831                      1024   -193     1111
  SINCE DEC 1    831                      1024   -193     1111
  SINCE JUL 1   2184                      2623   -439     2686

 COOLING
  YESTERDAY        0                         0      0        0
  MONTH TO DATE    0                         0      0        0
  SINCE DEC 1      0                         0      0        0
  SINCE JAN 1    433                       362     71      481
..................................................................


WIND (MPH)
  HIGHEST WIND SPEED    23   HIGHEST WIND DIRECTION    SW (210)
  HIGHEST GUST SPEED    32   HIGHEST GUST DIRECTION     S (200)
  AVERAGE WIND SPEED     8.0


SKY COVER
  AVERAGE SKY COVER 1.0


WEATHER CONDITIONS
 THE FOLLOWING WEATHER WAS RECORDED YESTERDAY.
  NO SIGNIFICANT WEATHER WAS OBSERVED.


RELATIVE HUMIDITY (PERCENT)
 HIGHEST    79           700 AM
 LOWEST     47           800 PM
 AVERAGE    63

..........................................................


THE WATERTOWN NY CLIMATE NORMALS FOR TODAY
                         NORMAL    RECORD    YEAR
 MAXIMUM TEMPERATURE (F)   31        60      2008
                                             1982
 MINIMUM TEMPERATURE (F)   13       -23      1993


SUNRISE AND SUNSET
DECEMBER 28 2014......SUNRISE   738 AM EST   SUNSET   433 PM EST
DECEMBER 29 2014......SUNRISE   738 AM EST   SUNSET   434 PM EST


-  INDICATES NEGATIVE NUMBERS.
R  INDICATES RECORD WAS SET OR TIED.
MM INDICATES DATA IS MISSING.
T  INDICATES TRACE AMOUNT.




$$
