000
CDUS41 KBUF 231013
CLIART


CLIMATE REPORT
NATIONAL WEATHER SERVICE BUFFALO NY
612 AM EDT THU OCT 23 2014


...................................

...THE WATERTOWN NY CLIMATE SUMMARY FOR OCTOBER 22 2014...

CLIMATE NORMAL PERIOD 1981 TO 2010
CLIMATE RECORD PERIOD 1949 TO 2014


WEATHER ITEM   OBSERVED TIME   RECORD YEAR NORMAL DEPARTURE LAST
                VALUE   (LST)  VALUE       VALUE  FROM      YEAR
                                                  NORMAL
..................................................................
TEMPERATURE (F)
 YESTERDAY
  MAXIMUM         53    152 PM  84    1979  56     -3       55
  MINIMUM         45    659 AM  23    1992  37      8       45
  AVERAGE         49                        46      3       50

PRECIPITATION (IN)
  YESTERDAY        0.00          1.35 1988   0.11  -0.11     0.50
  MONTH TO DATE    2.72                      2.64   0.08     3.02
  SINCE SEP 1      4.30                      6.36  -2.06     5.84
  SINCE JAN 1     36.56                     28.16   8.40    27.64

DEGREE DAYS
 HEATING
  YESTERDAY       16                        19     -3       15
  MONTH TO DATE  226                       341   -115      192
  SINCE SEP 1    402                       543   -141      423
  SINCE JUL 1    452                       615   -163      466

 COOLING
  YESTERDAY        0                         0      0        0
  MONTH TO DATE   17                         0     17        0
  SINCE SEP 1     73                        35     38       48
  SINCE JAN 1    433                       359     74      481
..................................................................


WIND (MPH)
  HIGHEST WIND SPEED    23   HIGHEST WIND DIRECTION    NE (40)
  HIGHEST GUST SPEED    27   HIGHEST GUST DIRECTION    NE (30)
  AVERAGE WIND SPEED    14.4


SKY COVER
  AVERAGE SKY COVER 0.8


WEATHER CONDITIONS
 THE FOLLOWING WEATHER WAS RECORDED YESTERDAY.
  NO SIGNIFICANT WEATHER WAS OBSERVED.


RELATIVE HUMIDITY (PERCENT)
 HIGHEST    76          1200 AM
 LOWEST     56          1100 PM
 AVERAGE    66

..........................................................


THE WATERTOWN NY CLIMATE NORMALS FOR TODAY
                         NORMAL    RECORD    YEAR
 MAXIMUM TEMPERATURE (F)   56        80      1979
 MINIMUM TEMPERATURE (F)   36        20      1997


SUNRISE AND SUNSET
OCTOBER 23 2014.......SUNRISE   729 AM EDT   SUNSET   607 PM EDT
OCTOBER 24 2014.......SUNRISE   730 AM EDT   SUNSET   606 PM EDT


-  INDICATES NEGATIVE NUMBERS.
R  INDICATES RECORD WAS SET OR TIED.
MM INDICATES DATA IS MISSING.
T  INDICATES TRACE AMOUNT.

$$
