000
CDUS41 KBUF 311015
CLIART


CLIMATE REPORT
NATIONAL WEATHER SERVICE BUFFALO NY
614 AM EDT FRI OCT 31 2014


...................................

...THE WATERTOWN NY CLIMATE SUMMARY FOR OCTOBER 30 2014...

CLIMATE NORMAL PERIOD 1981 TO 2010
CLIMATE RECORD PERIOD 1949 TO 2014


WEATHER ITEM   OBSERVED TIME   RECORD YEAR NORMAL DEPARTURE LAST
                VALUE   (LST)  VALUE       VALUE  FROM      YEAR
                                                  NORMAL
..................................................................
TEMPERATURE (F)
 YESTERDAY
  MAXIMUM         49   1248 AM  74    1999  53     -4       48
  MINIMUM         31   1121 PM  16    1966  35     -4       33
  AVERAGE         40                        44     -4       41

PRECIPITATION (IN)
  YESTERDAY        0.00          0.60 1955   0.11  -0.11     0.12
  MONTH TO DATE    3.62                      3.54   0.08     3.99
  SINCE SEP 1      5.20                      7.26  -2.06     6.81
  SINCE JAN 1     37.46                     29.06   8.40    28.61

DEGREE DAYS
 HEATING
  YESTERDAY       25                        21      4       24
  MONTH TO DATE  339                       502   -163      400
  SINCE SEP 1    515                       704   -189      631
  SINCE JUL 1    565                       776   -211      674

 COOLING
  YESTERDAY        0                         0      0        0
  MONTH TO DATE   17                         0     17        0
  SINCE SEP 1     73                        35     38       48
  SINCE JAN 1    433                       359     74      481
..................................................................


WIND (MPH)
  HIGHEST WIND SPEED    15   HIGHEST WIND DIRECTION     N (350)
  HIGHEST GUST SPEED    19   HIGHEST GUST DIRECTION     W (270)
  AVERAGE WIND SPEED     4.3


SKY COVER
  AVERAGE SKY COVER 0.8


WEATHER CONDITIONS
 THE FOLLOWING WEATHER WAS RECORDED YESTERDAY.
  NO SIGNIFICANT WEATHER WAS OBSERVED.


RELATIVE HUMIDITY (PERCENT)
 HIGHEST    82           800 PM
 LOWEST     58          1100 AM
 AVERAGE    70

..........................................................


THE WATERTOWN NY CLIMATE NORMALS FOR TODAY
                         NORMAL    RECORD    YEAR
 MAXIMUM TEMPERATURE (F)   53        72      1989
 MINIMUM TEMPERATURE (F)   34        15      2002


SUNRISE AND SUNSET
OCTOBER 31 2014.......SUNRISE   739 AM EDT   SUNSET   556 PM EDT
NOVEMBER  1 2014......SUNRISE   740 AM EDT   SUNSET   554 PM EDT


-  INDICATES NEGATIVE NUMBERS.
R  INDICATES RECORD WAS SET OR TIED.
MM INDICATES DATA IS MISSING.
T  INDICATES TRACE AMOUNT.

$$
