000
CDUS41 KBUF 200705
CLIART


CLIMATE REPORT
NATIONAL WEATHER SERVICE BUFFALO NY
205 AM EST TUE FEB 20 2018


...................................

...THE WATERTOWN NY CLIMATE SUMMARY FOR FEBRUARY 19 2018...

CLIMATE NORMAL PERIOD 1981 TO 2010
CLIMATE RECORD PERIOD 1949 TO 2018


WEATHER ITEM   OBSERVED TIME   RECORD YEAR NORMAL DEPARTURE LAST
                VALUE   (LST)  VALUE       VALUE  FROM      YEAR
                                                  NORMAL
..................................................................
TEMPERATURE (F)
 YESTERDAY
  MAXIMUM         49   1151 PM  60    1994  33     16       46
  MINIMUM         27   1203 AM -35    2007  11     16       35
  AVERAGE         38                        22     16       41

PRECIPITATION (IN)
  YESTERDAY        0.04          1.15 1972   0.08  -0.04     0.00
  MONTH TO DATE    0.77                      1.49  -0.72     1.11
  SINCE DEC 1      4.82                      7.30  -2.48     5.08
  SINCE JAN 1      3.03                      4.15  -1.12     2.89

DEGREE DAYS
 HEATING
  YESTERDAY       27                        43    -16       24
  MONTH TO DATE  777                       854    -77      754
  SINCE DEC 1   3634                      3466    168     3043
  SINCE JUL 1   4993                      5065    -72     4385

 COOLING
  YESTERDAY        0                         0      0        0
  MONTH TO DATE    0                         0      0        0
  SINCE DEC 1      0                         0      0        0
  SINCE JAN 1      0                         0      0        0
..................................................................


WIND (MPH)
  HIGHEST WIND SPEED    21   HIGHEST WIND DIRECTION     S (170)
  HIGHEST GUST SPEED    34   HIGHEST GUST DIRECTION     S (190)
  AVERAGE WIND SPEED    10.5


SKY COVER
  AVERAGE SKY COVER 0.5


WEATHER CONDITIONS
 THE FOLLOWING WEATHER WAS RECORDED YESTERDAY.
  RAIN
  LIGHT RAIN
  FOG
  HAZE


RELATIVE HUMIDITY (PERCENT)
 HIGHEST    92          1000 PM
 LOWEST     52           400 AM
 AVERAGE    72

..........................................................


THE WATERTOWN NY CLIMATE NORMALS FOR TODAY
                         NORMAL    RECORD    YEAR
 MAXIMUM TEMPERATURE (F)   33        62      1994
 MINIMUM TEMPERATURE (F)   11       -16      1950


SUNRISE AND SUNSET
FEBRUARY 20 2018......SUNRISE   656 AM EST   SUNSET   541 PM EST
FEBRUARY 21 2018......SUNRISE   654 AM EST   SUNSET   542 PM EST


-  INDICATES NEGATIVE NUMBERS.
R  INDICATES RECORD WAS SET OR TIED.
MM INDICATES DATA IS MISSING.
T  INDICATES TRACE AMOUNT.




$$
