000
CDUS41 KBUF 241020
CLIART


CLIMATE REPORT
NATIONAL WEATHER SERVICE BUFFALO NY
520 AM EST FRI NOV 24 2017


...................................

...THE WATERTOWN NY CLIMATE SUMMARY FOR NOVEMBER 23 2017...

CLIMATE NORMAL PERIOD 1981 TO 2010
CLIMATE RECORD PERIOD 1949 TO 2017


WEATHER ITEM   OBSERVED TIME   RECORD YEAR NORMAL DEPARTURE LAST
                VALUE   (LST)  VALUE       VALUE  FROM      YEAR
                                                  NORMAL
..................................................................
TEMPERATURE (F)
 YESTERDAY
  MAXIMUM         40   1159 PM  69    1979  44     -4       30
  MINIMUM         20    551 AM  -2    2000  27     -7       15
  AVERAGE         30                        36     -6       23

PRECIPITATION (IN)
  YESTERDAY        T             0.75 1992   0.13  -0.13     0.00
  MONTH TO DATE    2.87                      2.90  -0.03     1.13
  SINCE SEP 1     15.92                     10.27   5.65     9.03
  SINCE JAN 1     46.65                     32.07  14.58    28.06

DEGREE DAYS
 HEATING
  YESTERDAY       35                        29      6       42
  MONTH TO DATE  628                       584     44      539
  SINCE SEP 1   1092                      1308   -216     1148
  SINCE JUL 1   1162                      1380   -218     1159

 COOLING
  YESTERDAY        0                         0      0        0
  MONTH TO DATE    0                         0      0        0
  SINCE SEP 1     59                        38     21       52
  SINCE JAN 1    389                       362     27      566
..................................................................


WIND (MPH)
  HIGHEST WIND SPEED    20   HIGHEST WIND DIRECTION     W (270)
  HIGHEST GUST SPEED    24   HIGHEST GUST DIRECTION     W (260)
  AVERAGE WIND SPEED     7.0


SKY COVER
  AVERAGE SKY COVER 0.9


WEATHER CONDITIONS
 THE FOLLOWING WEATHER WAS RECORDED YESTERDAY.
  LIGHT SNOW


RELATIVE HUMIDITY (PERCENT)
 HIGHEST    88           700 AM
 LOWEST     68           200 AM
 AVERAGE    78

..........................................................


THE WATERTOWN NY CLIMATE NORMALS FOR TODAY
                         NORMAL    RECORD    YEAR
 MAXIMUM TEMPERATURE (F)   43        71      2014
 MINIMUM TEMPERATURE (F)   27        -2      2000


SUNRISE AND SUNSET
NOVEMBER 24 2017......SUNRISE   711 AM EST   SUNSET   431 PM EST
NOVEMBER 25 2017......SUNRISE   712 AM EST   SUNSET   430 PM EST


-  INDICATES NEGATIVE NUMBERS.
R  INDICATES RECORD WAS SET OR TIED.
MM INDICATES DATA IS MISSING.
T  INDICATES TRACE AMOUNT.




$$
