000
CDUS41 KBUF 230705
CLIART


CLIMATE REPORT
NATIONAL WEATHER SERVICE BUFFALO NY
205 AM EST MON JAN 23 2017


...................................

...THE WATERTOWN NY CLIMATE SUMMARY FOR JANUARY 22 2017...

CLIMATE NORMAL PERIOD 1981 TO 2010
CLIMATE RECORD PERIOD 1949 TO 2017


WEATHER ITEM   OBSERVED TIME   RECORD YEAR NORMAL DEPARTURE LAST
                VALUE   (LST)  VALUE       VALUE  FROM      YEAR
                                                  NORMAL
..................................................................
TEMPERATURE (F)
 YESTERDAY
  MAXIMUM         42   1145 AM  55    1959  29     13       26
  MINIMUM         34   1021 PM -37    2014   9     25       -5
  AVERAGE         38                        19     19       11

PRECIPITATION (IN)
  YESTERDAY        0.00          0.87 1957   0.09  -0.09     0.00
  MONTH TO DATE    1.27                      1.95  -0.68     1.42
  SINCE DEC 1      3.46                      5.10  -1.64     3.86
  SINCE JAN 1      1.27                      1.95  -0.68     1.42

DEGREE DAYS
 HEATING
  YESTERDAY       27                        46    -19       54
  MONTH TO DATE  837                       997   -160      951
  SINCE DEC 1   1954                      2194   -240     1731
  SINCE JUL 1   3296                      3793   -497     3098

 COOLING
  YESTERDAY        0                         0      0        0
  MONTH TO DATE    0                         0      0        0
  SINCE DEC 1      0                         0      0        0
  SINCE JAN 1      0                         0      0        0
..................................................................


WIND (MPH)
  HIGHEST WIND SPEED    22   HIGHEST WIND DIRECTION    NE (50)
  HIGHEST GUST SPEED    27   HIGHEST GUST DIRECTION    NE (50)
  AVERAGE WIND SPEED    12.6


SKY COVER
  AVERAGE SKY COVER 0.9


WEATHER CONDITIONS
 THE FOLLOWING WEATHER WAS RECORDED YESTERDAY.
  FOG


RELATIVE HUMIDITY (PERCENT)
 HIGHEST   100          1200 AM
 LOWEST     85           300 PM
 AVERAGE    93

..........................................................


THE WATERTOWN NY CLIMATE NORMALS FOR TODAY
                         NORMAL    RECORD    YEAR
 MAXIMUM TEMPERATURE (F)   29        57      1999
 MINIMUM TEMPERATURE (F)    8       -31      1976


SUNRISE AND SUNSET
JANUARY 23 2017.......SUNRISE   730 AM EST   SUNSET   503 PM EST
JANUARY 24 2017.......SUNRISE   729 AM EST   SUNSET   504 PM EST


-  INDICATES NEGATIVE NUMBERS.
R  INDICATES RECORD WAS SET OR TIED.
MM INDICATES DATA IS MISSING.
T  INDICATES TRACE AMOUNT.




$$
