000
CDUS41 KBUF 271029
CLIART


CLIMATE REPORT
NATIONAL WEATHER SERVICE BUFFALO NY
627 AM EDT SAT MAY 27 2017


...................................

...THE WATERTOWN NY CLIMATE SUMMARY FOR MAY 26 2017...

CLIMATE NORMAL PERIOD 1981 TO 2010
CLIMATE RECORD PERIOD 1949 TO 2017


WEATHER ITEM   OBSERVED TIME   RECORD YEAR NORMAL DEPARTURE LAST
                VALUE   (LST)  VALUE       VALUE  FROM      YEAR
                                                  NORMAL
..................................................................
TEMPERATURE (F)
 YESTERDAY
  MAXIMUM         63    110 PM  85    2010  69     -6       84
  MINIMUM         54   1159 PM  29    1969  47      7       51
  AVERAGE         59                        58      1       68

PRECIPITATION (IN)
  YESTERDAY        0.01          0.72 1979   0.10  -0.09     0.00
  MONTH TO DATE    5.30                      2.55   2.75     1.40
  SINCE MAR 1     11.72                      7.75   3.97     5.19
  SINCE JAN 1     15.35                     12.63   2.72    11.00

DEGREE DAYS
 HEATING
  YESTERDAY        6                         8     -2        0
  MONTH TO DATE  330                       297     33      324
  SINCE MAR 1   2025                      1999     26     1992
  SINCE JUL 1   6636                      7440   -804     6640

 COOLING
  YESTERDAY        0                         1     -1        3
  MONTH TO DATE   11                         3      8        3
  SINCE MAR 1     18                         4     14        3
  SINCE JAN 1     18                         4     14        3
..................................................................


WIND (MPH)
  HIGHEST WIND SPEED    14   HIGHEST WIND DIRECTION     N (20)
  HIGHEST GUST SPEED    18   HIGHEST GUST DIRECTION     N (340)
  AVERAGE WIND SPEED     5.8


SKY COVER
  AVERAGE SKY COVER 1.0


WEATHER CONDITIONS
 THE FOLLOWING WEATHER WAS RECORDED YESTERDAY.
  LIGHT RAIN
  FOG


RELATIVE HUMIDITY (PERCENT)
 HIGHEST   100          1200 AM
 LOWEST     78           200 PM
 AVERAGE    89

..........................................................


THE WATERTOWN NY CLIMATE NORMALS FOR TODAY
                         NORMAL    RECORD    YEAR
 MAXIMUM TEMPERATURE (F)   69        87      1960
 MINIMUM TEMPERATURE (F)   47        32      1969


SUNRISE AND SUNSET
MAY 27 2017...........SUNRISE   527 AM EDT   SUNSET   836 PM EDT
MAY 28 2017...........SUNRISE   527 AM EDT   SUNSET   837 PM EDT


-  INDICATES NEGATIVE NUMBERS.
R  INDICATES RECORD WAS SET OR TIED.
MM INDICATES DATA IS MISSING.
T  INDICATES TRACE AMOUNT.




$$
