000
CDUS41 KBUF 300705
CLIART


CLIMATE REPORT
NATIONAL WEATHER SERVICE BUFFALO NY
305 AM EDT TUE JUN 30 2015


...................................

...THE WATERTOWN NY CLIMATE SUMMARY FOR JUNE 29 2015...

CLIMATE NORMAL PERIOD 1981 TO 2010
CLIMATE RECORD PERIOD 1949 TO 2015


WEATHER ITEM   OBSERVED TIME   RECORD YEAR NORMAL DEPARTURE LAST
                VALUE   (LST)  VALUE       VALUE  FROM      YEAR
                                                  NORMAL
..................................................................
TEMPERATURE (F)
 YESTERDAY
  MAXIMUM         67    404 PM  89    2014  78    -11       89
  MINIMUM         51   1141 PM  33    1988  56     -5       71
  AVERAGE         59                        67     -8       80

PRECIPITATION (IN)
  YESTERDAY        T             0.98 1999   0.09  -0.09     0.01
  MONTH TO DATE    5.64                      2.77   2.87     2.91
  SINCE JUN 1      5.64                      2.77   2.87     2.91
  SINCE JAN 1     13.04                     15.92  -2.88    21.51

DEGREE DAYS
 HEATING
  YESTERDAY        6                         2      4        0
  MONTH TO DATE  110                       106      4       62
  SINCE JUN 1    110                       106      4       62
  SINCE JUL 1   7655                      7582     73     7923

 COOLING
  YESTERDAY        0                         4     -4       15
  MONTH TO DATE   31                        57    -26       97
  SINCE JUN 1     31                        57    -26       97
  SINCE JAN 1     77                        68      9      120
..................................................................


WIND (MPH)
  HIGHEST WIND SPEED    15   HIGHEST WIND DIRECTION    SW (220)
  HIGHEST GUST SPEED    20   HIGHEST GUST DIRECTION     W (260)
  AVERAGE WIND SPEED     6.2


SKY COVER
  AVERAGE SKY COVER 0.6


WEATHER CONDITIONS
 THE FOLLOWING WEATHER WAS RECORDED YESTERDAY.
  FOG


RELATIVE HUMIDITY (PERCENT)
 HIGHEST   100           100 AM
 LOWEST     68           300 PM
 AVERAGE    84

..........................................................


THE WATERTOWN NY CLIMATE NORMALS FOR TODAY
                         NORMAL    RECORD    YEAR
 MAXIMUM TEMPERATURE (F)   78        89      1997
 MINIMUM TEMPERATURE (F)   56        45      2007


SUNRISE AND SUNSET
JUNE 30 2015..........SUNRISE   525 AM EDT   SUNSET   851 PM EDT
JULY  1 2015..........SUNRISE   525 AM EDT   SUNSET   851 PM EDT


-  INDICATES NEGATIVE NUMBERS.
R  INDICATES RECORD WAS SET OR TIED.
MM INDICATES DATA IS MISSING.
T  INDICATES TRACE AMOUNT.




$$
