000
CDUS41 KBUF 190705
CLIART


CLIMATE REPORT
NATIONAL WEATHER SERVICE BUFFALO NY
305 AM EDT FRI SEP 19 2014


...................................

...THE WATERTOWN NY CLIMATE SUMMARY FOR SEPTEMBER 18 2014...

CLIMATE NORMAL PERIOD 1981 TO 2010
CLIMATE RECORD PERIOD 1949 TO 2014


WEATHER ITEM   OBSERVED TIME   RECORD YEAR NORMAL DEPARTURE LAST
                VALUE   (LST)  VALUE       VALUE  FROM      YEAR
                                                  NORMAL
..................................................................
TEMPERATURE (F)
 YESTERDAY
  MAXIMUM         60    256 PM  86    1955  70    -10       70
  MINIMUM         37   1159 PM  26    1990  48    -11       38
  AVERAGE         49                        59    -10       54

PRECIPITATION (IN)
  YESTERDAY        T             1.87 1973   0.14  -0.14     0.00
  MONTH TO DATE    1.29                      2.07  -0.78     1.72
  SINCE SEP 1      1.29                      2.07  -0.78     1.72
  SINCE JAN 1     33.55                     23.87   9.68    23.52

DEGREE DAYS
 HEATING
  YESTERDAY       16                         7      9       11
  MONTH TO DATE  106                        87     19      117
  SINCE SEP 1    106                        87     19      117
  SINCE JUL 1    156                       159     -3      160

 COOLING
  YESTERDAY        0                         1     -1        0
  MONTH TO DATE   52                        28     24       48
  SINCE SEP 1     52                        28     24       48
  SINCE JAN 1    412                       352     60      481
..................................................................


WIND (MPH)
  HIGHEST WIND SPEED    16   HIGHEST WIND DIRECTION    NE (40)
  HIGHEST GUST SPEED    23   HIGHEST GUST DIRECTION    NE (30)
  AVERAGE WIND SPEED     8.4


SKY COVER
  AVERAGE SKY COVER 0.6


WEATHER CONDITIONS
 THE FOLLOWING WEATHER WAS RECORDED YESTERDAY.
  LIGHT RAIN


RELATIVE HUMIDITY (PERCENT)
 HIGHEST    80           900 AM
 LOWEST     46           300 PM
 AVERAGE    63

..........................................................


THE WATERTOWN NY CLIMATE NORMALS FOR TODAY
                         NORMAL    RECORD    YEAR
 MAXIMUM TEMPERATURE (F)   69        84      2003
 MINIMUM TEMPERATURE (F)   47        29      2009


SUNRISE AND SUNSET
SEPTEMBER 19 2014.....SUNRISE   648 AM EDT   SUNSET   707 PM EDT
SEPTEMBER 20 2014.....SUNRISE   649 AM EDT   SUNSET   705 PM EDT


-  INDICATES NEGATIVE NUMBERS.
R  INDICATES RECORD WAS SET OR TIED.
MM INDICATES DATA IS MISSING.
T  INDICATES TRACE AMOUNT.




$$
