000
CDUS41 KBUF 261011
CLIART


CLIMATE REPORT
NATIONAL WEATHER SERVICE BUFFALO NY
611 AM EDT MON SEP 26 2016


...................................

...THE WATERTOWN NY CLIMATE SUMMARY FOR SEPTEMBER 25 2016...

CLIMATE NORMAL PERIOD 1981 TO 2010
CLIMATE RECORD PERIOD 1949 TO 2016


WEATHER ITEM   OBSERVED TIME   RECORD YEAR NORMAL DEPARTURE LAST
                VALUE   (LST)  VALUE       VALUE  FROM      YEAR
                                                  NORMAL
..................................................................
TEMPERATURE (F)
 YESTERDAY
  MAXIMUM         64    248 PM  89    2007  67     -3       70
  MINIMUM         31    610 AM  30    1992  45    -14       47
  AVERAGE         48                        56     -8       59

PRECIPITATION (IN)
  YESTERDAY        0.00          2.31 1975   0.14  -0.14     0.00
  MONTH TO DATE    2.32                      3.04  -0.72     2.71
  SINCE SEP 1      2.32                      3.04  -0.72     2.71
  SINCE JAN 1     21.35                     24.84  -3.49    20.06

DEGREE DAYS
 HEATING
  YESTERDAY       17                        10      7        6
  MONTH TO DATE  104                       148    -44       64
  SINCE SEP 1    104                       148    -44       64
  SINCE JUL 1    115                       220   -105      119

 COOLING
  YESTERDAY        0                         1     -1        0
  MONTH TO DATE   47                        35     12       79
  SINCE SEP 1     47                        35     12       79
  SINCE JAN 1    561                       359    202      385
..................................................................


WIND (MPH)
  HIGHEST WIND SPEED    12   HIGHEST WIND DIRECTION    NW (330)
  HIGHEST GUST SPEED    14   HIGHEST GUST DIRECTION    NW (330)
  AVERAGE WIND SPEED     2.7


SKY COVER
  AVERAGE SKY COVER 0.0


WEATHER CONDITIONS
 THE FOLLOWING WEATHER WAS RECORDED YESTERDAY.
  FOG


RELATIVE HUMIDITY (PERCENT)
 HIGHEST    96           300 AM
 LOWEST     34           400 PM
 AVERAGE    65

..........................................................


THE WATERTOWN NY CLIMATE NORMALS FOR TODAY
                         NORMAL    RECORD    YEAR
 MAXIMUM TEMPERATURE (F)   66        82      1970
 MINIMUM TEMPERATURE (F)   45        27      1978


SUNRISE AND SUNSET
SEPTEMBER 26 2016.....SUNRISE   656 AM EDT   SUNSET   653 PM EDT
SEPTEMBER 27 2016.....SUNRISE   658 AM EDT   SUNSET   651 PM EDT


-  INDICATES NEGATIVE NUMBERS.
R  INDICATES RECORD WAS SET OR TIED.
MM INDICATES DATA IS MISSING.
T  INDICATES TRACE AMOUNT.

$$
