000
CDUS41 KBUF 021020
CLIART


CLIMATE REPORT
NATIONAL WEATHER SERVICE BUFFALO NY
620 AM EDT SUN AUG 2 2015


...................................

...THE WATERTOWN NY CLIMATE SUMMARY FOR AUGUST 1 2015...

CLIMATE NORMAL PERIOD 1981 TO 2010
CLIMATE RECORD PERIOD 1949 TO 2015


WEATHER ITEM   OBSERVED TIME   RECORD YEAR NORMAL DEPARTURE LAST
                VALUE   (LST)  VALUE       VALUE  FROM      YEAR
                                                  NORMAL
..................................................................
TEMPERATURE (F)
 YESTERDAY
  MAXIMUM         75   1232 PM  91    2006  79     -4       79
                                      1955
  MINIMUM         60    947 PM  42    1998  58      2       58
  AVERAGE         68                        69     -1       69

PRECIPITATION (IN)
  YESTERDAY        0.09          0.97 1983   0.10  -0.01     0.00
  MONTH TO DATE    0.09                      0.10  -0.01     0.00
  SINCE JUN 1      7.39                      5.60   1.79     7.94
  SINCE JAN 1     14.79                     18.75  -3.96    26.54

DEGREE DAYS
 HEATING
  YESTERDAY        0                         1     -1        0
  MONTH TO DATE    0                         1     -1        0
  SINCE JUN 1    154                       134     20       81
  SINCE JUL 1     38                        27     11       19

 COOLING
  YESTERDAY        3                         5     -2        4
  MONTH TO DATE    3                         5     -2        4
  SINCE JUN 1    157                       206    -49      239
  SINCE JAN 1    203                       217    -14      262
..................................................................


WIND (MPH)
  HIGHEST WIND SPEED    20   HIGHEST WIND DIRECTION    SW (230)
  HIGHEST GUST SPEED    27   HIGHEST GUST DIRECTION    SW (230)
  AVERAGE WIND SPEED     8.4


SKY COVER
  AVERAGE SKY COVER 0.2


WEATHER CONDITIONS
 THE FOLLOWING WEATHER WAS RECORDED YESTERDAY.
  RAIN
  LIGHT RAIN
  FOG


RELATIVE HUMIDITY (PERCENT)
 HIGHEST    93           300 AM
 LOWEST     61          1100 AM
 AVERAGE    77

..........................................................


THE WATERTOWN NY CLIMATE NORMALS FOR TODAY
                         NORMAL    RECORD    YEAR
 MAXIMUM TEMPERATURE (F)   79        91      1988
 MINIMUM TEMPERATURE (F)   58        44      1962


SUNRISE AND SUNSET
AUGUST  2 2015........SUNRISE   553 AM EDT   SUNSET   827 PM EDT
AUGUST  3 2015........SUNRISE   554 AM EDT   SUNSET   826 PM EDT


-  INDICATES NEGATIVE NUMBERS.
R  INDICATES RECORD WAS SET OR TIED.
MM INDICATES DATA IS MISSING.
T  INDICATES TRACE AMOUNT.




$$
