000
CDUS41 KBUF 221022
CLIART


CLIMATE REPORT
NATIONAL WEATHER SERVICE BUFFALO NY
620 AM EDT WED OCT 22 2014


...................................

...THE WATERTOWN NY CLIMATE SUMMARY FOR OCTOBER 21 2014...

CLIMATE NORMAL PERIOD 1981 TO 2010
CLIMATE RECORD PERIOD 1949 TO 2014


WEATHER ITEM   OBSERVED TIME   RECORD YEAR NORMAL DEPARTURE LAST
                VALUE   (LST)  VALUE       VALUE  FROM      YEAR
                                                  NORMAL
..................................................................
TEMPERATURE (F)
 YESTERDAY
  MAXIMUM         53   1229 PM  78    1979  56     -3       64
  MINIMUM         45   1157 PM  14    1974  37      8       47
  AVERAGE         49                        46      3       56

PRECIPITATION (IN)
  YESTERDAY        0.06          1.64 1995   0.11  -0.05     0.00
  MONTH TO DATE    2.72                      2.53   0.19     2.52
  SINCE SEP 1      4.30                      6.25  -1.95     5.34
  SINCE JAN 1     36.56                     28.05   8.51    27.14

DEGREE DAYS
 HEATING
  YESTERDAY       16                        19     -3        9
  MONTH TO DATE  210                       322   -112      177
  SINCE SEP 1    386                       524   -138      408
  SINCE JUL 1    436                       596   -160      451

 COOLING
  YESTERDAY        0                         0      0        0
  MONTH TO DATE   17                         0     17        0
  SINCE SEP 1     73                        35     38       48
  SINCE JAN 1    433                       359     74      481
..................................................................


WIND (MPH)
  HIGHEST WIND SPEED    20   HIGHEST WIND DIRECTION    NE (40)
  HIGHEST GUST SPEED    26   HIGHEST GUST DIRECTION    NE (30)
  AVERAGE WIND SPEED    10.1


SKY COVER
  AVERAGE SKY COVER 1.0


WEATHER CONDITIONS
 THE FOLLOWING WEATHER WAS RECORDED YESTERDAY.
  LIGHT RAIN
  HAZE


RELATIVE HUMIDITY (PERCENT)
 HIGHEST    82           600 PM
 LOWEST     71           100 AM
 AVERAGE    77

..........................................................


THE WATERTOWN NY CLIMATE NORMALS FOR TODAY
                         NORMAL    RECORD    YEAR
 MAXIMUM TEMPERATURE (F)   56        84      1979
 MINIMUM TEMPERATURE (F)   37        23      1992


SUNRISE AND SUNSET
OCTOBER 22 2014.......SUNRISE   727 AM EDT   SUNSET   609 PM EDT
OCTOBER 23 2014.......SUNRISE   729 AM EDT   SUNSET   607 PM EDT


-  INDICATES NEGATIVE NUMBERS.
R  INDICATES RECORD WAS SET OR TIED.
MM INDICATES DATA IS MISSING.
T  INDICATES TRACE AMOUNT.




$$
