000
CDUS41 KBUF 260706
CLIART


CLIMATE REPORT
NATIONAL WEATHER SERVICE BUFFALO NY
305 AM EDT FRI AUG 26 2016


...................................

...THE WATERTOWN NY CLIMATE SUMMARY FOR AUGUST 25 2016...

CLIMATE NORMAL PERIOD 1981 TO 2010
CLIMATE RECORD PERIOD 1949 TO 2016


WEATHER ITEM   OBSERVED TIME   RECORD YEAR NORMAL DEPARTURE LAST
                VALUE   (LST)  VALUE       VALUE  FROM      YEAR
                                                  NORMAL
..................................................................
TEMPERATURE (F)
 YESTERDAY
  MAXIMUM         82    226 PM  90    1975  77      5       73
  MINIMUM         71    834 AM  36    1989  55     16       56
  AVERAGE         77                        66     11       65

PRECIPITATION (IN)
  YESTERDAY        0.03          1.85 1982   0.10  -0.07     0.00
  MONTH TO DATE    2.86                      2.55   0.31     2.63
  SINCE JUN 1      6.86                      8.05  -1.19     9.93
  SINCE JAN 1     17.86                     21.20  -3.34    17.33

DEGREE DAYS
 HEATING
  YESTERDAY        0                         2     -2        0
  MONTH TO DATE    6                        31    -25        7
  SINCE JUN 1    109                       164    -55      161
  SINCE JUL 1     11                        57    -46       45

 COOLING
  YESTERDAY       12                         3      9        0
  MONTH TO DATE  207                        96    111       98
  SINCE JUN 1    456                       297    159      252
  SINCE JAN 1    486                       308    178      298
..................................................................


WIND (MPH)
  HIGHEST WIND SPEED    16   HIGHEST WIND DIRECTION    SW (220)
  HIGHEST GUST SPEED    24   HIGHEST GUST DIRECTION    SW (220)
  AVERAGE WIND SPEED     8.3


SKY COVER
  AVERAGE SKY COVER 0.6


WEATHER CONDITIONS
 THE FOLLOWING WEATHER WAS RECORDED YESTERDAY.
  LIGHT RAIN
  FOG


RELATIVE HUMIDITY (PERCENT)
 HIGHEST    87           800 PM
 LOWEST     56          1200 AM
 AVERAGE    72

..........................................................


THE WATERTOWN NY CLIMATE NORMALS FOR TODAY
                         NORMAL    RECORD    YEAR
 MAXIMUM TEMPERATURE (F)   77        87      2012
                                             1993
 MINIMUM TEMPERATURE (F)   55        39      1981


SUNRISE AND SUNSET
AUGUST 26 2016........SUNRISE   621 AM EDT   SUNSET   750 PM EDT
AUGUST 27 2016........SUNRISE   622 AM EDT   SUNSET   748 PM EDT


-  INDICATES NEGATIVE NUMBERS.
R  INDICATES RECORD WAS SET OR TIED.
MM INDICATES DATA IS MISSING.
T  INDICATES TRACE AMOUNT.




$$
