000
CDUS41 KBUF 120705
CLIART


CLIMATE REPORT
NATIONAL WEATHER SERVICE BUFFALO NY
305 AM EDT SAT JUL 12 2014


...................................

...THE WATERTOWN NY CLIMATE SUMMARY FOR JULY 11 2014...

CLIMATE NORMAL PERIOD 1981 TO 2010
CLIMATE RECORD PERIOD 1949 TO 2014


WEATHER ITEM   OBSERVED TIME   RECORD YEAR NORMAL DEPARTURE LAST
                VALUE   (LST)  VALUE       VALUE  FROM      YEAR
                                                  NORMAL
..................................................................
TEMPERATURE (F)
 YESTERDAY
  MAXIMUM         77    452 PM  90    2011  79     -2       77
  MINIMUM         48    457 AM  41    2002  58    -10       62
  AVERAGE         63                        69     -6       70

PRECIPITATION (IN)
  YESTERDAY        0.00          0.75 1970   0.08  -0.08     0.03
  MONTH TO DATE    2.36                      0.91   1.45     1.44
  SINCE JUN 1      5.27                      3.76   1.51     7.48
  SINCE JAN 1     23.87                     16.91   6.96    18.10

DEGREE DAYS
 HEATING
  YESTERDAY        2                         1      1        0
  MONTH TO DATE    9                        12     -3        0
  SINCE JUN 1     71                       119    -48      103
  SINCE JUL 1      9                        12     -3        0

 COOLING
  YESTERDAY        0                         4     -4        5
  MONTH TO DATE   61                        44     17      101
  SINCE JUN 1    173                       106     67      175
  SINCE JAN 1    196                       117     79      207
..................................................................


WIND (MPH)
  HIGHEST WIND SPEED    10   HIGHEST WIND DIRECTION    SW (230)
  HIGHEST GUST SPEED    15   HIGHEST GUST DIRECTION     W (280)
  AVERAGE WIND SPEED     2.9


SKY COVER
  AVERAGE SKY COVER 0.0


WEATHER CONDITIONS
 THE FOLLOWING WEATHER WAS RECORDED YESTERDAY.
  NO SIGNIFICANT WEATHER WAS OBSERVED.


RELATIVE HUMIDITY (PERCENT)
 HIGHEST    86           200 AM
 LOWEST     38           600 PM
 AVERAGE    62

..........................................................


THE WATERTOWN NY CLIMATE NORMALS FOR TODAY
                         NORMAL    RECORD    YEAR
 MAXIMUM TEMPERATURE (F)   79        91      1966
 MINIMUM TEMPERATURE (F)   58        41      1973


SUNRISE AND SUNSET
JULY 12 2014..........SUNRISE   533 AM EDT   SUNSET   846 PM EDT
JULY 13 2014..........SUNRISE   534 AM EDT   SUNSET   846 PM EDT


-  INDICATES NEGATIVE NUMBERS.
R  INDICATES RECORD WAS SET OR TIED.
MM INDICATES DATA IS MISSING.
T  INDICATES TRACE AMOUNT.




$$
