133
CDUS41 KBUF 181020
CLIART


CLIMATE REPORT
NATIONAL WEATHER SERVICE BUFFALO NY
619 AM EDT MON MAY 18 2015


...................................

...THE WATERTOWN NY CLIMATE SUMMARY FOR MAY 17 2015...

CLIMATE NORMAL PERIOD 1981 TO 2010
CLIMATE RECORD PERIOD 1949 TO 2015


WEATHER ITEM   OBSERVED TIME   RECORD YEAR NORMAL DEPARTURE LAST
                VALUE   (LST)  VALUE       VALUE  FROM      YEAR
                                                  NORMAL
..................................................................
TEMPERATURE (F)
 YESTERDAY
  MAXIMUM         73    506 PM  82    1989  66      7       53
  MINIMUM         47    426 AM  29    1984  44      3       40
  AVERAGE         60                        55      5       47

PRECIPITATION (IN)
  YESTERDAY        0.00          0.76 1991   0.10  -0.10     0.00
  MONTH TO DATE    0.65                      1.60  -0.95     2.72
  SINCE MAR 1      3.17                      6.80  -3.63    10.76
  SINCE JAN 1      6.26                     11.68  -5.42    17.86

DEGREE DAYS
 HEATING
  YESTERDAY        5                        10     -5       18
  MONTH TO DATE  119                       216    -97      167
  SINCE MAR 1   1927                      1918      9     2091
  SINCE JUL 1   7447                      7359     88     7762

 COOLING
  YESTERDAY        0                         0      0        0
  MONTH TO DATE   17                         0     17       20
  SINCE MAR 1     17                         1     16       20
  SINCE JAN 1     17                         1     16       20
..................................................................


WIND (MPH)
  HIGHEST WIND SPEED    15   HIGHEST WIND DIRECTION    SW (230)
  HIGHEST GUST SPEED    17   HIGHEST GUST DIRECTION    SW (230)
  AVERAGE WIND SPEED     3.8


SKY COVER
  AVERAGE SKY COVER 0.4


WEATHER CONDITIONS
 THE FOLLOWING WEATHER WAS RECORDED YESTERDAY.
  FOG
  FOG W/VISIBILITY <= 1/4 MILE
  HAZE


RELATIVE HUMIDITY (PERCENT)
 HIGHEST   100           100 AM
 LOWEST     53           400 PM
 AVERAGE    77

..........................................................


THE WATERTOWN NY CLIMATE NORMALS FOR TODAY
                         NORMAL    RECORD    YEAR
 MAXIMUM TEMPERATURE (F)   67        86      1949
 MINIMUM TEMPERATURE (F)   44        28      1981


SUNRISE AND SUNSET
MAY 18 2015...........SUNRISE   535 AM EDT   SUNSET   826 PM EDT
MAY 19 2015...........SUNRISE   534 AM EDT   SUNSET   828 PM EDT


-  INDICATES NEGATIVE NUMBERS.
R  INDICATES RECORD WAS SET OR TIED.
MM INDICATES DATA IS MISSING.
T  INDICATES TRACE AMOUNT.




$$
