000
CDUS41 KBUF 210705
CLIART


CLIMATE REPORT
NATIONAL WEATHER SERVICE BUFFALO NY
305 AM EDT FRI JUL 21 2017


...................................

...THE WATERTOWN NY CLIMATE SUMMARY FOR JULY 20 2017...

CLIMATE NORMAL PERIOD 1981 TO 2010
CLIMATE RECORD PERIOD 1949 TO 2017


WEATHER ITEM   OBSERVED TIME   RECORD YEAR NORMAL DEPARTURE LAST
                VALUE   (LST)  VALUE       VALUE  FROM      YEAR
                                                  NORMAL
..................................................................
TEMPERATURE (F)
 YESTERDAY
  MAXIMUM         77   1056 AM  93    1978  80     -3       79
  MINIMUM         62   1159 PM  42    1962  59      3       48
  AVERAGE         70                        69      1       64

PRECIPITATION (IN)
  YESTERDAY        0.05          1.53 2008   0.08  -0.03     0.00
  MONTH TO DATE    3.06                      1.65   1.41     0.32
  SINCE JUN 1      9.24                      4.50   4.74     3.92
  SINCE JAN 1     24.91                     17.65   7.26    14.92

DEGREE DAYS
 HEATING
  YESTERDAY        0                         1     -1        1
  MONTH TO DATE    2                        21    -19        5
  SINCE JUN 1    104                       128    -24      103
  SINCE JUL 1      2                        21    -19        5

 COOLING
  YESTERDAY        5                         5      0        0
  MONTH TO DATE   94                        89      5      114
  SINCE JUN 1    174                       151     23      161
  SINCE JAN 1    193                       162     31      191
..................................................................


WIND (MPH)
  HIGHEST WIND SPEED    22   HIGHEST WIND DIRECTION    NW (330)
  HIGHEST GUST SPEED    27   HIGHEST GUST DIRECTION    SE (150)
  AVERAGE WIND SPEED     6.1


SKY COVER
  AVERAGE SKY COVER 0.2


WEATHER CONDITIONS
 THE FOLLOWING WEATHER WAS RECORDED YESTERDAY.
  RAIN
  LIGHT RAIN
  FOG
  HAZE


RELATIVE HUMIDITY (PERCENT)
 HIGHEST   100           500 AM
 LOWEST     54           400 PM
 AVERAGE    77

..........................................................


THE WATERTOWN NY CLIMATE NORMALS FOR TODAY
                         NORMAL    RECORD    YEAR
 MAXIMUM TEMPERATURE (F)   80        94      1994
 MINIMUM TEMPERATURE (F)   59        45      1966


SUNRISE AND SUNSET
JULY 21 2017..........SUNRISE   541 AM EDT   SUNSET   839 PM EDT
JULY 22 2017..........SUNRISE   542 AM EDT   SUNSET   838 PM EDT


-  INDICATES NEGATIVE NUMBERS.
R  INDICATES RECORD WAS SET OR TIED.
MM INDICATES DATA IS MISSING.
T  INDICATES TRACE AMOUNT.




$$
