000
CDUS41 KBUF 140705
CLIART


CLIMATE REPORT
NATIONAL WEATHER SERVICE BUFFALO NY
205 AM EST SAT JAN 14 2017


...................................

...THE WATERTOWN NY CLIMATE SUMMARY FOR JANUARY 13 2017...

CLIMATE NORMAL PERIOD 1981 TO 2010
CLIMATE RECORD PERIOD 1949 TO 2017


WEATHER ITEM   OBSERVED TIME   RECORD YEAR NORMAL DEPARTURE LAST
                VALUE   (LST)  VALUE       VALUE  FROM      YEAR
                                                  NORMAL
..................................................................
TEMPERATURE (F)
 YESTERDAY
  MAXIMUM         33    320 AM  62    2013  29      4       23
                                      2005
  MINIMUM         11   1159 PM -27    1957   9      2       12
  AVERAGE         22                        19      3       18

PRECIPITATION (IN)
  YESTERDAY        T             1.48 2012   0.08  -0.08     0.12
  MONTH TO DATE    1.09                      1.19  -0.10     1.07
  SINCE DEC 1      3.28                      4.34  -1.06     3.51
  SINCE JAN 1      1.09                      1.19  -0.10     1.07

DEGREE DAYS
 HEATING
  YESTERDAY       43                        46     -3       47
  MONTH TO DATE  535                       583    -48      522
  SINCE DEC 1   1652                      1780   -128     1302
  SINCE JUL 1   2994                      3379   -385     2669

 COOLING
  YESTERDAY        0                         0      0        0
  MONTH TO DATE    0                         0      0        0
  SINCE DEC 1      0                         0      0        0
  SINCE JAN 1      0                         0      0        0
..................................................................


WIND (MPH)
  HIGHEST WIND SPEED    26   HIGHEST WIND DIRECTION     W (270)
  HIGHEST GUST SPEED    33   HIGHEST GUST DIRECTION     W (280)
  AVERAGE WIND SPEED    13.2


SKY COVER
  AVERAGE SKY COVER 0.4


WEATHER CONDITIONS
 THE FOLLOWING WEATHER WAS RECORDED YESTERDAY.
  LIGHT SNOW


RELATIVE HUMIDITY (PERCENT)
 HIGHEST    89          1200 AM
 LOWEST     46           200 PM
 AVERAGE    68

..........................................................


THE WATERTOWN NY CLIMATE NORMALS FOR TODAY
                         NORMAL    RECORD    YEAR
 MAXIMUM TEMPERATURE (F)   29        66      1995
 MINIMUM TEMPERATURE (F)    9       -30      1957


SUNRISE AND SUNSET
JANUARY 14 2017.......SUNRISE   736 AM EST   SUNSET   451 PM EST
JANUARY 15 2017.......SUNRISE   735 AM EST   SUNSET   452 PM EST


-  INDICATES NEGATIVE NUMBERS.
R  INDICATES RECORD WAS SET OR TIED.
MM INDICATES DATA IS MISSING.
T  INDICATES TRACE AMOUNT.




$$
