000
CDUS41 KBUF 091014
CLIART


CLIMATE REPORT
NATIONAL WEATHER SERVICE BUFFALO NY
612 AM EDT WED JUL 9 2014


...................................

...THE WATERTOWN NY CLIMATE SUMMARY FOR JULY 8 2014...

CLIMATE NORMAL PERIOD 1981 TO 2010
CLIMATE RECORD PERIOD 1949 TO 2014


WEATHER ITEM   OBSERVED TIME   RECORD YEAR NORMAL DEPARTURE LAST
                VALUE   (LST)  VALUE       VALUE  FROM      YEAR
                                                  NORMAL
..................................................................
TEMPERATURE (F)
 YESTERDAY
  MAXIMUM         85    245 PM  93    1955  79      6       82
  MINIMUM         67   1014 PM  38    1969  58      9       69
  AVERAGE         76                        68      8       76

PRECIPITATION (IN)
  YESTERDAY        1.33R         0.93 1997   0.09   1.24     0.01
  MONTH TO DATE    2.36                      0.67   1.69     1.12
  SINCE JUN 1      5.27                      3.52   1.75     7.16
  SINCE JAN 1     23.87                     16.67   7.20    17.78

DEGREE DAYS
 HEATING
  YESTERDAY        0                         1     -1        0
  MONTH TO DATE    3                         9     -6        0
  SINCE JUN 1     65                       116    -51      103
  SINCE JUL 1      3                         9     -6        0

 COOLING
  YESTERDAY       11                         4      7       11
  MONTH TO DATE   61                        32     29       70
  SINCE JUN 1    173                        94     79      144
  SINCE JAN 1    196                       105     91      176
..................................................................


WIND (MPH)
  HIGHEST WIND SPEED    38   HIGHEST WIND DIRECTION     W (260)
  HIGHEST GUST SPEED    50   HIGHEST GUST DIRECTION     W (260)
  AVERAGE WIND SPEED     9.3


SKY COVER
  AVERAGE SKY COVER 0.5


WEATHER CONDITIONS
 THE FOLLOWING WEATHER WAS RECORDED YESTERDAY.
  THUNDERSTORM
  HEAVY RAIN
  RAIN
  LIGHT RAIN
  FOG
  HAZE


RELATIVE HUMIDITY (PERCENT)
 HIGHEST    84           800 PM
 LOWEST     55           300 PM
 AVERAGE    70

..........................................................


THE WATERTOWN NY CLIMATE NORMALS FOR TODAY
                         NORMAL    RECORD    YEAR
 MAXIMUM TEMPERATURE (F)   79        92      1955
 MINIMUM TEMPERATURE (F)   58        43      1972


SUNRISE AND SUNSET
JULY  9 2014..........SUNRISE   530 AM EDT   SUNSET   848 PM EDT
JULY 10 2014..........SUNRISE   531 AM EDT   SUNSET   847 PM EDT


-  INDICATES NEGATIVE NUMBERS.
R  INDICATES RECORD WAS SET OR TIED.
MM INDICATES DATA IS MISSING.
T  INDICATES TRACE AMOUNT.




$$
