000
CDUS41 KBUF 260705
CLIART


CLIMATE REPORT
NATIONAL WEATHER SERVICE BUFFALO NY
205 AM EST THU FEB 26 2015


...................................

...THE WATERTOWN NY CLIMATE SUMMARY FOR FEBRUARY 25 2015...

CLIMATE NORMAL PERIOD 1981 TO 2010
CLIMATE RECORD PERIOD 1949 TO 2015


WEATHER ITEM   OBSERVED TIME   RECORD YEAR NORMAL DEPARTURE LAST
                VALUE   (LST)  VALUE       VALUE  FROM      YEAR
                                                  NORMAL
..................................................................
TEMPERATURE (F)
 YESTERDAY
  MAXIMUM         21    922 AM  62    1976  34    -13       19
  MINIMUM        -11   1154 PM -29    1993  13    -24       12
  AVERAGE          5                        23    -18       16

PRECIPITATION (IN)
  YESTERDAY        0.04          1.07 1961   0.08  -0.04     0.04
  MONTH TO DATE    1.20                      1.97  -0.77     3.03
  SINCE DEC 1      4.79                      7.78  -2.99     9.13
  SINCE JAN 1      3.07                      4.63  -1.56     6.72

DEGREE DAYS
 HEATING
  YESTERDAY       60                        42     18       49
  MONTH TO DATE 1455                      1108    347     1161
  SINCE DEC 1   3979                      3720    259     3920
  SINCE JUL 1   5332                      5319     13     5495

 COOLING
  YESTERDAY        0                         0      0        0
  MONTH TO DATE    0                         0      0        0
  SINCE DEC 1      0                         0      0        0
  SINCE JAN 1      0                         0      0        0
..................................................................


WIND (MPH)
  HIGHEST WIND SPEED    24   HIGHEST WIND DIRECTION     W (260)
  HIGHEST GUST SPEED    32   HIGHEST GUST DIRECTION     W (260)
  AVERAGE WIND SPEED    11.2


SKY COVER
  AVERAGE SKY COVER 0.5


WEATHER CONDITIONS
 THE FOLLOWING WEATHER WAS RECORDED YESTERDAY.
  HEAVY SNOW
  SNOW
  LIGHT SNOW
  FOG
  HAZE


RELATIVE HUMIDITY (PERCENT)
 HIGHEST    80           200 AM
 LOWEST     56           200 PM
 AVERAGE    68

..........................................................


THE WATERTOWN NY CLIMATE NORMALS FOR TODAY
                         NORMAL    RECORD    YEAR
 MAXIMUM TEMPERATURE (F)   34        62      1976
 MINIMUM TEMPERATURE (F)   13       -27      1963


SUNRISE AND SUNSET
FEBRUARY 26 2015......SUNRISE   646 AM EST   SUNSET   548 PM EST
FEBRUARY 27 2015......SUNRISE   645 AM EST   SUNSET   550 PM EST


-  INDICATES NEGATIVE NUMBERS.
R  INDICATES RECORD WAS SET OR TIED.
MM INDICATES DATA IS MISSING.
T  INDICATES TRACE AMOUNT.




$$
