000
CDUS41 KBUF 010705
CLIART


CLIMATE REPORT
NATIONAL WEATHER SERVICE BUFFALO NY
305 AM EDT WED JUL 1 2015


...................................

...THE WATERTOWN NY CLIMATE SUMMARY FOR JUNE 30 2015...

CLIMATE NORMAL PERIOD 1981 TO 2010
CLIMATE RECORD PERIOD 1949 TO 2015


WEATHER ITEM   OBSERVED TIME   RECORD YEAR NORMAL DEPARTURE LAST
                VALUE   (LST)  VALUE       VALUE  FROM      YEAR
                                                  NORMAL
..................................................................
TEMPERATURE (F)
 YESTERDAY
  MAXIMUM         69    642 PM  89    1997  78     -9       87
  MINIMUM         49    335 AM  45    2007  56     -7       73
  AVERAGE         59                        67     -8       80

PRECIPITATION (IN)
  YESTERDAY        0.07          1.42 1981   0.08  -0.01     0.00
  MONTH TO DATE    5.71                      2.85   2.86     2.91
  SINCE JUN 1      5.71                      2.85   2.86     2.91
  SINCE JAN 1     13.11                     16.00  -2.89    21.51

DEGREE DAYS
 HEATING
  YESTERDAY        6                         2      4        0
  MONTH TO DATE  116                       108      8       62
  SINCE JUN 1    116                       107      9       62
  SINCE JUL 1   7661                      7583     78     7923

 COOLING
  YESTERDAY        0                         4     -4       15
  MONTH TO DATE   31                        62    -31      112
  SINCE JUN 1     31                        62    -31      112
  SINCE JAN 1     77                        73      4      135
..................................................................


WIND (MPH)
  HIGHEST WIND SPEED    10   HIGHEST WIND DIRECTION     E (70)
  HIGHEST GUST SPEED    29   HIGHEST GUST DIRECTION     N (340)
  AVERAGE WIND SPEED     3.4


SKY COVER
  AVERAGE SKY COVER 0.3


WEATHER CONDITIONS
 THE FOLLOWING WEATHER WAS RECORDED YESTERDAY.
  RAIN
  LIGHT RAIN
  FOG


RELATIVE HUMIDITY (PERCENT)
 HIGHEST   100           900 PM
 LOWEST     81           600 PM
 AVERAGE    91

..........................................................


THE WATERTOWN NY CLIMATE NORMALS FOR TODAY
                         NORMAL    RECORD    YEAR
 MAXIMUM TEMPERATURE (F)   78        92      1967
 MINIMUM TEMPERATURE (F)   57        42      1991


SUNRISE AND SUNSET
JULY  1 2015..........SUNRISE   525 AM EDT   SUNSET   851 PM EDT
JULY  2 2015..........SUNRISE   526 AM EDT   SUNSET   850 PM EDT


-  INDICATES NEGATIVE NUMBERS.
R  INDICATES RECORD WAS SET OR TIED.
MM INDICATES DATA IS MISSING.
T  INDICATES TRACE AMOUNT.




$$
