877
CDUS41 KBUF 171022
CLIART


CLIMATE REPORT
NATIONAL WEATHER SERVICE BUFFALO NY
521 AM EST TUE JAN 17 2017


...................................

...THE WATERTOWN NY CLIMATE SUMMARY FOR JANUARY 16 2017...

CLIMATE NORMAL PERIOD 1981 TO 2010
CLIMATE RECORD PERIOD 1949 TO 2017


WEATHER ITEM   OBSERVED TIME   RECORD YEAR NORMAL DEPARTURE LAST
                VALUE   (LST)  VALUE       VALUE  FROM      YEAR
                                                  NORMAL
..................................................................
TEMPERATURE (F)
 YESTERDAY
  MAXIMUM         36    311 PM  53    1953  29      7       38
  MINIMUM         19   1136 PM -43    1994   9     10       21
  AVERAGE         28                        19      9       30

PRECIPITATION (IN)
  YESTERDAY        0.00          0.74 1979   0.08  -0.08     0.03
  MONTH TO DATE    1.09                      1.44  -0.35     1.38
  SINCE DEC 1      3.28                      4.59  -1.31     3.82
  SINCE JAN 1      1.09                      1.44  -0.35     1.38

DEGREE DAYS
 HEATING
  YESTERDAY       37                        46     -9       35
  MONTH TO DATE  663                       721    -58      639
  SINCE DEC 1   1780                      1918   -138     1419
  SINCE JUL 1   3122                      3517   -395     2786

 COOLING
  YESTERDAY        0                         0      0        0
  MONTH TO DATE    0                         0      0        0
  SINCE DEC 1      0                         0      0        0
  SINCE JAN 1      0                         0      0        0
..................................................................


WIND (MPH)
  HIGHEST WIND SPEED    20   HIGHEST WIND DIRECTION    SW (210)
  HIGHEST GUST SPEED    24   HIGHEST GUST DIRECTION    SW (210)
  AVERAGE WIND SPEED     7.1


SKY COVER
  AVERAGE SKY COVER 0.4


WEATHER CONDITIONS
 THE FOLLOWING WEATHER WAS RECORDED YESTERDAY.
  NO SIGNIFICANT WEATHER WAS OBSERVED.


RELATIVE HUMIDITY (PERCENT)
 HIGHEST    96          1200 AM
 LOWEST     69          1200 PM
 AVERAGE    83

..........................................................


THE WATERTOWN NY CLIMATE NORMALS FOR TODAY
                         NORMAL    RECORD    YEAR
 MAXIMUM TEMPERATURE (F)   29        52      1990
 MINIMUM TEMPERATURE (F)    9       -25      1971


SUNRISE AND SUNSET
JANUARY 17 2017.......SUNRISE   734 AM EST   SUNSET   455 PM EST
JANUARY 18 2017.......SUNRISE   734 AM EST   SUNSET   456 PM EST


-  INDICATES NEGATIVE NUMBERS.
R  INDICATES RECORD WAS SET OR TIED.
MM INDICATES DATA IS MISSING.
T  INDICATES TRACE AMOUNT.




$$
