367
CDUS41 KBUF 200705
CLIART


CLIMATE REPORT
NATIONAL WEATHER SERVICE BUFFALO NY
305 AM EDT TUE JUN 20 2017


...................................

...THE WATERTOWN NY CLIMATE SUMMARY FOR JUNE 19 2017...

CLIMATE NORMAL PERIOD 1981 TO 2010
CLIMATE RECORD PERIOD 1949 TO 2017


WEATHER ITEM   OBSERVED TIME   RECORD YEAR NORMAL DEPARTURE LAST
                VALUE   (LST)  VALUE       VALUE  FROM      YEAR
                                                  NORMAL
..................................................................
TEMPERATURE (F)
 YESTERDAY
  MAXIMUM         76    446 PM  91    2007  76      0       84
                                      2001
  MINIMUM         64   1159 PM  38    1963  54     10       54
  AVERAGE         70                        65      5       69

PRECIPITATION (IN)
  YESTERDAY        0.05          0.87 1976   0.09  -0.04     0.00
  MONTH TO DATE    1.94                      1.88   0.06     2.52
  SINCE JUN 1      1.94                      1.88   0.06     2.52
  SINCE JAN 1     17.61                     15.03   2.58    13.52

DEGREE DAYS
 HEATING
  YESTERDAY        0                         3     -3        0
  MONTH TO DATE   85                        85      0       87
  SINCE JUN 1     85                        85      0       87
  SINCE JUL 1   6734                      7561   -827     6727

 COOLING
  YESTERDAY        5                         2      3        4
  MONTH TO DATE   63                        27     36       15
  SINCE JUN 1     63                        27     36       15
  SINCE JAN 1     82                        38     44       45
..................................................................


WIND (MPH)
  HIGHEST WIND SPEED    15   HIGHEST WIND DIRECTION    SW (230)
  HIGHEST GUST SPEED    21   HIGHEST GUST DIRECTION    SW (230)
  AVERAGE WIND SPEED     8.2


SKY COVER
  AVERAGE SKY COVER 0.6


WEATHER CONDITIONS
 THE FOLLOWING WEATHER WAS RECORDED YESTERDAY.
  LIGHT RAIN
  FOG


RELATIVE HUMIDITY (PERCENT)
 HIGHEST   100           600 AM
 LOWEST     64           300 PM
 AVERAGE    82

..........................................................


THE WATERTOWN NY CLIMATE NORMALS FOR TODAY
                         NORMAL    RECORD    YEAR
 MAXIMUM TEMPERATURE (F)   76        90      1971
 MINIMUM TEMPERATURE (F)   54        40      2015


SUNRISE AND SUNSET
JUNE 20 2017..........SUNRISE   521 AM EDT   SUNSET   850 PM EDT
JUNE 21 2017..........SUNRISE   521 AM EDT   SUNSET   851 PM EDT


-  INDICATES NEGATIVE NUMBERS.
R  INDICATES RECORD WAS SET OR TIED.
MM INDICATES DATA IS MISSING.
T  INDICATES TRACE AMOUNT.




$$
