000
CDUS41 KBUF 300705
CLIART


CLIMATE REPORT
NATIONAL WEATHER SERVICE BUFFALO NY
205 AM EST FRI JAN 30 2015


...................................

...THE WATERTOWN NY CLIMATE SUMMARY FOR JANUARY 29 2015...

CLIMATE NORMAL PERIOD 1981 TO 2010
CLIMATE RECORD PERIOD 1949 TO 2015


WEATHER ITEM   OBSERVED TIME   RECORD YEAR NORMAL DEPARTURE LAST
                VALUE   (LST)  VALUE       VALUE  FROM      YEAR
                                                  NORMAL
..................................................................
TEMPERATURE (F)
 YESTERDAY
  MAXIMUM         39    513 PM  51    2013  29     10       17
  MINIMUM         -5   1228 AM -17    2000   8    -13        4
  AVERAGE         17                        19     -2       11

PRECIPITATION (IN)
  YESTERDAY        0.04          0.90 1971   0.08  -0.04     0.24
  MONTH TO DATE    1.84                      2.50  -0.66     3.60
  SINCE DEC 1      3.56                      5.65  -2.09     6.01
  SINCE JAN 1      1.84                      2.50  -0.66     3.60

DEGREE DAYS
 HEATING
  YESTERDAY       48                        46      2       54
  MONTH TO DATE 1419                      1319    100     1416
  SINCE DEC 1   2407                      2516   -109     2678
  SINCE JUL 1   3760                      4115   -355     4253

 COOLING
  YESTERDAY        0                         0      0        0
  MONTH TO DATE    0                         0      0        0
  SINCE DEC 1      0                         0      0        0
  SINCE JAN 1      0                         0      0        0
..................................................................


WIND (MPH)
  HIGHEST WIND SPEED    26   HIGHEST WIND DIRECTION     S (200)
  HIGHEST GUST SPEED    42   HIGHEST GUST DIRECTION     S (190)
  AVERAGE WIND SPEED     8.4


SKY COVER
  AVERAGE SKY COVER 0.5


WEATHER CONDITIONS
 THE FOLLOWING WEATHER WAS RECORDED YESTERDAY.
  SNOW
  LIGHT SNOW
  FOG
  HAZE


RELATIVE HUMIDITY (PERCENT)
 HIGHEST    87           600 AM
 LOWEST     24           100 PM
 AVERAGE    56

..........................................................


THE WATERTOWN NY CLIMATE NORMALS FOR TODAY
                         NORMAL    RECORD    YEAR
 MAXIMUM TEMPERATURE (F)   29        62      2013
 MINIMUM TEMPERATURE (F)    8       -24      2010


SUNRISE AND SUNSET
JANUARY 30 2015.......SUNRISE   724 AM EST   SUNSET   511 PM EST
JANUARY 31 2015.......SUNRISE   723 AM EST   SUNSET   513 PM EST


-  INDICATES NEGATIVE NUMBERS.
R  INDICATES RECORD WAS SET OR TIED.
MM INDICATES DATA IS MISSING.
T  INDICATES TRACE AMOUNT.




$$
