852
CDUS41 KBUF 230705
CLIART


CLIMATE REPORT
NATIONAL WEATHER SERVICE BUFFALO NY
305 AM EDT SUN APR 23 2017


...................................

...THE WATERTOWN NY CLIMATE SUMMARY FOR APRIL 22 2017...

CLIMATE NORMAL PERIOD 1981 TO 2010
CLIMATE RECORD PERIOD 1949 TO 2017


WEATHER ITEM   OBSERVED TIME   RECORD YEAR NORMAL DEPARTURE LAST
                VALUE   (LST)  VALUE       VALUE  FROM      YEAR
                                                  NORMAL
..................................................................
TEMPERATURE (F)
 YESTERDAY
  MAXIMUM         50    300 PM  79    1973  58     -8       65
  MINIMUM         31   1152 PM  22    2013  36     -5       45
  AVERAGE         41                        47     -6       55

PRECIPITATION (IN)
  YESTERDAY        T             1.24 2006   0.10  -0.10     0.01
  MONTH TO DATE    3.51                      2.13   1.38     0.85
  SINCE MAR 1      5.86                      4.43   1.43     3.50
  SINCE JAN 1      9.49                      9.31   0.18     9.31

DEGREE DAYS
 HEATING
  YESTERDAY       24                        18      6       10
  MONTH TO DATE  415                       501    -86      564
  SINCE MAR 1   1589                      1567     22     1475
  SINCE JUL 1   6200                      7008   -808     6123

 COOLING
  YESTERDAY        0                         0      0        0
  MONTH TO DATE    4                         0      4        0
  SINCE MAR 1      4                         0      4        0
  SINCE JAN 1      4                         0      4        0
..................................................................


WIND (MPH)
  HIGHEST WIND SPEED    16   HIGHEST WIND DIRECTION     W (280)
  HIGHEST GUST SPEED    19   HIGHEST GUST DIRECTION     W (280)
  AVERAGE WIND SPEED     7.0


SKY COVER
  AVERAGE SKY COVER 0.8


WEATHER CONDITIONS
 THE FOLLOWING WEATHER WAS RECORDED YESTERDAY.
  LIGHT RAIN
  FOG
  HAZE


RELATIVE HUMIDITY (PERCENT)
 HIGHEST    96           700 AM
 LOWEST     66           200 PM
 AVERAGE    81

..........................................................


THE WATERTOWN NY CLIMATE NORMALS FOR TODAY
                         NORMAL    RECORD    YEAR
 MAXIMUM TEMPERATURE (F)   58        84      2001
 MINIMUM TEMPERATURE (F)   36        24      2010
                                             1989


SUNRISE AND SUNSET
APRIL 23 2017.........SUNRISE   607 AM EDT   SUNSET   758 PM EDT
APRIL 24 2017.........SUNRISE   606 AM EDT   SUNSET   759 PM EDT


-  INDICATES NEGATIVE NUMBERS.
R  INDICATES RECORD WAS SET OR TIED.
MM INDICATES DATA IS MISSING.
T  INDICATES TRACE AMOUNT.




$$
