024
CDUS41 KBUF 221021
CLIART


CLIMATE REPORT
NATIONAL WEATHER SERVICE BUFFALO NY
521 AM EST WED NOV 22 2017


...................................

...THE WATERTOWN NY CLIMATE SUMMARY FOR NOVEMBER 21 2017...

CLIMATE NORMAL PERIOD 1981 TO 2010
CLIMATE RECORD PERIOD 1949 TO 2017


WEATHER ITEM   OBSERVED TIME   RECORD YEAR NORMAL DEPARTURE LAST
                VALUE   (LST)  VALUE       VALUE  FROM      YEAR
                                                  NORMAL
..................................................................
TEMPERATURE (F)
 YESTERDAY
  MAXIMUM         52    359 PM  62    1953  45      7       30
  MINIMUM         37    342 AM   6    1969  28      9       26
  AVERAGE         45                        36      9       28

PRECIPITATION (IN)
  YESTERDAY        0.00          0.75 1954   0.13  -0.13     0.02
  MONTH TO DATE    2.69                      2.64   0.05     1.13
  SINCE SEP 1     15.74                     10.01   5.73     9.03
  SINCE JAN 1     46.47                     31.81  14.66    28.06

DEGREE DAYS
 HEATING
  YESTERDAY       20                        29     -9       37
  MONTH TO DATE  565                       526     39      463
  SINCE SEP 1   1029                      1250   -221     1072
  SINCE JUL 1   1099                      1322   -223     1083

 COOLING
  YESTERDAY        0                         0      0        0
  MONTH TO DATE    0                         0      0        0
  SINCE SEP 1     59                        38     21       52
  SINCE JAN 1    389                       362     27      566
..................................................................


WIND (MPH)
  HIGHEST WIND SPEED    24   HIGHEST WIND DIRECTION     S (190)
  HIGHEST GUST SPEED    36   HIGHEST GUST DIRECTION     S (190)
  AVERAGE WIND SPEED    10.3


SKY COVER
  AVERAGE SKY COVER 0.2


WEATHER CONDITIONS
 THE FOLLOWING WEATHER WAS RECORDED YESTERDAY.
  NO SIGNIFICANT WEATHER WAS OBSERVED.


RELATIVE HUMIDITY (PERCENT)
 HIGHEST    70          1200 AM
 LOWEST     35           100 PM
 AVERAGE    53

..........................................................


THE WATERTOWN NY CLIMATE NORMALS FOR TODAY
                         NORMAL    RECORD    YEAR
 MAXIMUM TEMPERATURE (F)   44        70      1953
 MINIMUM TEMPERATURE (F)   28         4      1972


SUNRISE AND SUNSET
NOVEMBER 22 2017......SUNRISE   708 AM EST   SUNSET   432 PM EST
NOVEMBER 23 2017......SUNRISE   710 AM EST   SUNSET   431 PM EST


-  INDICATES NEGATIVE NUMBERS.
R  INDICATES RECORD WAS SET OR TIED.
MM INDICATES DATA IS MISSING.
T  INDICATES TRACE AMOUNT.




$$
