000
CDUS41 KBUF 261018
CLIART


CLIMATE REPORT
NATIONAL WEATHER SERVICE BUFFALO NY
516 AM EST FRI DEC 26 2014


...................................

...THE WATERTOWN NY CLIMATE SUMMARY FOR DECEMBER 25 2014...

CLIMATE NORMAL PERIOD 1981 TO 2010
CLIMATE RECORD PERIOD 1949 TO 2014


WEATHER ITEM   OBSERVED TIME   RECORD YEAR NORMAL DEPARTURE LAST
                VALUE   (LST)  VALUE       VALUE  FROM      YEAR
                                                  NORMAL
..................................................................
TEMPERATURE (F)
 YESTERDAY
  MAXIMUM         60   1240 AM  62    1982  32     28       23
  MINIMUM         41   1159 PM -37    1980  14     27      -11
  AVERAGE         51                        23     28        6

PRECIPITATION (IN)
  YESTERDAY        0.31          0.60 1986   0.10   0.21     0.00
  MONTH TO DATE    1.09                      2.57  -1.48     2.29
  SINCE DEC 1      1.09                      2.57  -1.48     2.29
  SINCE JAN 1     41.31                     35.50   5.81    34.63

DEGREE DAYS
 HEATING
  YESTERDAY       14                        42    -28       59
  MONTH TO DATE  791                       940   -149     1034
  SINCE DEC 1    791                       940   -149     1034
  SINCE JUL 1   2144                      2539   -395     2609

 COOLING
  YESTERDAY        0                         0      0        0
  MONTH TO DATE    0                         0      0        0
  SINCE DEC 1      0                         0      0        0
  SINCE JAN 1    433                       362     71      481
..................................................................


WIND (MPH)
  HIGHEST WIND SPEED    32   HIGHEST WIND DIRECTION    SW (230)
  HIGHEST GUST SPEED    45   HIGHEST GUST DIRECTION    SW (230)
  AVERAGE WIND SPEED    19.9


SKY COVER
  AVERAGE SKY COVER 0.8


WEATHER CONDITIONS
 THE FOLLOWING WEATHER WAS RECORDED YESTERDAY.
  THUNDERSTORM
  HEAVY RAIN
  RAIN
  LIGHT RAIN


RELATIVE HUMIDITY (PERCENT)
 HIGHEST    71           400 AM
 LOWEST     57           700 PM
 AVERAGE    64

..........................................................


THE WATERTOWN NY CLIMATE NORMALS FOR TODAY
                         NORMAL    RECORD    YEAR
 MAXIMUM TEMPERATURE (F)   32        60      1982
 MINIMUM TEMPERATURE (F)   14       -21      1989


SUNRISE AND SUNSET
DECEMBER 26 2014......SUNRISE   738 AM EST   SUNSET   432 PM EST
DECEMBER 27 2014......SUNRISE   738 AM EST   SUNSET   433 PM EST


-  INDICATES NEGATIVE NUMBERS.
R  INDICATES RECORD WAS SET OR TIED.
MM INDICATES DATA IS MISSING.
T  INDICATES TRACE AMOUNT.




$$
