000
CDUS41 KBUF 161028
CLIART


CLIMATE REPORT
NATIONAL WEATHER SERVICE BUFFALO NY
628 AM EDT SAT SEP 16 2017


...................................

...THE WATERTOWN NY CLIMATE SUMMARY FOR SEPTEMBER 15 2017...

CLIMATE NORMAL PERIOD 1981 TO 2010
CLIMATE RECORD PERIOD 1949 TO 2017


WEATHER ITEM   OBSERVED TIME   RECORD YEAR NORMAL DEPARTURE LAST
                VALUE   (LST)  VALUE       VALUE  FROM      YEAR
                                                  NORMAL
..................................................................
TEMPERATURE (F)
 YESTERDAY
  MAXIMUM         75    407 PM  83    1971  71      4       68
  MINIMUM         58   1159 PM  33    1988  49      9       40
  AVERAGE         67                        60      7       54

PRECIPITATION (IN)
  YESTERDAY        0.00          1.10 1952   0.13  -0.13     0.00
  MONTH TO DATE    1.13                      1.68  -0.55     1.67
  SINCE SEP 1      1.13                      1.68  -0.55     1.67
  SINCE JAN 1     31.86                     23.48   8.38    20.70

DEGREE DAYS
 HEATING
  YESTERDAY        0                         6     -6       11
  MONTH TO DATE  102                        66     36       50
  SINCE SEP 1    102                        66     36       50
  SINCE JUL 1    172                       138     34       61

 COOLING
  YESTERDAY        2                         1      1        0
  MONTH TO DATE    5                        25    -20       35
  SINCE SEP 1      5                        25    -20       35
  SINCE JAN 1    335                       349    -14      549
..................................................................


WIND (MPH)
  HIGHEST WIND SPEED    14   HIGHEST WIND DIRECTION     W (260)
  HIGHEST GUST SPEED    16   HIGHEST GUST DIRECTION     W (260)
  AVERAGE WIND SPEED     4.3


SKY COVER
  AVERAGE SKY COVER 0.3


WEATHER CONDITIONS
 THE FOLLOWING WEATHER WAS RECORDED YESTERDAY.
  FOG
  FOG W/VISIBILITY <= 1/4 MILE


RELATIVE HUMIDITY (PERCENT)
 HIGHEST   100           200 AM
 LOWEST     74           400 PM
 AVERAGE    87

..........................................................


THE WATERTOWN NY CLIMATE NORMALS FOR TODAY
                         NORMAL    RECORD    YEAR
 MAXIMUM TEMPERATURE (F)   70        88      1991
 MINIMUM TEMPERATURE (F)   49        30      1959


SUNRISE AND SUNSET
SEPTEMBER 16 2017.....SUNRISE   645 AM EDT   SUNSET   712 PM EDT
SEPTEMBER 17 2017.....SUNRISE   646 AM EDT   SUNSET   710 PM EDT


-  INDICATES NEGATIVE NUMBERS.
R  INDICATES RECORD WAS SET OR TIED.
MM INDICATES DATA IS MISSING.
T  INDICATES TRACE AMOUNT.

$$
