000
CDUS41 KBUF 302054
CLIART


CLIMATE REPORT
NATIONAL WEATHER SERVICE BUFFALO NY
454 PM EDT SAT AUG 30 2014


...................................

...THE WATERTOWN NY CLIMATE SUMMARY FOR AUGUST 30 2014...
VALID TODAY AS OF 0400 PM LOCAL TIME.

CLIMATE NORMAL PERIOD 1981 TO 2010
CLIMATE RECORD PERIOD 1949 TO 2014


WEATHER ITEM   OBSERVED TIME   RECORD YEAR NORMAL DEPARTURE LAST
                VALUE   (LST)  VALUE       VALUE  FROM      YEAR
                                                  NORMAL
..................................................................
TEMPERATURE (F)
 TODAY
  MAXIMUM         82    259 PM  92    1953  76      6       85
  MINIMUM         61   1225 AM  38    1999  54      7       60
  AVERAGE         72                        65      7       73

PRECIPITATION (IN)
  TODAY            0.00          2.24 2004   0.10  -0.10     0.02
  MONTH TO DATE    5.10                      3.05   2.05     2.06
  SINCE JUN 1     13.04                      8.55   4.49    11.15
  SINCE JAN 1     31.64                     21.70   9.94    21.77

DEGREE DAYS
 HEATING
  TODAY            0                         3     -3        0
  MONTH TO DATE   31                        42    -11       32
  SINCE JUN 1    112                       175    -63      146
  SINCE JUL 1     50                        68    -18       43

 COOLING
  TODAY            7                         2      5        8
  MONTH TO DATE   93                       109    -16       95
  SINCE JUN 1    328                       310     18      393
  SINCE JAN 1    351                       321     30      425
..................................................................


WIND (MPH)
  HIGHEST WIND SPEED    15   HIGHEST WIND DIRECTION    SW (210)
  HIGHEST GUST SPEED    21   HIGHEST GUST DIRECTION     S (190)
  AVERAGE WIND SPEED     8.4


SKY COVER
  AVERAGE SKY COVER 0.0


WEATHER CONDITIONS
 THE FOLLOWING WEATHER WAS RECORDED TODAY.
  NO SIGNIFICANT WEATHER WAS OBSERVED.


RELATIVE HUMIDITY (PERCENT)
 HIGHEST    78          1200 AM
 LOWEST     51           200 PM
 AVERAGE    65

..........................................................


THE WATERTOWN NY CLIMATE NORMALS FOR TOMORROW
                         NORMAL    RECORD    YEAR
 MAXIMUM TEMPERATURE (F)   76        91      1993
 MINIMUM TEMPERATURE (F)   53        34      1976


SUNRISE AND SUNSET
AUGUST 30 2014........SUNRISE   625 AM EDT   SUNSET   743 PM EDT
AUGUST 31 2014........SUNRISE   626 AM EDT   SUNSET   742 PM EDT


-  INDICATES NEGATIVE NUMBERS.
R  INDICATES RECORD WAS SET OR TIED.
MM INDICATES DATA IS MISSING.
T  INDICATES TRACE AMOUNT.




$$
