175
CDUS41 KBUF 192054
CLIART


CLIMATE REPORT
NATIONAL WEATHER SERVICE BUFFALO NY
454 PM EDT WED APR 19 2017


...................................

...THE WATERTOWN NY CLIMATE SUMMARY FOR APRIL 19 2017...
VALID TODAY AS OF 0400 PM LOCAL TIME.

CLIMATE NORMAL PERIOD 1981 TO 2010
CLIMATE RECORD PERIOD 1949 TO 2017


WEATHER ITEM   OBSERVED TIME   RECORD YEAR NORMAL DEPARTURE LAST
                VALUE   (LST)  VALUE       VALUE  FROM      YEAR
                                                  NORMAL
..................................................................
TEMPERATURE (F)
 TODAY
  MAXIMUM         54   1104 AM  86    2008  56     -2       60
  MINIMUM         37    115 AM  19    2001  35      2       30
  AVERAGE         46                        45      1       45

PRECIPITATION (IN)
  TODAY            0.13          0.82 1963   0.09   0.04     0.02
  MONTH TO DATE    3.16                      1.85   1.31     0.83
  SINCE MAR 1      5.51                      4.15   1.36     3.48
  SINCE JAN 1      9.14                      9.03   0.11     9.29

DEGREE DAYS
 HEATING
  TODAY           19                        20     -1       20
  MONTH TO DATE  358                       445    -87      518
  SINCE MAR 1   1532                      1511     21     1429
  SINCE JUL 1   6143                      6952   -809     6077

 COOLING
  TODAY            0                         0      0        0
  MONTH TO DATE    4                         0      4        0
  SINCE MAR 1      4                         0      4        0
  SINCE JAN 1      4                         0      4        0
..................................................................


WIND (MPH)
  HIGHEST WIND SPEED    25   HIGHEST WIND DIRECTION     S (180)
  HIGHEST GUST SPEED    41   HIGHEST GUST DIRECTION     S (170)
  AVERAGE WIND SPEED    10.9


SKY COVER
  AVERAGE SKY COVER 0.6


WEATHER CONDITIONS
 THE FOLLOWING WEATHER WAS RECORDED TODAY.
  RAIN
  LIGHT RAIN
  FOG
  HAZE


RELATIVE HUMIDITY (PERCENT)
 HIGHEST    85          1200 AM
 LOWEST     54           300 AM
 AVERAGE    70

..........................................................


THE WATERTOWN NY CLIMATE NORMALS FOR TOMORROW
                         NORMAL    RECORD    YEAR
 MAXIMUM TEMPERATURE (F)   57        83      1957
 MINIMUM TEMPERATURE (F)   35        20      1969


SUNRISE AND SUNSET
APRIL 19 2017.........SUNRISE   614 AM EDT   SUNSET   753 PM EDT
APRIL 20 2017.........SUNRISE   612 AM EDT   SUNSET   754 PM EDT


-  INDICATES NEGATIVE NUMBERS.
R  INDICATES RECORD WAS SET OR TIED.
MM INDICATES DATA IS MISSING.
T  INDICATES TRACE AMOUNT.




$$
