000
CDUS41 KBUF 201009
CLIART


CLIMATE REPORT
NATIONAL WEATHER SERVICE BUFFALO NY
607 AM EDT WED JUL 20 2016


...................................

...THE WATERTOWN NY CLIMATE SUMMARY FOR JULY 19 2016...

CLIMATE NORMAL PERIOD 1981 TO 2010
CLIMATE RECORD PERIOD 1949 TO 2016


WEATHER ITEM   OBSERVED TIME   RECORD YEAR NORMAL DEPARTURE LAST
                VALUE   (LST)  VALUE       VALUE  FROM      YEAR
                                                  NORMAL
..................................................................
TEMPERATURE (F)
 YESTERDAY
  MAXIMUM         77    219 PM  92    1964  80     -3       84
  MINIMUM         54   1150 PM  45    1997  59     -5       71
  AVERAGE         66                        69     -3       78

PRECIPITATION (IN)
  YESTERDAY        T             1.50 2007   0.09  -0.09     0.00
  MONTH TO DATE    0.32                      1.57  -1.25     1.13
  SINCE JUN 1      3.92                      4.42  -0.50     6.84
  SINCE JAN 1     14.92                     17.57  -2.65    14.24

DEGREE DAYS
 HEATING
  YESTERDAY        0                         1     -1        0
  MONTH TO DATE    4                        20    -16       38
  SINCE JUN 1    102                       127    -25      154
  SINCE JUL 1      4                        20    -16       38

 COOLING
  YESTERDAY        1                         5     -4       13
  MONTH TO DATE  114                        84     30       58
  SINCE JUN 1    161                       146     15       89
  SINCE JAN 1    191                       157     34      135
..................................................................


WIND (MPH)
  HIGHEST WIND SPEED    15   HIGHEST WIND DIRECTION    SW (230)
  HIGHEST GUST SPEED    22   HIGHEST GUST DIRECTION    SW (230)
  AVERAGE WIND SPEED     5.9


SKY COVER
  AVERAGE SKY COVER 0.4


WEATHER CONDITIONS
 THE FOLLOWING WEATHER WAS RECORDED YESTERDAY.
  FOG


RELATIVE HUMIDITY (PERCENT)
 HIGHEST    86          1000 PM
 LOWEST     35          1100 AM
 AVERAGE    61

..........................................................


THE WATERTOWN NY CLIMATE NORMALS FOR TODAY
                         NORMAL    RECORD    YEAR
 MAXIMUM TEMPERATURE (F)   80        93      1978
 MINIMUM TEMPERATURE (F)   59        42      1962


SUNRISE AND SUNSET
JULY 20 2016..........SUNRISE   540 AM EDT   SUNSET   840 PM EDT
JULY 21 2016..........SUNRISE   541 AM EDT   SUNSET   839 PM EDT


-  INDICATES NEGATIVE NUMBERS.
R  INDICATES RECORD WAS SET OR TIED.
MM INDICATES DATA IS MISSING.
T  INDICATES TRACE AMOUNT.




$$
