437
CDUS41 KBUF 201031
CLIART


CLIMATE REPORT
NATIONAL WEATHER SERVICE BUFFALO NY
530 AM EST FRI JAN 20 2017


...................................

...THE WATERTOWN NY CLIMATE SUMMARY FOR JANUARY 19 2017...

CLIMATE NORMAL PERIOD 1981 TO 2010
CLIMATE RECORD PERIOD 1949 TO 2017


WEATHER ITEM   OBSERVED TIME   RECORD YEAR NORMAL DEPARTURE LAST
                VALUE   (LST)  VALUE       VALUE  FROM      YEAR
                                                  NORMAL
..................................................................
TEMPERATURE (F)
 YESTERDAY
  MAXIMUM         39    216 PM  62    1996  29     10       19
  MINIMUM         33    820 AM -33    1994   9     24        0
  AVERAGE         36                        19     17       10

PRECIPITATION (IN)
  YESTERDAY        T             1.07 1996   0.08  -0.08      T
  MONTH TO DATE    1.27                      1.69  -0.42     1.42
  SINCE DEC 1      3.46                      4.84  -1.38     3.86
  SINCE JAN 1      1.27                      1.69  -0.42     1.42

DEGREE DAYS
 HEATING
  YESTERDAY       29                        46    -17       55
  MONTH TO DATE  759                       859   -100      785
  SINCE DEC 1   1876                      2056   -180     1565
  SINCE JUL 1   3218                      3655   -437     2932

 COOLING
  YESTERDAY        0                         0      0        0
  MONTH TO DATE    0                         0      0        0
  SINCE DEC 1      0                         0      0        0
  SINCE JAN 1      0                         0      0        0
..................................................................


WIND (MPH)
  HIGHEST WIND SPEED    13   HIGHEST WIND DIRECTION     W (250)
  HIGHEST GUST SPEED    19   HIGHEST GUST DIRECTION     W (250)
  AVERAGE WIND SPEED     5.7


SKY COVER
  AVERAGE SKY COVER 1.0


WEATHER CONDITIONS
 THE FOLLOWING WEATHER WAS RECORDED YESTERDAY.
  LIGHT RAIN
  FOG


RELATIVE HUMIDITY (PERCENT)
 HIGHEST   100          1200 AM
 LOWEST     92           100 PM
 AVERAGE    96

..........................................................


THE WATERTOWN NY CLIMATE NORMALS FOR TODAY
                         NORMAL    RECORD    YEAR
 MAXIMUM TEMPERATURE (F)   29        57      1951
 MINIMUM TEMPERATURE (F)    9       -21      2014


SUNRISE AND SUNSET
JANUARY 20 2017.......SUNRISE   732 AM EST   SUNSET   459 PM EST
JANUARY 21 2017.......SUNRISE   731 AM EST   SUNSET   500 PM EST


-  INDICATES NEGATIVE NUMBERS.
R  INDICATES RECORD WAS SET OR TIED.
MM INDICATES DATA IS MISSING.
T  INDICATES TRACE AMOUNT.




$$
