000
CDUS41 KBUF 162145
CLIART


CLIMATE REPORT
NATIONAL WEATHER SERVICE BUFFALO NY
444 PM EST TUE DEC 16 2014


...................................

...THE WATERTOWN NY CLIMATE SUMMARY FOR DECEMBER 16 2014...
VALID TODAY AS OF 0400 PM LOCAL TIME.

CLIMATE NORMAL PERIOD 1981 TO 2010
CLIMATE RECORD PERIOD 1949 TO 2014


WEATHER ITEM   OBSERVED TIME   RECORD YEAR NORMAL DEPARTURE LAST
                VALUE   (LST)  VALUE       VALUE  FROM      YEAR
                                                  NORMAL
..................................................................
TEMPERATURE (F)
 TODAY
  MAXIMUM         40    341 PM  54    1971  35      5       14
  MINIMUM         34    343 AM -20    1963  18     16      -19
  AVERAGE         37                        26     11       -2

PRECIPITATION (IN)
  TODAY            0.10          1.00 1974   0.10   0.00      T
  MONTH TO DATE    0.40                      1.72  -1.32     0.48
  SINCE DEC 1      0.40                      1.72  -1.32     0.48
  SINCE JAN 1     40.62                     34.65   5.97    32.82

DEGREE DAYS
 HEATING
  TODAY           28                        39    -11       67
  MONTH TO DATE  532                       574    -42      635
  SINCE DEC 1    532                       574    -42      635
  SINCE JUL 1   1885                      2173   -288     2210

 COOLING
  TODAY            0                         0      0        0
  MONTH TO DATE    0                         0      0        0
  SINCE DEC 1      0                         0      0        0
  SINCE JAN 1    433                       362     71      481
..................................................................


WIND (MPH)
  HIGHEST WIND SPEED    12   HIGHEST WIND DIRECTION     E (70)
  HIGHEST GUST SPEED    13   HIGHEST GUST DIRECTION     E (70)
  AVERAGE WIND SPEED     4.2


SKY COVER
  AVERAGE SKY COVER 1.0


WEATHER CONDITIONS
 THE FOLLOWING WEATHER WAS RECORDED TODAY.
  NO SIGNIFICANT WEATHER WAS OBSERVED.


RELATIVE HUMIDITY (PERCENT)
 HIGHEST    76          1000 AM
 LOWEST     70           200 AM
 AVERAGE    73

..........................................................


THE WATERTOWN NY CLIMATE NORMALS FOR TOMORROW
                         NORMAL    RECORD    YEAR
 MAXIMUM TEMPERATURE (F)   34        58      2000
 MINIMUM TEMPERATURE (F)   17       -22      2013


SUNRISE AND SUNSET
DECEMBER 16 2014......SUNRISE   733 AM EST   SUNSET   427 PM EST
DECEMBER 17 2014......SUNRISE   733 AM EST   SUNSET   427 PM EST


-  INDICATES NEGATIVE NUMBERS.
R  INDICATES RECORD WAS SET OR TIED.
MM INDICATES DATA IS MISSING.
T  INDICATES TRACE AMOUNT.




$$
