000
CDUS41 KBUF 221103
CLIART


CLIMATE REPORT
NATIONAL WEATHER SERVICE BUFFALO NY
703 AM EDT SAT APR 22 2017


...................................

...THE WATERTOWN NY CLIMATE SUMMARY FOR APRIL 21 2017...

CLIMATE NORMAL PERIOD 1981 TO 2010
CLIMATE RECORD PERIOD 1949 TO 2017


WEATHER ITEM   OBSERVED TIME   RECORD YEAR NORMAL DEPARTURE LAST
                VALUE   (LST)  VALUE       VALUE  FROM      YEAR
                                                  NORMAL
..................................................................
TEMPERATURE (F)
 YESTERDAY
  MAXIMUM         57    518 AM  85    1976  57      0       74
  MINIMUM         43   1133 PM  22    2013  35      8       26
                                      1981
  AVERAGE         50                        46      4       50

PRECIPITATION (IN)
  YESTERDAY        0.10          1.14 2000   0.09   0.01     0.01
  MONTH TO DATE    3.51                      2.03   1.48     0.84
  SINCE MAR 1      5.86                      4.33   1.53     3.49
  SINCE JAN 1      9.49                      9.21   0.28     9.30

DEGREE DAYS
 HEATING
  YESTERDAY       15                        19     -4       15
  MONTH TO DATE  391                       483    -92      554
  SINCE MAR 1   1565                      1549     16     1465
  SINCE JUL 1   6176                      6990   -814     6113

 COOLING
  YESTERDAY        0                         0      0        0
  MONTH TO DATE    4                         0      4        0
  SINCE MAR 1      4                         0      4        0
  SINCE JAN 1      4                         0      4        0
..................................................................


WIND (MPH)
  HIGHEST WIND SPEED    22   HIGHEST WIND DIRECTION    SW (220)
  HIGHEST GUST SPEED    29   HIGHEST GUST DIRECTION    SW (220)
  AVERAGE WIND SPEED    10.7


SKY COVER
  AVERAGE SKY COVER 1.0


WEATHER CONDITIONS
 THE FOLLOWING WEATHER WAS RECORDED YESTERDAY.
  RAIN
  LIGHT RAIN
  FOG


RELATIVE HUMIDITY (PERCENT)
 HIGHEST   100          1200 AM
 LOWEST     77           300 PM
 AVERAGE    89

..........................................................


THE WATERTOWN NY CLIMATE NORMALS FOR TODAY
                         NORMAL    RECORD    YEAR
 MAXIMUM TEMPERATURE (F)   58        79      1973
 MINIMUM TEMPERATURE (F)   36        22      2013


SUNRISE AND SUNSET
APRIL 22 2017.........SUNRISE   609 AM EDT   SUNSET   757 PM EDT
APRIL 23 2017.........SUNRISE   607 AM EDT   SUNSET   758 PM EDT


-  INDICATES NEGATIVE NUMBERS.
R  INDICATES RECORD WAS SET OR TIED.
MM INDICATES DATA IS MISSING.
T  INDICATES TRACE AMOUNT.




$$
