000
CDUS41 KBUF 201015
CLIART


CLIMATE REPORT
NATIONAL WEATHER SERVICE BUFFALO NY
613 AM EDT SUN APR 20 2014


...................................

...THE WATERTOWN NY CLIMATE SUMMARY FOR APRIL 19 2014...

CLIMATE NORMAL PERIOD 1981 TO 2010
CLIMATE RECORD PERIOD 1949 TO 2014


WEATHER ITEM   OBSERVED TIME   RECORD YEAR NORMAL DEPARTURE LAST
                VALUE   (LST)  VALUE       VALUE  FROM      YEAR
                                                  NORMAL
..................................................................
TEMPERATURE (F)
 YESTERDAY
  MAXIMUM         53    254 PM  86    2008  56     -3       73
  MINIMUM         29   1047 PM  19    2001  35     -6       42
  AVERAGE         41                        45     -4       58

PRECIPITATION (IN)
  YESTERDAY        0.00          0.82 1963   0.09  -0.09     0.50
  MONTH TO DATE    3.27                      1.85   1.42     3.13
  SINCE MAR 1      5.38                      4.15   1.23     4.12
  SINCE JAN 1     12.48                      9.03   3.45     8.42

DEGREE DAYS
 HEATING
  YESTERDAY       24                        20      4        7
  MONTH TO DATE  423                       445    -22      430
  SINCE MAR 1   1728                      1511    217     1438
  SINCE JUL 1   7399                      6952    447     6288

 COOLING
  YESTERDAY        0                         0      0        0
  MONTH TO DATE    0                         0      0        0
  SINCE MAR 1      0                         0      0        0
  SINCE JAN 1      0                         0      0        0
..................................................................


WIND (MPH)
  HIGHEST WIND SPEED    16   HIGHEST WIND DIRECTION    NW (330)
  HIGHEST GUST SPEED    19   HIGHEST GUST DIRECTION     N (340)
  AVERAGE WIND SPEED     7.3


SKY COVER
  AVERAGE SKY COVER 0.5


WEATHER CONDITIONS
 THE FOLLOWING WEATHER WAS RECORDED YESTERDAY.
  HAZE


RELATIVE HUMIDITY (PERCENT)
 HIGHEST    85          1000 PM
 LOWEST     35           200 PM
 AVERAGE    60

..........................................................


THE WATERTOWN NY CLIMATE NORMALS FOR TODAY
                         NORMAL    RECORD    YEAR
 MAXIMUM TEMPERATURE (F)   57        83      1957
 MINIMUM TEMPERATURE (F)   35        20      1969


SUNRISE AND SUNSET
APRIL 20 2014.........SUNRISE   613 AM EDT   SUNSET   754 PM EDT
APRIL 21 2014.........SUNRISE   611 AM EDT   SUNSET   755 PM EDT


-  INDICATES NEGATIVE NUMBERS.
R  INDICATES RECORD WAS SET OR TIED.
MM INDICATES DATA IS MISSING.
T  INDICATES TRACE AMOUNT.




$$
