000
CDUS41 KBUF 141005
CLIART


CLIMATE REPORT
NATIONAL WEATHER SERVICE BUFFALO NY
505 AM EST WED FEB 14 2018


...................................

...THE WATERTOWN NY CLIMATE SUMMARY FOR FEBRUARY 13 2018...

CLIMATE NORMAL PERIOD 1981 TO 2010
CLIMATE RECORD PERIOD 1949 TO 2018


WEATHER ITEM   OBSERVED TIME   RECORD YEAR NORMAL DEPARTURE LAST
                VALUE   (LST)  VALUE       VALUE  FROM      YEAR
                                                  NORMAL
..................................................................
TEMPERATURE (F)
 YESTERDAY
  MAXIMUM         30   1159 PM  57    1984  31     -1       29
  MINIMUM        -10    647 AM -32    2015  10    -20       19
  AVERAGE         10                        20    -10       24

PRECIPITATION (IN)
  YESTERDAY        0.00          1.32 1971   0.08  -0.08     0.01
  MONTH TO DATE    0.65                      1.02  -0.37     1.07
  SINCE DEC 1      4.70                      6.83  -2.13     5.04
  SINCE JAN 1      2.91                      3.68  -0.77     2.85

DEGREE DAYS
 HEATING
  YESTERDAY       55                        45     10       41
  MONTH TO DATE  577                       592    -15      521
  SINCE DEC 1   3434                      3204    230     2810
  SINCE JUL 1   4793                      4803    -10     4152

 COOLING
  YESTERDAY        0                         0      0        0
  MONTH TO DATE    0                         0      0        0
  SINCE DEC 1      0                         0      0        0
  SINCE JAN 1      0                         0      0        0
..................................................................


WIND (MPH)
  HIGHEST WIND SPEED    10   HIGHEST WIND DIRECTION     W (280)
  HIGHEST GUST SPEED    12   HIGHEST GUST DIRECTION    SW (230)
  AVERAGE WIND SPEED     3.2


SKY COVER
  AVERAGE SKY COVER 0.1


WEATHER CONDITIONS
 THE FOLLOWING WEATHER WAS RECORDED YESTERDAY.
  NO SIGNIFICANT WEATHER WAS OBSERVED.


RELATIVE HUMIDITY (PERCENT)
 HIGHEST   100           300 AM
 LOWEST     50           200 PM
 AVERAGE    75

..........................................................


THE WATERTOWN NY CLIMATE NORMALS FOR TODAY
                         NORMAL    RECORD    YEAR
 MAXIMUM TEMPERATURE (F)   31        56      1984
 MINIMUM TEMPERATURE (F)   10       -37      2016


SUNRISE AND SUNSET
FEBRUARY 14 2018......SUNRISE   705 AM EST   SUNSET   532 PM EST
FEBRUARY 15 2018......SUNRISE   703 AM EST   SUNSET   534 PM EST


-  INDICATES NEGATIVE NUMBERS.
R  INDICATES RECORD WAS SET OR TIED.
MM INDICATES DATA IS MISSING.
T  INDICATES TRACE AMOUNT.




$$
