000
CDUS41 KBUF 181012
CLIART


CLIMATE REPORT
NATIONAL WEATHER SERVICE BUFFALO NY
609 AM EDT MON JUL 18 2016


...................................

...THE WATERTOWN NY CLIMATE SUMMARY FOR JULY 17 2016...

CLIMATE NORMAL PERIOD 1981 TO 2010
CLIMATE RECORD PERIOD 1949 TO 2016


WEATHER ITEM   OBSERVED TIME   RECORD YEAR NORMAL DEPARTURE LAST
                VALUE   (LST)  VALUE       VALUE  FROM      YEAR
                                                  NORMAL
..................................................................
TEMPERATURE (F)
 YESTERDAY
  MAXIMUM         80    239 PM  91    2012  80      0       76
  MINIMUM         53    459 AM  44    1993  59     -6       45
  AVERAGE         67                        69     -2       61

PRECIPITATION (IN)
  YESTERDAY        0.00          1.19 1992   0.09  -0.09     0.16
  MONTH TO DATE    0.32                      1.40  -1.08     1.12
  SINCE JUN 1      3.92                      4.25  -0.33     6.83
  SINCE JAN 1     14.92                     17.40  -2.48    14.23

DEGREE DAYS
 HEATING
  YESTERDAY        0                         1     -1        4
  MONTH TO DATE    4                        18    -14       38
  SINCE JUN 1    102                       125    -23      154
  SINCE JUL 1      4                        18    -14       38

 COOLING
  YESTERDAY        2                         5     -3        0
  MONTH TO DATE  101                        74     27       35
  SINCE JUN 1    148                       136     12       66
  SINCE JAN 1    178                       147     31      112
..................................................................


WIND (MPH)
  HIGHEST WIND SPEED    15   HIGHEST WIND DIRECTION     W (270)
  HIGHEST GUST SPEED    20   HIGHEST GUST DIRECTION     W (260)
  AVERAGE WIND SPEED     4.4


SKY COVER
  AVERAGE SKY COVER 0.1


WEATHER CONDITIONS
 THE FOLLOWING WEATHER WAS RECORDED YESTERDAY.
  FOG


RELATIVE HUMIDITY (PERCENT)
 HIGHEST   100           400 AM
 LOWEST     32           100 PM
 AVERAGE    66

..........................................................


THE WATERTOWN NY CLIMATE NORMALS FOR TODAY
                         NORMAL    RECORD    YEAR
 MAXIMUM TEMPERATURE (F)   80        97      1953
 MINIMUM TEMPERATURE (F)   59        45      1973


SUNRISE AND SUNSET
JULY 18 2016..........SUNRISE   538 AM EDT   SUNSET   842 PM EDT
JULY 19 2016..........SUNRISE   539 AM EDT   SUNSET   841 PM EDT


-  INDICATES NEGATIVE NUMBERS.
R  INDICATES RECORD WAS SET OR TIED.
MM INDICATES DATA IS MISSING.
T  INDICATES TRACE AMOUNT.




$$
