315
CDUS41 KBUF 200705
CLIART


CLIMATE REPORT
NATIONAL WEATHER SERVICE BUFFALO NY
305 AM EDT SAT MAY 20 2017


...................................

...THE WATERTOWN NY CLIMATE SUMMARY FOR MAY 19 2017...

CLIMATE NORMAL PERIOD 1981 TO 2010
CLIMATE RECORD PERIOD 1949 TO 2017


WEATHER ITEM   OBSERVED TIME   RECORD YEAR NORMAL DEPARTURE LAST
                VALUE   (LST)  VALUE       VALUE  FROM      YEAR
                                                  NORMAL
..................................................................
TEMPERATURE (F)
 YESTERDAY
  MAXIMUM         62   1256 AM  86    1996  67     -5       64
  MINIMUM         43   1152 PM  31    2007  44     -1       41
  AVERAGE         53                        56     -3       53

PRECIPITATION (IN)
  YESTERDAY        T             1.64 1976   0.10  -0.10     0.00
  MONTH TO DATE    4.02                      1.81   2.21     1.40
  SINCE MAR 1     10.44                      7.01   3.43     5.19
  SINCE JAN 1     14.07                     11.89   2.18    11.00

DEGREE DAYS
 HEATING
  YESTERDAY       12                        10      2       12
  MONTH TO DATE  280                       236     44      284
  SINCE MAR 1   1975                      1938     37     1952
  SINCE JUL 1   6586                      7379   -793     6600

 COOLING
  YESTERDAY        0                         0      0        0
  MONTH TO DATE   11                         0     11        0
  SINCE MAR 1     18                         1     17        0
  SINCE JAN 1     18                         1     17        0
..................................................................


WIND (MPH)
  HIGHEST WIND SPEED    16   HIGHEST WIND DIRECTION     N (20)
  HIGHEST GUST SPEED    22   HIGHEST GUST DIRECTION    NE (30)
  AVERAGE WIND SPEED     6.4


SKY COVER
  AVERAGE SKY COVER 0.6


WEATHER CONDITIONS
 THE FOLLOWING WEATHER WAS RECORDED YESTERDAY.
  LIGHT RAIN
  FOG
  HAZE


RELATIVE HUMIDITY (PERCENT)
 HIGHEST   100          1200 AM
 LOWEST     57           400 PM
 AVERAGE    79

..........................................................


THE WATERTOWN NY CLIMATE NORMALS FOR TODAY
                         NORMAL    RECORD    YEAR
 MAXIMUM TEMPERATURE (F)   67        86      1962
 MINIMUM TEMPERATURE (F)   45        28      2002


SUNRISE AND SUNSET
MAY 20 2017...........SUNRISE   533 AM EDT   SUNSET   829 PM EDT
MAY 21 2017...........SUNRISE   532 AM EDT   SUNSET   830 PM EDT


-  INDICATES NEGATIVE NUMBERS.
R  INDICATES RECORD WAS SET OR TIED.
MM INDICATES DATA IS MISSING.
T  INDICATES TRACE AMOUNT.




$$
