000
CDUS41 KBUF 230706
CLIART


CLIMATE REPORT
NATIONAL WEATHER SERVICE BUFFALO NY
305 AM EDT SAT MAY 23 2015


...................................

...THE WATERTOWN NY CLIMATE SUMMARY FOR MAY 22 2015...

CLIMATE NORMAL PERIOD 1981 TO 2010
CLIMATE RECORD PERIOD 1949 TO 2015


WEATHER ITEM   OBSERVED TIME   RECORD YEAR NORMAL DEPARTURE LAST
                VALUE   (LST)  VALUE       VALUE  FROM      YEAR
                                                  NORMAL
..................................................................
TEMPERATURE (F)
 YESTERDAY
  MAXIMUM         59   1208 PM  86    1955  68     -9       75
  MINIMUM         32   1159 PM  30    1990  45    -13       51
  AVERAGE         46                        56    -10       63

PRECIPITATION (IN)
  YESTERDAY        0.09          1.04 1986   0.11  -0.02     0.43
  MONTH TO DATE    0.74                      2.13  -1.39     3.15
  SINCE MAR 1      3.26                      7.33  -4.07    11.19
  SINCE JAN 1      6.35                     12.21  -5.86    18.29

DEGREE DAYS
 HEATING
  YESTERDAY       19                         9     10        2
  MONTH TO DATE  174                       264    -90      213
  SINCE MAR 1   1982                      1966     16     2137
  SINCE JUL 1   7502                      7407     95     7808

 COOLING
  YESTERDAY        0                         0      0        0
  MONTH TO DATE   18                         0     18       20
  SINCE MAR 1     18                         1     17       20
  SINCE JAN 1     18                         1     17       20
..................................................................


WIND (MPH)
  HIGHEST WIND SPEED    22   HIGHEST WIND DIRECTION     N (10)
  HIGHEST GUST SPEED    32   HIGHEST GUST DIRECTION     W (260)
  AVERAGE WIND SPEED     8.4


SKY COVER
  AVERAGE SKY COVER 0.8


WEATHER CONDITIONS
 THE FOLLOWING WEATHER WAS RECORDED YESTERDAY.
  HEAVY RAIN
  LIGHT RAIN


RELATIVE HUMIDITY (PERCENT)
 HIGHEST    76           400 AM
 LOWEST     39          1100 AM
 AVERAGE    58

..........................................................


THE WATERTOWN NY CLIMATE NORMALS FOR TODAY
                         NORMAL    RECORD    YEAR
 MAXIMUM TEMPERATURE (F)   68        81      2010
                                             1991
 MINIMUM TEMPERATURE (F)   46        25      1967


SUNRISE AND SUNSET
MAY 23 2015...........SUNRISE   531 AM EDT   SUNSET   832 PM EDT
MAY 24 2015...........SUNRISE   530 AM EDT   SUNSET   833 PM EDT


-  INDICATES NEGATIVE NUMBERS.
R  INDICATES RECORD WAS SET OR TIED.
MM INDICATES DATA IS MISSING.
T  INDICATES TRACE AMOUNT.




$$
