000
CDUS41 KBUF 280705
CLIART


CLIMATE REPORT
NATIONAL WEATHER SERVICE BUFFALO NY
305 AM EDT SUN SEP 28 2014


...................................

...THE WATERTOWN NY CLIMATE SUMMARY FOR SEPTEMBER 27 2014...

CLIMATE NORMAL PERIOD 1981 TO 2010
CLIMATE RECORD PERIOD 1949 TO 2014


WEATHER ITEM   OBSERVED TIME   RECORD YEAR NORMAL DEPARTURE LAST
                VALUE   (LST)  VALUE       VALUE  FROM      YEAR
                                                  NORMAL
..................................................................
TEMPERATURE (F)
 YESTERDAY
  MAXIMUM         76    201 PM  82    2011  66     10       71
  MINIMUM         47    601 AM  26    1989  45      2       39
  AVERAGE         62                        55      7       55

PRECIPITATION (IN)
  YESTERDAY        0.00          2.13 2002   0.13  -0.13     0.00
  MONTH TO DATE    1.58                      3.31  -1.73     2.82
  SINCE SEP 1      1.58                      3.31  -1.73     2.82
  SINCE JAN 1     33.84                     25.11   8.73    24.62

DEGREE DAYS
 HEATING
  YESTERDAY        3                        10     -7       10
  MONTH TO DATE  169                       168      1      216
  SINCE SEP 1    169                       168      1      216
  SINCE JUL 1    219                       240    -21      259

 COOLING
  YESTERDAY        0                         0      0        0
  MONTH TO DATE   56                        36     20       48
  SINCE SEP 1     56                        36     20       48
  SINCE JAN 1    416                       360     56      481
..................................................................


WIND (MPH)
  HIGHEST WIND SPEED    12   HIGHEST WIND DIRECTION    SW (230)
  HIGHEST GUST SPEED    14   HIGHEST GUST DIRECTION    SW (230)
  AVERAGE WIND SPEED     2.3


SKY COVER
  AVERAGE SKY COVER 0.0


WEATHER CONDITIONS
 THE FOLLOWING WEATHER WAS RECORDED YESTERDAY.
  FOG
  HAZE


RELATIVE HUMIDITY (PERCENT)
 HIGHEST    86           300 AM
 LOWEST     54          1200 PM
 AVERAGE    70

..........................................................


THE WATERTOWN NY CLIMATE NORMALS FOR TODAY
                         NORMAL    RECORD    YEAR
 MAXIMUM TEMPERATURE (F)   65        85      1959
 MINIMUM TEMPERATURE (F)   44        27      2000


SUNRISE AND SUNSET
SEPTEMBER 28 2014.....SUNRISE   658 AM EDT   SUNSET   650 PM EDT
SEPTEMBER 29 2014.....SUNRISE   659 AM EDT   SUNSET   649 PM EDT


-  INDICATES NEGATIVE NUMBERS.
R  INDICATES RECORD WAS SET OR TIED.
MM INDICATES DATA IS MISSING.
T  INDICATES TRACE AMOUNT.




$$
