000
CDUS41 KBUF 090705
CLIART


CLIMATE REPORT
NATIONAL WEATHER SERVICE BUFFALO NY
205 AM EST MON JAN 9 2017


...................................

...THE WATERTOWN NY CLIMATE SUMMARY FOR JANUARY 8 2017...

CLIMATE NORMAL PERIOD 1981 TO 2010
CLIMATE RECORD PERIOD 1949 TO 2017


WEATHER ITEM   OBSERVED TIME   RECORD YEAR NORMAL DEPARTURE LAST
                VALUE   (LST)  VALUE       VALUE  FROM      YEAR
                                                  NORMAL
..................................................................
TEMPERATURE (F)
 YESTERDAY
  MAXIMUM         15    115 PM  65    2008  30    -15       41
  MINIMUM        -17    944 PM -34    1968  10    -27       10
  AVERAGE         -1                        20    -21       26

PRECIPITATION (IN)
  YESTERDAY        T             2.28 1998   0.09  -0.09     0.00
  MONTH TO DATE    0.86                      0.75   0.11     0.20
  SINCE DEC 1      3.05                      3.90  -0.85     2.64
  SINCE JAN 1      0.86                      0.75   0.11     0.20

DEGREE DAYS
 HEATING
  YESTERDAY       66                        45     21       39
  MONTH TO DATE  350                       356     -6      345
  SINCE DEC 1   1467                      1553    -86     1125
  SINCE JUL 1   2809                      3152   -343     2492

 COOLING
  YESTERDAY        0                         0      0        0
  MONTH TO DATE    0                         0      0        0
  SINCE DEC 1      0                         0      0        0
  SINCE JAN 1      0                         0      0        0
..................................................................


WIND (MPH)
  HIGHEST WIND SPEED    17   HIGHEST WIND DIRECTION    NW (320)
  HIGHEST GUST SPEED    21   HIGHEST GUST DIRECTION     W (270)
  AVERAGE WIND SPEED     5.7


SKY COVER
  AVERAGE SKY COVER 0.5


WEATHER CONDITIONS
 THE FOLLOWING WEATHER WAS RECORDED YESTERDAY.
  SNOW
  LIGHT SNOW
  FOG
  FOG W/VISIBILITY <= 1/4 MILE
  HAZE
  BLOWING SNOW


RELATIVE HUMIDITY (PERCENT)
 HIGHEST    96          1000 AM
 LOWEST     73          1200 PM
 AVERAGE    85

..........................................................


THE WATERTOWN NY CLIMATE NORMALS FOR TODAY
                         NORMAL    RECORD    YEAR
 MAXIMUM TEMPERATURE (F)   30        62      2008
 MINIMUM TEMPERATURE (F)   10       -36      1968


SUNRISE AND SUNSET
JANUARY  9 2017.......SUNRISE   738 AM EST   SUNSET   445 PM EST
JANUARY 10 2017.......SUNRISE   738 AM EST   SUNSET   446 PM EST


-  INDICATES NEGATIVE NUMBERS.
R  INDICATES RECORD WAS SET OR TIED.
MM INDICATES DATA IS MISSING.
T  INDICATES TRACE AMOUNT.




$$
